-- Table structure for table `members`
--

CREATE TABLE `members` (
  `id` bigint UNSIGNED NOT NULL,
  `created_by` bigint DEFAULT NULL,
  `business_area_id` bigint DEFAULT NULL,
  `account_number` varchar(8) CHARACTER SET utf8mb4 COLLATE utf8mb4_unicode_ci DEFAULT NULL,
  `name` varchar(50) CHARACTER SET utf8mb4 COLLATE utf8mb4_unicode_ci DEFAULT NULL,
  `business_name` varchar(50) CHARACTER SET utf8mb4 COLLATE utf8mb4_unicode_ci DEFAULT NULL,
  `leads_per_day` int DEFAULT NULL,
  `landline_number` int DEFAULT NULL,
  `mobile_number` varchar(11) CHARACTER SET utf8mb4 COLLATE utf8mb4_unicode_ci DEFAULT NULL,
  `second_mobile_number` varchar(11) CHARACTER SET utf8mb4 COLLATE utf8mb4_unicode_ci DEFAULT NULL,
  `business_address` text CHARACTER SET utf8mb4 COLLATE utf8mb4_unicode_ci,
  `business_address_line_two` text CHARACTER SET utf8mb4 COLLATE utf8mb4_unicode_ci,
  `business_post_code` varchar(10) CHARACTER SET utf8mb4 COLLATE utf8mb4_unicode_ci DEFAULT NULL,
  `business_district_code` varchar(10) CHARACTER SET utf8mb4 COLLATE utf8mb4_unicode_ci DEFAULT NULL,
  `business_area_code` varchar(2) CHARACTER SET utf8mb4 COLLATE utf8mb4_unicode_ci DEFAULT NULL,
  `company_name` varchar(50) CHARACTER SET utf8mb4 COLLATE utf8mb4_unicode_ci DEFAULT NULL,
  `company_number` varchar(11) CHARACTER SET utf8mb4 COLLATE utf8mb4_unicode_ci DEFAULT NULL,
  `company_vat_number` varchar(8) CHARACTER SET utf8mb4 COLLATE utf8mb4_unicode_ci DEFAULT NULL,
  `company_address` text CHARACTER SET utf8mb4 COLLATE utf8mb4_unicode_ci,
  `company_address_line_two` text CHARACTER SET utf8mb4 COLLATE utf8mb4_unicode_ci,
  `company_post_code` varchar(10) CHARACTER SET utf8mb4 COLLATE utf8mb4_unicode_ci NOT NULL,
  `person_significate_control` varchar(50) CHARACTER SET utf8mb4 COLLATE utf8mb4_unicode_ci NOT NULL,
  `psc_dob` date DEFAULT NULL,
  `psc_nin_number` varchar(10) COLLATE utf8mb4_unicode_ci DEFAULT NULL,
  `psc_home_address` text COLLATE utf8mb4_unicode_ci,
  `psc_home_address_line_two` text COLLATE utf8mb4_unicode_ci,
  `psc_post_code` varchar(10) COLLATE utf8mb4_unicode_ci DEFAULT NULL,
  `psc_mobile_number` varchar(20) COLLATE utf8mb4_unicode_ci DEFAULT NULL,
  `balance` varchar(20) CHARACTER SET utf8mb4 COLLATE utf8mb4_unicode_ci DEFAULT NULL,
  `minimum_account_balance` int DEFAULT NULL,
  `suspend_unsuspend_status` tinyint NOT NULL DEFAULT '0' COMMENT '0=>not suspended, 1 => suspended',
  `email` varchar(150) CHARACTER SET utf8mb4 COLLATE utf8mb4_unicode_ci NOT NULL,
  `password` varchar(100) CHARACTER SET utf8mb4 COLLATE utf8mb4_unicode_ci DEFAULT NULL,
  `mobile` varchar(16) CHARACTER SET utf8mb4 COLLATE utf8mb4_unicode_ci DEFAULT NULL,
  `forgot_password_token` varchar(255) CHARACTER SET utf8mb4 COLLATE utf8mb4_unicode_ci DEFAULT NULL,
  `profile_image` varchar(255) CHARACTER SET utf8mb4 COLLATE utf8mb4_unicode_ci DEFAULT NULL,
  `status` int NOT NULL DEFAULT '1',
  `reason_id` int DEFAULT NULL,
  `nature_id` int DEFAULT NULL COMMENT '1) Open => means all docs are provided\r\n2) Close => Suspended by admin, no lead will be sent to him, and not come in any reports of leads Deposit\r\n3) Temp => (means docs are pending)',
  `pause_unpause_status` tinyint NOT NULL DEFAULT '0' COMMENT '0=>unpause, 1=>pause',
  `permanent_active_action` tinyint(1) NOT NULL DEFAULT '0',
  `permanent_distribution_member` tinyint(1) NOT NULL DEFAULT '0',
  `stripe_customer_id` varchar(255) CHARACTER SET utf8mb4 COLLATE utf8mb4_unicode_ci DEFAULT NULL,
  `ip_address` varchar(15) CHARACTER SET utf8mb4 COLLATE utf8mb4_unicode_ci DEFAULT NULL,
  `additional_information` text CHARACTER SET utf8mb4 COLLATE utf8mb4_unicode_ci,
  `leads_recepiant_email_address` varchar(30) COLLATE utf8mb4_unicode_ci DEFAULT NULL,
  `message_recepiant_mobile_number` varchar(20) COLLATE utf8mb4_unicode_ci DEFAULT NULL,
  `remember_token` varchar(100) CHARACTER SET utf8mb4 COLLATE utf8mb4_unicode_ci DEFAULT NULL,
  `email_verified_at` timestamp NULL DEFAULT NULL,
  `api_token` varchar(255) CHARACTER SET utf8mb4 COLLATE utf8mb4_unicode_ci DEFAULT NULL,
  `device_id` varchar(20) CHARACTER SET utf8mb4 COLLATE utf8mb4_unicode_ci DEFAULT NULL,
  `device_type` varchar(10) CHARACTER SET utf8mb4 COLLATE utf8mb4_unicode_ci DEFAULT NULL,
  `terms_and_conditions_agreed` tinyint NOT NULL DEFAULT '0',
  `login_otp` varchar(15) CHARACTER SET utf8mb4 COLLATE utf8mb4_unicode_ci DEFAULT NULL,
  `is_pause_admin` tinyint NOT NULL DEFAULT '0',
  `created_at` timestamp NULL DEFAULT NULL,
  `updated_at` timestamp NULL DEFAULT NULL,
  `deleted_at` timestamp NULL DEFAULT NULL
) ENGINE=InnoDB DEFAULT CHARSET=utf8mb4 COLLATE=utf8mb4_unicode_ci;

--
-- Dumping data for table `members`
--

INSERT INTO `members` (`id`, `created_by`, `business_area_id`, `account_number`, `name`, `business_name`, `leads_per_day`, `landline_number`, `mobile_number`, `second_mobile_number`, `business_address`, `business_address_line_two`, `business_post_code`, `business_district_code`, `business_area_code`, `company_name`, `company_number`, `company_vat_number`, `company_address`, `company_address_line_two`, `company_post_code`, `person_significate_control`, `psc_dob`, `psc_nin_number`, `psc_home_address`, `psc_home_address_line_two`, `psc_post_code`, `psc_mobile_number`, `balance`, `minimum_account_balance`, `suspend_unsuspend_status`, `email`, `password`, `mobile`, `forgot_password_token`, `profile_image`, `status`, `reason_id`, `nature_id`, `pause_unpause_status`, `permanent_active_action`, `permanent_distribution_member`, `stripe_customer_id`, `ip_address`, `additional_information`, `leads_recepiant_email_address`, `message_recepiant_mobile_number`, `remember_token`, `email_verified_at`, `api_token`, `device_id`, `device_type`, `terms_and_conditions_agreed`, `login_otp`, `is_pause_admin`, `created_at`, `updated_at`, `deleted_at`) VALUES
(1, NULL, 1, NULL, 'Ronan Walters', 'Brianna Lloyd', NULL, NULL, '2147483647', '2147483647', 'Sit sint ut evenie', 'Eius dolorum ex iust', '12312312', '1231', '12', '', '', '', '', NULL, '', '', NULL, NULL, NULL, NULL, NULL, NULL, '20', 30, 0, 'bexunu@yopmail.com', 'Pa$$w0rd!', NULL, NULL, NULL, 0, 0, 0, 0, 0, 0, NULL, 'Soluta enim sit', NULL, NULL, NULL, NULL, NULL, NULL, NULL, NULL, 0, NULL, 0, '2025-01-29 07:17:56', '2025-06-18 10:06:03', NULL),
(2, NULL, 1, NULL, 'Ria Cooper', 'Ariana Mclaughlin', NULL, NULL, '2147483647', '2147483647', 'Fugit officiis vita', 'Consectetur anim sit', '78945612', '7894', '78', '', '', '', '', NULL, '', '', NULL, NULL, NULL, NULL, NULL, NULL, '1.0', 67, 0, 'tudanedu@yopmail.com', 'Pa$$w0rd!', NULL, NULL, NULL, 0, 7, 1, 1, 0, 1, NULL, NULL, NULL, NULL, NULL, NULL, NULL, NULL, NULL, NULL, 0, NULL, 0, '2025-01-30 00:55:50', '2025-06-18 10:06:03', NULL),
(3, NULL, 1, NULL, 'Ria Cooper', 'Ariana Mclaughlin', NULL, NULL, '21474836471', '21474836471', 'Fugit officiis vita', 'Consectetur anim sit', '78945612', '12312123', '78', 'comp', '12312312312', '', '123sadfsf', 'a daw d', '12312312', 'awdawdawd', NULL, NULL, NULL, NULL, NULL, NULL, '148', 67, 0, 'tudanedu@yopmail.com', 'Pa$$w0rd!', NULL, NULL, NULL, 1, 7, 1, 1, 0, 1, NULL, NULL, NULL, NULL, NULL, NULL, NULL, NULL, NULL, NULL, 0, NULL, 0, '2025-01-30 00:57:58', '2025-06-18 10:06:03', NULL),
(4, NULL, 1, '501001', 'Nicole Whitehead', 'Isabella Page', NULL, NULL, '88512312312', '13712312312', 'Culpa officiis ut et', 'Optio esse pariatu', '123123123', '123213123', '12', 'Martin Oneill Trading', '12321312312', '', 'Melendez Eaton Associates', 'Howe and Barton LLC', '12312123', 'Dolore consequuntur', NULL, NULL, NULL, NULL, NULL, NULL, '54', 78, 1, 'kuty@yopmail.com', 'Pa$$w0rd!', NULL, NULL, '1738222706_maxresdefault.jpg', 0, 2, 2, 1, 0, 0, NULL, NULL, NULL, NULL, NULL, NULL, NULL, NULL, NULL, NULL, 0, NULL, 0, '2025-01-30 01:51:04', '2025-06-18 10:06:03', NULL),
(5, NULL, 3, '501002', 'Jayme Olson', 'Robert Bush', 22, NULL, '12312312312', '12112312312', 'Sit hic aut atque e', 'Aspernatur doloribus', '12312312', '1231', 'B', 'Hull and Wiggins LLC', '1231231', '432443', 'Montgomery Kirkland Co', 'Brown Snow Traders', '12312312', 'Est voluptates conse', NULL, NULL, NULL, NULL, NULL, NULL, '58', 82, 0, 'nodadomuse@yopmail.com', '$2y$12$cM8CWl9D7CeU292Wjah3z.iBhPl4Pb5QPQyDPmeiz38Hwr2akL5KO', NULL, NULL, NULL, 1, 2, 3, 0, 0, 0, NULL, NULL, NULL, NULL, NULL, NULL, NULL, '319|NaXHrUVOoGXT1iNDIm545dPID6yOqGM96dIkJscM8e0620f1', NULL, NULL, 0, NULL, 0, '2025-01-30 05:51:57', '2025-06-18 10:06:03', NULL),
(6, NULL, 1, '501003', 'test', 'Gareth Pate', NULL, NULL, '29212312312', '47112321321', 'Occaecat Nam explica', 'Non et voluptates et', '12312312', '12312312', 'SN', 'Baldwin and Edwards LLC', '12312321312', '', 'Salinas and Mcknight LLC', 'Farmer and Walters Inc', '12312312', 'Quis aut ut maxime p', NULL, NULL, NULL, NULL, NULL, NULL, '176', 62, 1, 'vosy@yopmail.com', '$2y$12$y4Q32W60Fy3yUkAxtAHJguBPldhW6Q2TuX3Y8v5raUJDSti15bhmy', NULL, NULL, NULL, 0, 6, 2, 0, 0, 0, NULL, NULL, NULL, NULL, NULL, NULL, NULL, NULL, NULL, NULL, 0, NULL, 0, '2025-01-31 04:08:54', '2025-06-18 10:06:03', NULL),
(7, NULL, 11, '501004', 'Indigo Kelley', 'Ezekiel Berg', 211121, NULL, '44112321321', '97012312312', 'Incidunt voluptatem', 'Nisi aut voluptatibu', '12312312', '1231', 'SP', '456456', '45655644', '21212', 'Rosario Jarvis LLC', 'Castaneda and Winters Trading', '212112', 'Explicabo Vitae aut', NULL, NULL, NULL, NULL, NULL, NULL, '2147483992', 51, 1, 'refot@yopmail.com', '$2y$12$E9E0N6R9DDGw.yJ36N5nvORQmqS6OntlqP5b3Xe1x1iOa9ChGCfXO', NULL, NULL, NULL, 0, 6, 2, 0, 0, 0, NULL, NULL, NULL, NULL, NULL, NULL, NULL, NULL, NULL, NULL, 0, NULL, 0, '2025-01-31 05:34:50', '2025-06-18 10:06:03', NULL),
(8, NULL, 7, '501005', 'testfinal', 'gama', 3, NULL, '29212312312', '90909990090', 'Airlie Beach QLD, Austral', 'xys', '12345333', '1231', 'BT', 'emp123', '344444', '3333', 'Airlie Beach QLD, Australia', 'address', '12345222', 'alpha', NULL, NULL, NULL, NULL, NULL, NULL, '10020', 22, 0, 'test890@yopmail.com', '$2y$12$2p3XkbRwNXIqS/HEqPIOmeNCMYpeAXazty1DF.Qfd1xN1xUTU3kQ6', NULL, NULL, NULL, 1, 1, 1, 1, 0, 0, NULL, NULL, NULL, NULL, NULL, NULL, NULL, '395|bVK7NmiQOLhh5pPmMcRgfABNPX5zpyns7HDxDlSy83cd0fc6', NULL, NULL, 0, '489968', 0, '2025-01-31 05:46:34', '2025-06-18 10:06:03', NULL),
(9, NULL, 3, '502001', 'Dillon Anderson', 'Raya Waters', 7, NULL, '92055555555', '92055555555', 'Consequat Eos vero', 'Modi sit quisquam en', 'Vero vol', 'Fac', 'B', 'Hyde', '78978979', '432443', 'Stevenson and Kirkland Traders', 'Sanford and James Co', 'Armstro', 'Aut in eligendi dele', NULL, NULL, NULL, NULL, NULL, NULL, '23', 2, 0, 'pefi@yopmail.com', '$2y$12$TDNL0UbPCcs9wMlTqLXk7../LWl1I5NDUcAinGoN1qf0uegqBYhuu', NULL, NULL, NULL, 1, 1, 2, 1, 0, 0, NULL, NULL, NULL, NULL, NULL, NULL, NULL, '197|aDBXLnMeWwhH5wqhmlaMkqQjek096msqWFZhXMs9e08ae70e', NULL, NULL, 0, NULL, 0, '2025-01-31 23:53:34', '2025-06-18 10:06:03', NULL),
(10, NULL, 3, '502002', 'thompson', 'thompson', 22, NULL, '08952863141', '78945612321', 'address test', NULL, '789456', '7894', 'B', 'name test', '123123', '344344', '1212x12xd', NULL, '123123', 'thompson', NULL, NULL, NULL, NULL, NULL, NULL, '3101', 12, 1, 'thompson@yopmail.com', '$2y$12$YLND/897WAFgtzi.VnXNv.0GLkP8rJFxm01QNvg7D95mpJSARWv9O', NULL, NULL, '1740141581_Video-20250217_092831-Meeting Recording.mp4', 1, 6, 1, 1, 0, 0, NULL, NULL, NULL, NULL, NULL, NULL, NULL, '478|58GCNFcVJrLgPtmToaxhvWBDYqLbTngj5qaYpsg6e302107a', NULL, NULL, 0, '589947', 0, '2025-02-03 06:57:40', '2025-06-18 10:06:03', NULL),
(12, NULL, 3, '502004', 'Berk Burnett', 'Kitra Ballard2', 66, NULL, '98765432101', '98765432101', 'Ab cupiditate maxime', 'Nihil temporibus inc', '5251254', 'jk56', 'B', 'Dotsquares', '545644', '123', 'Dotsquares, Birmingham', 'Fry and York Associates', 'Acevedo', 'Aut tempore duis du', NULL, NULL, NULL, NULL, NULL, NULL, '366.9', 3, 0, 'furapaham@yopmail.com', '$2y$12$t9qFJ2WxUqcC5oIpHXCWde7QiUgDigWyo0wADO.ut4Gp0qSXuub9m', NULL, NULL, NULL, 0, 1, 1, 0, 0, 1, NULL, NULL, NULL, NULL, NULL, NULL, NULL, '579|ww7vkIdbUlu1By4FMWpX528NkpjGaZdPf1Vvcy8b751f0a0e', NULL, NULL, 0, '257263', 0, '2025-02-04 02:13:16', '2025-06-18 10:06:03', NULL),
(19, NULL, 16, '503001', NULL, 'test user', 20, NULL, '78945612304', '35978945621', 'Ab laboriosam dolor', 'Qui enim aliquam et', '789456', '7894', 'CF', 'test company', '789564', '123', 'Casey and Green Traders', 'Pacheco Coffey LLC', '123123', 'demo member', '1950-01-13', '01231', 'sdfsdf', NULL, 'sfsdfsdf', '04564649845', '989391', 58, 0, 'testuser23@yopmail.com', '$2y$12$H/hjEXrpMrUK8BL9CeiFbOBW1X6kj2lA2C0GDSPL6RVfgVfHdFQRq', NULL, NULL, NULL, 0, 5, 1, 1, 0, 1, NULL, NULL, 'awdawd', 'sdfsfd@hot.com', '01234567890', NULL, NULL, '841|ERa2KNqgsrFSNhYp5qjrQzO1TyEb9RaP4tkuRHRR0be68cd8', '1122', 'iOS', 1, '698558', 1, '2025-03-11 01:30:05', '2025-07-24 06:07:25', NULL),
(20, NULL, 12, '503002', NULL, 'TestUser Business N', 11, NULL, '54654365466', '54654365466', 'TestUser Business  Add', 'TestUser Business  Add2', 'AB546454', 'AB56', 'BA', 'TestUser Comp', '65765756', '65756475', 'TestUser Comp Add', 'TestUser Comp Add2', '5675665', 'TestUser', NULL, NULL, NULL, NULL, NULL, NULL, '134', 54, 0, 'TestUser@yopmail.com', '$2y$12$sRvt8IaSK8JynBqjWGmhkO8Ti7dir1szES0lYEfpA41WzHdJXIkUK', NULL, NULL, '1742819851_vector-users-icon.jpg', 1, NULL, 1, 0, 0, 1, NULL, NULL, NULL, NULL, NULL, NULL, NULL, '202|Q252JW6KoKmYizQp2tN4f6lXOUZHZDdqov0ZIIRDb17a21f2', '1122', NULL, 0, NULL, 0, '2025-03-24 12:37:31', '2025-07-10 13:38:39', NULL),
(21, NULL, NULL, '503003', NULL, 'TestUser Business N', NULL, NULL, '54654365466', '54654365466', 'TestUser Business  Add', 'TestUser Business  Add2', 'AB546454', 'AB56', 'BA', 'TestUser Comp', '65765756', '65756475', 'TestUser Comp Add', 'TestUser Comp Add2', '5675665', 'TestUser', NULL, NULL, NULL, NULL, NULL, NULL, '49', 54, 0, 'TestUser@yopmail.com', '$2y$12$V68Og0010BH.KCEFLKLR4ulaVQxxabmc89IiMMrhBdoC.tAQlYYji', NULL, NULL, '1742819899_vector-users-icon.jpg', 1, 5, 1, 0, 0, 1, NULL, NULL, NULL, NULL, NULL, NULL, NULL, NULL, NULL, NULL, 0, NULL, 0, '2025-03-24 12:38:19', '2025-06-18 10:06:03', NULL),
(22, NULL, NULL, '503004', NULL, 'awdawd', 13, NULL, '23123123123', '23123123123', 'adadawdcawdada', 'dawdawdawdaww', 'dawdawd', '123', 'AL', 'hello', '12312312', '123', 'jhhad', 'jhjhh', '322014', 'awdad', NULL, NULL, NULL, NULL, NULL, NULL, '10', 78, 0, 'rests@yopmail.com', '$2y$12$QV/U8O0Iaz5dYIUNV4HJtuF6hl0Z3lXY/aKhtVkRfbybkuFUbqdMK', NULL, NULL, NULL, 1, NULL, 1, 1, 0, 0, NULL, NULL, NULL, NULL, NULL, NULL, NULL, '458|lpJtSbacLCaM3Mg92IlQquZDgp9jXRGSlXTOHqXT3fe1c879', NULL, NULL, 0, '346433', 0, '2025-03-25 09:07:43', '2025-06-18 10:06:03', NULL),
(23, 13, 14, '503005', NULL, 'TestUser Business N', 43, NULL, '54654365466', '54654365466', 'TestUser Business  Add', 'TestUser Business  Add2', 'AB546454', 'AB56', 'CA', 'TestUser Comp', '65765756', '65756475', 'TestUser Comp Add', 'TestUser Comp Add2', '5675665', 'TestUser', NULL, NULL, NULL, NULL, NULL, NULL, '13', 34, 0, 'test1@yopmail.com', '$2y$12$YMbnhRFwhX1jjm7OAMdjF.r09QMI8VNPb7FRfwkFKcSdreWRxN4Xy', NULL, NULL, NULL, 1, 7, 1, 0, 0, 1, NULL, NULL, NULL, NULL, NULL, NULL, NULL, '206|vZNPZmsJniU58EHfVROZN47ekHkV8YrAdWPegMzI4997e2e5', NULL, NULL, 0, NULL, 0, '2025-03-25 13:35:31', '2025-07-10 13:38:41', NULL),
(24, 20, 8, '503006', NULL, 'gama', 22, NULL, '09009009000', '09009009000', 'Airlie Beach QLD, Australia', 'WRF8+J7 Jatapur, Madhya Pradesh, India', '333333', '3333', 'BT', 'gt infratech', '344444', '432443', '123 kingdome', NULL, '123453', 'alpha', NULL, NULL, NULL, NULL, NULL, NULL, '820', NULL, 0, 'test890ss@yopmail.com', '$2y$12$1xFn1NK0cjbdvxrIw7pHSup8IMD5cl/NUbweo9QXV8.Qodyw5yghe', NULL, NULL, NULL, 1, NULL, NULL, 0, 0, 0, NULL, NULL, NULL, NULL, NULL, NULL, NULL, NULL, NULL, NULL, 0, NULL, 0, '2025-03-25 13:51:35', '2025-06-18 10:06:03', NULL),
(25, 20, 1, '503007', NULL, 'ecommerce', 5, NULL, '07869164604', '07869164604', 'TA10 0AD Lower Wiltown, Langport', '(F D Smith), Hobhole Bank', 'PE22 9RT', '4444', 'AB', 'ecommerce', '1234444', '44444444', 'TA10 0AD Lower Wiltown, Langport', '(F D Smith), Hobhole Bank', 'PE22 9RT', 'alpha', NULL, NULL, NULL, NULL, NULL, NULL, '66', 11, 1, 'skt1@yopmail.com', '$2y$12$d9rgjHZ2j99ehZo1epRWUOxdvDb5l7Ny9.ID42sZEkR0zz5GHLNmW', NULL, NULL, NULL, 1, NULL, NULL, 0, 0, 0, NULL, NULL, NULL, NULL, NULL, NULL, NULL, '324|5gPIkjVtQeQiUFueZJrynFVecXSWhXmui4B6B909268474d0', NULL, NULL, 0, NULL, 0, '2025-03-31 08:10:47', '2025-06-18 10:06:03', NULL),
(26, 12, 2, '504001', NULL, 'gama', NULL, NULL, '09009009000', '09009009000', 'Airlie Beach QLD, Australia', 'WRF8+J7 Jatapur, Madhya Pradesh, India', '000000', 'thes', 'AL', '`', '3444444', '222', 'india', NULL, '122222', 'test', NULL, NULL, NULL, NULL, NULL, NULL, '222', NULL, 0, 'test890@yopemail.com', '$2y$12$/6Z8/HlS9DDXtEcoccHrVOuEm8PKt127BHmLb/9WX6iClCHgO0fqK', NULL, NULL, NULL, 1, NULL, NULL, 0, 0, 0, NULL, NULL, NULL, NULL, NULL, NULL, NULL, NULL, NULL, NULL, 0, NULL, 0, '2025-04-01 08:57:06', '2025-06-18 10:06:03', NULL),
(27, 13, 1, '504002', NULL, 'test raja', 40, NULL, '97979797888', '88888888888', 'Airlie Beach QLD, Australia', 'WRF8+J7 Jatapur, Madhya Pradesh, India', '5251254', '1231', 'AB', 'emp1232', '3444444', '432443', 'Airlie Beach QLD, Australia', 'WRF8+J7 Jatapur, Madhya Pradesh, India', '5251254', 'test final2', NULL, NULL, NULL, NULL, NULL, NULL, '317', 22, 0, 'testfinal23@yopmail.com', '$2y$12$TzcCJ34LvXb2d7qIRkjgyuW9wnB0fdYfDcoZZNk8wFov8cRXzPtl.', NULL, NULL, NULL, 1, 7, 1, 1, 0, 1, NULL, NULL, NULL, NULL, NULL, NULL, NULL, '480|xQzprEZxc4OadGWQeLIEBb7WCH6CNzP0rjTNAo8zb5028797', NULL, NULL, 0, '536774', 0, '2025-04-01 12:09:03', '2025-06-18 10:06:03', NULL),
(28, 13, 34, '504003', NULL, 'Shelby Mcfarland', 45, NULL, '30130130123', '98834343433', 'Aut irure non qui ma', 'Sapiente dolore aliq', '4343434', '3434', 'OX', 'dxfds  sdf sdfs', '535354', '45454', 'Lane Hogan Co', 'Hahn and Levine Co', '45454545', 'Quia fuga Fuga Est', NULL, NULL, NULL, NULL, NULL, NULL, '73', 17, 0, 'cozahoga@yopmail.com', '$2y$12$i746wDXj0E6Ts5aX/cBqFeDhja37fJwHCY4sFThO4F3xyi.4ehDDG', NULL, NULL, NULL, 1, NULL, 1, 0, 0, 1, NULL, NULL, 'Filler text is text that shares some characteristics of a real written text, but is random or otherwise generated. It may be used to display a sample of fonts, generate text for testing, or to spoof an e-mail spam filter.', NULL, NULL, NULL, NULL, '529|Ox9hb6SsXID4AmbIw4knyoeFpy4RRHvvGj80kjkEc4833a6d', NULL, NULL, 0, '887145', 0, '2025-04-01 12:19:21', '2025-06-18 10:06:03', NULL),
(29, 11, 3, '504004', NULL, 'gama', 44, NULL, '09009009000', '09009009000', 'Airlie Beach QLD, Australia', 'WRF8+J7 Jatapur, Madhya Pradesh, India', 'B12345', 'eeee', 'B', 'emp1232', '3333333', '432443', '123 kingdome', 'WRF8+J7 Jatapur, Madhya Pradesh, India', '1234556', 'testsales', NULL, NULL, NULL, NULL, NULL, NULL, '444', NULL, 0, 'test8940@yopmail.com', '$2y$12$LYfO8fwaNj5LA2Rtm6/VEuELYATX3hobraQEYjakb.rcTeu1GYSUC', NULL, NULL, NULL, 1, NULL, NULL, 0, 0, 0, NULL, NULL, NULL, NULL, NULL, NULL, NULL, NULL, NULL, NULL, 0, NULL, 0, '2025-04-02 09:46:56', '2025-06-18 10:06:03', NULL),
(30, 11, 13, '504005', NULL, 'ecommerce', 111, NULL, '01234567895', '11111111111', 'TA10 0AD Lower Wiltown, Langport', '(F D Smith), Hobhole Bank', 'PE22 9RT', 'eco', 'CA', 'ecommerce', '111111', '11111', 'TA10 0AD Lower Wiltown, Langport', '(F D Smith), Hobhole Bank', 'PE22 9RT', 'Explicabo Vitae aut', NULL, NULL, NULL, NULL, NULL, NULL, '111', 111, 0, 'skt133@yopmail.com', '$2y$12$hvm7y87U0r04GPDwD4v73eR/q6BlNJTLT/sZlgFGC1KbXehG3f/By', NULL, NULL, NULL, 1, NULL, NULL, 0, 0, 0, NULL, NULL, NULL, NULL, NULL, NULL, NULL, NULL, NULL, NULL, 0, NULL, 0, '2025-04-02 10:11:14', '2025-06-18 10:06:03', NULL),
(31, 1, 14, '504006', NULL, 'singh', 1, NULL, '09009009000', '09009009000', 'Airlie Beach QLD, Australia', 'WRF8+J7 Jatapur, Madhya Pradesh, India', '1234533', '1231', 'CF', 'emp1232', '34444444', '432443', '123 kingdome', NULL, '123450-', 'alpha', NULL, NULL, NULL, NULL, NULL, NULL, '493642', 66, 0, 'terst890@yopmail.com', '$2y$12$x5PJUCftEptscyE.vaf2revYMNdLdhl2ogW0oH7P4vnJ/JrZOqPTu', NULL, NULL, NULL, 1, 1, NULL, 1, 0, 1, NULL, NULL, NULL, NULL, NULL, NULL, NULL, '396|m1XccnV0FrLSKHtNSjQCSEtonezplqrFFdXkSPLo2a5d69c2', NULL, NULL, 0, '281921', 0, '2025-04-03 11:10:22', '2025-06-18 10:06:03', NULL),
(32, 31, 13, '504007', NULL, 'partner', 44, NULL, '88080808080', '88080808080', 'frffr', 'rfrf', 'rffrrfrf', 'rtrt', 'RG', 'rrrr', '5455555', '54535', 'gryy', NULL, '4535435', 'the king2', NULL, NULL, NULL, NULL, NULL, NULL, '56', NULL, 0, 'skt12@yopmail.com', '$2y$12$pvTZvOXsHAaZR6f2r.lE7.04vRjtZAmgEq18aYOkUwRuQttUzc9v.', NULL, NULL, '1747926424_WhatsApp Image 2025-05-07 at 16.40.54_fba1f894.jpg', 1, NULL, NULL, 0, 0, 0, NULL, NULL, NULL, NULL, NULL, NULL, NULL, NULL, NULL, NULL, 0, NULL, 0, '2025-04-04 09:14:32', '2025-06-18 10:06:03', NULL),
(33, 1, 52, '504008', NULL, 'McKenzie Middleton', 17, NULL, '24878798789', '93939832939', 'Illum laboriosam i', 'Vitae eiusmod offici', '123123', '1231', 'SR', 'French Dickson 12312', '12312123', '123', 'Carr and Garcia Co', 'Mcneil and Hodges LLC', '123123', 'Voluptas proident f', NULL, NULL, NULL, NULL, NULL, NULL, '912', 4, 0, 'saxyqil@yopmail.com', '$2y$12$C1HozLO9o2KwZuScZM4Td./iHPJr/eXmCVoJTbjy.BkH.gfxmHAdK', NULL, NULL, '1747926212_WhatsApp Image 2025-05-07 at 16.40.54_3640db09.jpg', 0, 6, 1, 1, 0, 0, NULL, NULL, NULL, NULL, NULL, NULL, NULL, NULL, NULL, NULL, 0, NULL, 0, '2025-04-04 11:32:08', '2025-06-18 10:06:03', NULL),
(34, 13, 34, '504009', NULL, 'Shelby Mcfarland', 21, NULL, '30130130123', '98834343433', 'Aut irure non qui ma', 'Sapiente dolore aliq', '4343434', '3434', 'OX', 'dxfds  sdf sdfs', '535354', '45454', 'Lane Hogan Co', 'Hahn and Levine Co', '45454545', 'Quia fuga Fuga Est', NULL, NULL, NULL, NULL, NULL, NULL, '73', 17, 0, 'devpallavi@yopmail.com', '$2y$12$i746wDXj0E6Ts5aX/cBqFeDhja37fJwHCY4sFThO4F3xyi.4ehDDG', NULL, NULL, NULL, 1, NULL, 1, 1, 0, 1, NULL, NULL, NULL, NULL, NULL, NULL, NULL, '415|LoFZeEXbpJ15cWTrixQv3YI2Jscsn0wAdiCLe0BB7e8142c7', NULL, NULL, 0, '887145', 0, '2025-04-01 12:19:21', '2025-06-18 10:06:03', NULL),
(35, 1, 3, '504010', NULL, 'test kingdom', 33, NULL, '09009009000', '09009009000', 'Airlie Beach QLD, Australia', 'WRF8+J7 Jatapur, Madhya Pradesh, India', '97979797', '7894', 'B', 'emp1232', '34444444', '432443', 'Airlie Beach QLD, Australia', 'WRF8+J7 Jatapur, Madhya Pradesh, India', '000000', 'member 56', NULL, NULL, NULL, NULL, NULL, NULL, '333', NULL, 0, 'testkingdom12@yopmail.com', '$2y$12$BArsXp3gLASsRaSX3b5shuT66aN6xEPrrsOFQG62pI2KhAA6m4G.C', NULL, NULL, NULL, 0, NULL, NULL, 1, 0, 0, NULL, NULL, NULL, NULL, NULL, NULL, NULL, '796|mRnqosXOF3O9sZkNPQIid98Dsaa05tAPw1y9DXrN8dfc7896', NULL, NULL, 1, NULL, 0, '2025-04-07 09:51:21', '2025-07-08 04:35:09', NULL),
(36, 1, 3, '504011', NULL, 'test kingdom', 33, NULL, '09009009000', '09009009000', 'Airlie Beach QLD, Australia', 'WRF8+J7 Jatapur, Madhya Pradesh, India', '97979797', '7894', 'B', 'emp1232', '34444444', '432443', 'Airlie Beach QLD, Australia', 'WRF8+J7 Jatapur, Madhya Pradesh, India', '000000', 'member 56', NULL, NULL, NULL, NULL, NULL, NULL, '333', NULL, 0, 'testkingdom122@yopmail.com', '$2y$12$CUIO6b0QVthYAFc78PGtV.MsZK5QWhdlWIjUDXGUJyZQs3A2AfXRS', NULL, NULL, NULL, 1, NULL, NULL, 0, 0, 0, NULL, NULL, NULL, NULL, NULL, NULL, NULL, NULL, NULL, NULL, 0, NULL, 0, '2025-04-07 09:54:24', '2025-06-18 10:06:03', NULL),
(37, 1, 6, '505001', NULL, 'Lyle Reilly', 3, NULL, '37578945612', '74898797989', 'Quasi dolor qui at c', 'Reprehenderit ullamc', '787989', '7788', 'BD', 'Hensley Holland Inc', '7875454', '784561', 'Knowles and Dunn LLC', 'Lopez Shelton Plc', '787945', 'Cupidatat ut consequ', NULL, NULL, NULL, NULL, NULL, NULL, '67', 33, 0, 'hugaquwe@mailinator.com', '$2y$12$FzHLVYmqNq8kaOk4KHLAr.v3k69n4yuB4Au./6HBlhHsa5mPW1OF2', NULL, NULL, NULL, 1, NULL, 3, 0, 0, 0, NULL, NULL, NULL, NULL, NULL, NULL, NULL, NULL, NULL, NULL, 0, NULL, 0, '2025-05-13 23:50:55', '2025-06-18 10:06:03', NULL);

-- --------------------------------------------------------

--
-- Table structure for table `member_action_logs`
--

CREATE TABLE `member_action_logs` (
  `id` int NOT NULL,
  `member_id` bigint NOT NULL,
  `action` enum('PA','UA','SA','US','PM','ZB','SP','PS') CHARACTER SET utf8mb4 COLLATE utf8mb4_unicode_ci NOT NULL COMMENT '''PA''->pause by admin,''PM''->pause by member,''ZB''->zero balance,''SP''->suspended,''PC''->password change',
  `created_at` timestamp NOT NULL,
  `updated_at` timestamp NOT NULL
) ENGINE=InnoDB DEFAULT CHARSET=utf8mb4 COLLATE=utf8mb4_unicode_ci;

--
-- Dumping data for table `member_action_logs`
--

INSERT INTO `member_action_logs` (`id`, `member_id`, `action`, `created_at`, `updated_at`) VALUES
(1, 33, 'UA', '2025-05-15 09:13:11', '2025-05-15 09:13:11'),
(2, 33, 'PA', '2025-05-15 09:13:42', '2025-05-15 09:13:42'),
(3, 33, 'US', '2025-05-15 09:13:42', '2025-05-15 09:13:42'),
(4, 33, 'UA', '2025-05-15 09:13:50', '2025-05-15 09:13:50'),
(5, 33, 'PA', '2025-05-15 09:13:57', '2025-05-15 09:13:57'),
(6, 33, 'UA', '2025-05-15 09:16:38', '2025-05-15 09:16:38'),
(7, 33, 'PA', '2025-05-15 09:58:42', '2025-05-15 09:58:42'),
(8, 19, 'PA', '2025-07-22 09:04:50', '2025-07-22 09:04:50'),
(9, 19, 'PA', '2025-07-23 08:09:40', '2025-07-23 08:09:40');

-- --------------------------------------------------------

--
-- Table structure for table `member_activity_logs`
--

CREATE TABLE `member_activity_logs` (
  `id` int NOT NULL,
  `member_id` bigint NOT NULL,
  `action` tinyint NOT NULL DEFAULT '1' COMMENT '1=>login,0=>logout ',
  `created_at` timestamp NOT NULL,
  `updated_at` timestamp NOT NULL
) ENGINE=InnoDB DEFAULT CHARSET=utf8mb4 COLLATE=utf8mb4_unicode_ci;

--
-- Dumping data for table `member_activity_logs`
--

INSERT INTO `member_activity_logs` (`id`, `member_id`, `action`, `created_at`, `updated_at`) VALUES
(6, 19, 1, '2025-05-12 04:13:10', '2025-05-12 04:13:10'),
(7, 19, 0, '2025-05-12 04:13:13', '2025-05-12 04:13:13'),
(8, 19, 1, '2025-05-12 04:16:01', '2025-05-12 04:16:01'),
(9, 19, 0, '2025-05-12 04:16:11', '2025-05-12 04:16:11'),
(10, 19, 1, '2025-05-13 00:08:00', '2025-05-13 00:08:00'),
(11, 19, 1, '2025-05-15 08:25:26', '2025-05-15 08:25:26'),
(12, 19, 1, '2025-05-16 00:09:20', '2025-05-16 00:09:20'),
(13, 19, 1, '2025-05-19 01:56:38', '2025-05-19 01:56:38'),
(14, 19, 1, '2025-05-19 04:42:43', '2025-05-19 04:42:43'),
(15, 19, 1, '2025-05-19 04:45:37', '2025-05-19 04:45:37'),
(16, 19, 1, '2025-05-19 04:46:19', '2025-05-19 04:46:19'),
(17, 19, 1, '2025-05-19 04:47:19', '2025-05-19 04:47:19'),
(18, 19, 1, '2025-05-19 04:48:14', '2025-05-19 04:48:14'),
(19, 19, 1, '2025-05-19 04:49:16', '2025-05-19 04:49:16'),
(20, 19, 1, '2025-05-19 04:50:33', '2025-05-19 04:50:33'),
(21, 19, 1, '2025-05-19 04:51:32', '2025-05-19 04:51:32'),
(22, 19, 1, '2025-05-19 04:53:06', '2025-05-19 04:53:06'),
(23, 19, 1, '2025-05-19 04:53:28', '2025-05-19 04:53:28'),
(24, 19, 1, '2025-05-19 04:54:09', '2025-05-19 04:54:09'),
(25, 19, 1, '2025-05-20 03:44:35', '2025-05-20 03:44:35'),
(26, 19, 1, '2025-05-20 04:31:15', '2025-05-20 04:31:15'),
(27, 19, 1, '2025-05-20 04:42:12', '2025-05-20 04:42:12'),
(28, 19, 1, '2025-05-20 06:34:49', '2025-05-20 06:34:49'),
(29, 19, 1, '2025-05-20 07:19:48', '2025-05-20 07:19:48'),
(30, 19, 1, '2025-05-20 15:56:16', '2025-05-20 15:56:16'),
(31, 19, 1, '2025-05-21 06:08:48', '2025-05-21 06:08:48'),
(32, 19, 1, '2025-05-21 07:27:51', '2025-05-21 07:27:51'),
(33, 19, 1, '2025-05-21 07:39:09', '2025-05-21 07:39:09'),
(34, 19, 1, '2025-05-21 07:49:16', '2025-05-21 07:49:16'),
(35, 19, 1, '2025-05-21 07:50:52', '2025-05-21 07:50:52'),
(36, 19, 1, '2025-05-21 07:51:02', '2025-05-21 07:51:02'),
(37, 19, 1, '2025-05-21 07:53:31', '2025-05-21 07:53:31'),
(38, 19, 1, '2025-05-21 07:59:33', '2025-05-21 07:59:33'),
(39, 19, 1, '2025-05-21 09:27:20', '2025-05-21 09:27:20'),
(40, 19, 1, '2025-05-21 10:10:32', '2025-05-21 10:10:32'),
(41, 19, 1, '2025-05-21 11:04:28', '2025-05-21 11:04:28'),
(42, 19, 1, '2025-05-21 12:31:26', '2025-05-21 12:31:26'),
(43, 19, 1, '2025-05-22 06:49:02', '2025-05-22 06:49:02'),
(44, 19, 1, '2025-05-22 08:58:54', '2025-05-22 08:58:54'),
(45, 19, 1, '2025-05-22 11:21:31', '2025-05-22 11:21:31'),
(46, 19, 1, '2025-05-22 12:33:21', '2025-05-22 12:33:21'),
(47, 19, 1, '2025-05-22 15:36:27', '2025-05-22 15:36:27'),
(48, 19, 1, '2025-05-23 06:03:10', '2025-05-23 06:03:10'),
(49, 19, 1, '2025-05-24 04:42:05', '2025-05-24 04:42:05'),
(50, 19, 1, '2025-05-26 04:37:39', '2025-05-26 04:37:39'),
(51, 19, 1, '2025-05-26 08:21:46', '2025-05-26 08:21:46'),
(52, 19, 1, '2025-05-26 10:08:36', '2025-05-26 10:08:36'),
(53, 19, 1, '2025-05-26 12:19:55', '2025-05-26 12:19:55'),
(54, 19, 1, '2025-05-27 05:52:46', '2025-05-27 05:52:46'),
(55, 19, 1, '2025-05-27 07:06:13', '2025-05-27 07:06:13'),
(56, 19, 1, '2025-05-27 09:04:28', '2025-05-27 09:04:28'),
(57, 19, 1, '2025-05-28 06:50:57', '2025-05-28 06:50:57'),
(58, 19, 0, '2025-05-28 08:33:57', '2025-05-28 08:33:57'),
(59, 19, 1, '2025-05-28 08:46:47', '2025-05-28 08:46:47'),
(60, 19, 1, '2025-05-28 09:52:05', '2025-05-28 09:52:05'),
(61, 19, 1, '2025-05-28 12:28:15', '2025-05-28 12:28:15'),
(62, 19, 1, '2025-05-28 12:29:12', '2025-05-28 12:29:12'),
(63, 19, 1, '2025-05-28 12:29:54', '2025-05-28 12:29:54'),
(64, 19, 0, '2025-05-28 12:39:02', '2025-05-28 12:39:02'),
(65, 19, 1, '2025-05-28 12:39:06', '2025-05-28 12:39:06'),
(66, 19, 1, '2025-05-28 13:19:04', '2025-05-28 13:19:04'),
(67, 19, 1, '2025-05-28 13:51:05', '2025-05-28 13:51:05'),
(68, 19, 1, '2025-05-28 14:29:07', '2025-05-28 14:29:07'),
(69, 19, 0, '2025-05-29 05:50:22', '2025-05-29 05:50:22'),
(70, 19, 1, '2025-05-29 06:23:12', '2025-05-29 06:23:12'),
(71, 19, 1, '2025-05-29 06:41:47', '2025-05-29 06:41:47'),
(72, 35, 1, '2025-05-29 08:20:12', '2025-05-29 08:20:12'),
(73, 19, 1, '2025-05-29 09:54:52', '2025-05-29 09:54:52'),
(74, 19, 1, '2025-05-29 10:52:03', '2025-05-29 10:52:03'),
(75, 19, 1, '2025-05-29 12:15:06', '2025-05-29 12:15:06'),
(76, 19, 1, '2025-05-29 14:07:16', '2025-05-29 14:07:16'),
(77, 19, 1, '2025-05-29 14:07:49', '2025-05-29 14:07:49'),
(78, 35, 1, '2025-05-29 14:10:55', '2025-05-29 14:10:55'),
(79, 19, 1, '2025-05-29 14:11:14', '2025-05-29 14:11:14'),
(80, 35, 1, '2025-05-29 14:13:30', '2025-05-29 14:13:30'),
(81, 19, 1, '2025-05-29 14:18:21', '2025-05-29 14:18:21'),
(82, 19, 1, '2025-05-29 15:14:06', '2025-05-29 15:14:06'),
(83, 19, 1, '2025-05-29 15:16:40', '2025-05-29 15:16:40'),
(84, 19, 1, '2025-05-29 15:49:07', '2025-05-29 15:49:07'),
(85, 19, 1, '2025-05-30 06:15:13', '2025-05-30 06:15:13'),
(86, 19, 1, '2025-05-30 08:12:29', '2025-05-30 08:12:29'),
(87, 19, 1, '2025-06-01 06:45:38', '2025-06-01 06:45:38'),
(88, 19, 1, '2025-06-02 05:04:27', '2025-06-02 05:04:27'),
(89, 19, 1, '2025-06-02 12:00:53', '2025-06-02 12:00:53'),
(90, 19, 1, '2025-06-06 11:16:12', '2025-06-06 11:16:12'),
(91, 19, 0, '2025-06-06 11:17:47', '2025-06-06 11:17:47'),
(92, 19, 1, '2025-06-06 11:17:53', '2025-06-06 11:17:53'),
(93, 19, 1, '2025-06-07 09:52:42', '2025-06-07 09:52:42'),
(94, 19, 1, '2025-06-07 10:35:02', '2025-06-07 10:35:02'),
(95, 19, 1, '2025-06-10 13:38:38', '2025-06-10 13:38:38'),
(96, 19, 1, '2025-06-11 04:32:03', '2025-06-11 04:32:03'),
(97, 19, 1, '2025-06-11 05:02:56', '2025-06-11 05:02:56'),
(98, 19, 1, '2025-06-11 05:59:05', '2025-06-11 05:59:05'),
(99, 19, 1, '2025-06-11 06:20:45', '2025-06-11 06:20:45'),
(100, 19, 1, '2025-06-11 06:22:31', '2025-06-11 06:22:31'),
(101, 19, 0, '2025-06-11 11:17:39', '2025-06-11 11:17:39'),
(102, 19, 1, '2025-06-11 11:17:44', '2025-06-11 11:17:44'),
(103, 19, 1, '2025-06-11 13:41:28', '2025-06-11 13:41:28'),
(104, 19, 1, '2025-06-11 14:19:09', '2025-06-11 14:19:09'),
(105, 19, 1, '2025-06-12 04:14:57', '2025-06-12 04:14:57'),
(106, 19, 1, '2025-06-12 05:24:46', '2025-06-12 05:24:46'),
(107, 19, 1, '2025-06-12 05:39:03', '2025-06-12 05:39:03'),
(108, 35, 1, '2025-06-12 05:54:32', '2025-06-12 05:54:32'),
(109, 35, 0, '2025-06-12 05:54:52', '2025-06-12 05:54:52'),
(110, 19, 1, '2025-06-12 05:54:59', '2025-06-12 05:54:59'),
(111, 19, 1, '2025-06-12 08:42:52', '2025-06-12 08:42:52'),
(112, 19, 1, '2025-06-12 08:59:13', '2025-06-12 08:59:13'),
(113, 19, 1, '2025-06-12 09:13:12', '2025-06-12 09:13:12'),
(114, 19, 1, '2025-06-12 11:17:58', '2025-06-12 11:17:58'),
(115, 19, 1, '2025-06-12 15:13:27', '2025-06-12 15:13:27'),
(116, 19, 1, '2025-06-12 15:15:19', '2025-06-12 15:15:19'),
(117, 19, 1, '2025-06-12 15:16:30', '2025-06-12 15:16:30'),
(118, 19, 1, '2025-06-13 04:04:10', '2025-06-13 04:04:10'),
(119, 19, 1, '2025-06-13 12:21:21', '2025-06-13 12:21:21'),
(120, 19, 1, '2025-06-13 13:32:58', '2025-06-13 13:32:58'),
(121, 19, 1, '2025-06-14 15:00:47', '2025-06-14 15:00:47'),
(122, 19, 0, '2025-06-16 04:50:41', '2025-06-16 04:50:41'),
(123, 19, 1, '2025-06-16 04:50:45', '2025-06-16 04:50:45'),
(124, 19, 1, '2025-06-16 05:06:15', '2025-06-16 05:06:15'),
(125, 19, 1, '2025-06-16 07:24:09', '2025-06-16 07:24:09'),
(126, 19, 1, '2025-06-17 06:19:57', '2025-06-17 06:19:57'),
(127, 19, 1, '2025-06-17 06:35:17', '2025-06-17 06:35:17'),
(128, 19, 1, '2025-06-17 09:08:16', '2025-06-17 09:08:16'),
(129, 19, 1, '2025-06-18 05:34:44', '2025-06-18 05:34:44'),
(130, 19, 1, '2025-06-18 10:01:56', '2025-06-18 10:01:56'),
(131, 19, 0, '2025-06-18 10:02:00', '2025-06-18 10:02:00'),
(132, 19, 1, '2025-06-18 10:02:53', '2025-06-18 10:02:53'),
(133, 19, 1, '2025-06-18 10:04:18', '2025-06-18 10:04:18'),
(134, 19, 1, '2025-06-18 10:06:13', '2025-06-18 10:06:13'),
(135, 19, 1, '2025-06-18 10:08:59', '2025-06-18 10:08:59'),
(136, 19, 0, '2025-06-18 10:11:57', '2025-06-18 10:11:57'),
(137, 19, 1, '2025-06-18 10:13:32', '2025-06-18 10:13:32'),
(138, 19, 1, '2025-06-18 14:37:13', '2025-06-18 14:37:13'),
(139, 19, 1, '2025-06-20 06:39:46', '2025-06-20 06:39:46'),
(140, 19, 1, '2025-06-24 06:30:43', '2025-06-24 06:30:43'),
(141, 19, 1, '2025-06-24 11:57:35', '2025-06-24 11:57:35'),
(142, 19, 1, '2025-06-24 13:18:45', '2025-06-24 13:18:45'),
(143, 19, 1, '2025-06-25 05:51:05', '2025-06-25 05:51:05'),
(144, 19, 1, '2025-06-25 12:38:16', '2025-06-25 12:38:16'),
(145, 19, 1, '2025-06-26 06:28:10', '2025-06-26 06:28:10'),
(146, 19, 1, '2025-06-26 06:54:50', '2025-06-26 06:54:50'),
(147, 19, 1, '2025-06-26 07:59:44', '2025-06-26 07:59:44'),
(148, 19, 1, '2025-06-27 05:00:50', '2025-06-27 05:00:50'),
(149, 19, 1, '2025-06-30 12:54:21', '2025-06-30 12:54:21'),
(150, 19, 1, '2025-07-01 06:59:41', '2025-07-01 06:59:41'),
(151, 19, 1, '2025-07-02 05:47:25', '2025-07-02 05:47:25'),
(152, 19, 1, '2025-07-03 12:09:46', '2025-07-03 12:09:46'),
(153, 19, 1, '2025-07-04 05:52:30', '2025-07-04 05:52:30'),
(154, 19, 1, '2025-07-04 08:26:42', '2025-07-04 08:26:42'),
(155, 19, 1, '2025-07-04 10:18:35', '2025-07-04 10:18:35'),
(156, 19, 1, '2025-07-04 12:37:10', '2025-07-04 12:37:10'),
(157, 19, 1, '2025-07-04 12:45:38', '2025-07-04 12:45:38'),
(158, 19, 1, '2025-07-04 14:51:25', '2025-07-04 14:51:25'),
(159, 19, 1, '2025-07-07 07:59:05', '2025-07-07 07:59:05'),
(160, 35, 1, '2025-07-07 07:59:23', '2025-07-07 07:59:23'),
(161, 35, 1, '2025-07-07 07:59:33', '2025-07-07 07:59:33'),
(162, 19, 1, '2025-07-07 08:00:20', '2025-07-07 08:00:20'),
(163, 35, 0, '2025-07-07 08:16:48', '2025-07-07 08:16:48'),
(164, 19, 1, '2025-07-07 09:56:42', '2025-07-07 09:56:42'),
(165, 35, 1, '2025-07-08 04:35:09', '2025-07-08 04:35:09'),
(166, 35, 0, '2025-07-08 04:37:24', '2025-07-08 04:37:24'),
(167, 19, 1, '2025-07-08 04:37:52', '2025-07-08 04:37:52'),
(168, 19, 1, '2025-07-08 06:22:31', '2025-07-08 06:22:31'),
(169, 19, 1, '2025-07-08 07:17:07', '2025-07-08 07:17:07'),
(170, 19, 1, '2025-07-08 08:59:49', '2025-07-08 08:59:49'),
(171, 19, 1, '2025-07-08 15:04:10', '2025-07-08 15:04:10'),
(172, 19, 1, '2025-07-09 08:45:27', '2025-07-09 08:45:27'),
(173, 19, 1, '2025-07-09 11:13:40', '2025-07-09 11:13:40'),
(174, 19, 1, '2025-07-10 04:24:21', '2025-07-10 04:24:21'),
(175, 19, 1, '2025-07-10 07:24:20', '2025-07-10 07:24:20'),
(176, 19, 1, '2025-07-10 09:09:46', '2025-07-10 09:09:46'),
(177, 19, 1, '2025-07-10 12:20:00', '2025-07-10 12:20:00'),
(178, 19, 1, '2025-07-10 17:17:23', '2025-07-10 17:17:23'),
(179, 19, 1, '2025-07-11 07:53:50', '2025-07-11 07:53:50'),
(180, 19, 0, '2025-07-11 08:06:45', '2025-07-11 08:06:45'),
(181, 19, 1, '2025-07-11 08:06:52', '2025-07-11 08:06:52'),
(182, 19, 1, '2025-07-11 08:48:41', '2025-07-11 08:48:41'),
(183, 19, 1, '2025-07-14 04:53:32', '2025-07-14 04:53:32'),
(184, 19, 1, '2025-07-14 12:12:02', '2025-07-14 12:12:02'),
(185, 19, 1, '2025-07-14 12:42:24', '2025-07-14 12:42:24'),
(186, 19, 1, '2025-07-14 12:56:11', '2025-07-14 12:56:11'),
(187, 19, 1, '2025-07-14 15:50:53', '2025-07-14 15:50:53'),
(188, 19, 1, '2025-07-15 05:11:16', '2025-07-15 05:11:16'),
(189, 19, 1, '2025-07-15 11:35:54', '2025-07-15 11:35:54'),
(190, 19, 1, '2025-07-15 13:08:32', '2025-07-15 13:08:32'),
(191, 19, 1, '2025-07-16 06:29:09', '2025-07-16 06:29:09'),
(192, 19, 1, '2025-07-16 06:31:51', '2025-07-16 06:31:51'),
(193, 19, 1, '2025-07-16 08:51:53', '2025-07-16 08:51:53'),
(194, 19, 1, '2025-07-16 08:54:57', '2025-07-16 08:54:57'),
(195, 19, 1, '2025-07-16 11:31:22', '2025-07-16 11:31:22'),
(196, 19, 1, '2025-07-16 13:59:38', '2025-07-16 13:59:38'),
(197, 19, 1, '2025-07-17 06:03:38', '2025-07-17 06:03:38'),
(198, 19, 1, '2025-07-17 06:29:18', '2025-07-17 06:29:18'),
(199, 19, 1, '2025-07-17 09:14:42', '2025-07-17 09:14:42'),
(200, 19, 1, '2025-07-17 14:40:59', '2025-07-17 14:40:59'),
(201, 19, 1, '2025-07-18 04:37:52', '2025-07-18 04:37:52'),
(202, 19, 1, '2025-07-18 04:46:02', '2025-07-18 04:46:02'),
(203, 19, 1, '2025-07-21 05:43:27', '2025-07-21 05:43:27'),
(204, 19, 1, '2025-07-21 12:54:45', '2025-07-21 12:54:45'),
(205, 19, 1, '2025-07-22 08:18:38', '2025-07-22 08:18:38'),
(206, 19, 1, '2025-07-22 08:43:29', '2025-07-22 08:43:29'),
(207, 19, 1, '2025-07-22 11:31:55', '2025-07-22 11:31:55'),
(208, 19, 1, '2025-07-22 11:32:53', '2025-07-22 11:32:53'),
(209, 19, 1, '2025-07-23 05:55:26', '2025-07-23 05:55:26'),
(210, 19, 1, '2025-07-23 08:08:08', '2025-07-23 08:08:08'),
(211, 19, 1, '2025-07-24 06:07:19', '2025-07-24 06:07:19'),
(212, 19, 1, '2025-07-24 06:07:26', '2025-07-24 06:07:26');

-- --------------------------------------------------------

--
-- Table structure for table `member_areas`
--

CREATE TABLE `member_areas` (
  `id` int NOT NULL,
  `member_id` bigint NOT NULL,
  `area_id` bigint NOT NULL,
  `performed_by` bigint DEFAULT NULL,
  `created_at` timestamp NOT NULL DEFAULT CURRENT_TIMESTAMP,
  `updated_at` timestamp NOT NULL DEFAULT CURRENT_TIMESTAMP
) ENGINE=InnoDB DEFAULT CHARSET=utf8mb4 COLLATE=utf8mb4_unicode_ci;

--
-- Dumping data for table `member_areas`
--

INSERT INTO `member_areas` (`id`, `member_id`, `area_id`, `performed_by`, `created_at`, `updated_at`) VALUES
(28, 21, 1, NULL, '2025-03-25 05:48:44', '2025-03-25 05:48:44'),
(29, 20, 1, NULL, '2025-03-25 05:52:49', '2025-03-25 05:52:49'),
(30, 20, 2, NULL, '2025-03-25 05:52:49', '2025-03-25 05:52:49'),
(31, 20, 3, NULL, '2025-03-25 05:52:49', '2025-03-25 05:52:49'),
(32, 20, 4, NULL, '2025-03-25 05:52:49', '2025-03-25 05:52:49'),
(33, 20, 5, NULL, '2025-03-25 05:52:49', '2025-03-25 05:52:49'),
(34, 20, 6, NULL, '2025-03-25 05:52:49', '2025-03-25 05:52:49'),
(35, 20, 7, NULL, '2025-03-25 05:52:49', '2025-03-25 05:52:49'),
(36, 20, 8, NULL, '2025-03-25 05:52:49', '2025-03-25 05:52:49'),
(42, 22, 1, NULL, '2025-03-25 09:26:04', '2025-03-25 09:26:04'),
(48, 22, 5, NULL, '2025-03-25 12:33:35', '2025-03-25 12:33:35'),
(50, 9, 5, NULL, '2025-03-25 12:35:29', '2025-03-25 12:35:29'),
(51, 23, 1, NULL, '2025-03-25 13:37:01', '2025-03-25 13:37:01'),
(52, 23, 2, NULL, '2025-03-25 13:37:01', '2025-03-25 13:37:01'),
(53, 23, 3, NULL, '2025-03-25 13:37:02', '2025-03-25 13:37:02'),
(54, 23, 4, NULL, '2025-03-25 13:37:02', '2025-03-25 13:37:02'),
(55, 23, 8, NULL, '2025-03-25 13:37:02', '2025-03-25 13:37:02'),
(56, 23, 7, NULL, '2025-03-25 13:37:02', '2025-03-25 13:37:02'),
(57, 23, 6, NULL, '2025-03-25 13:37:02', '2025-03-25 13:37:02'),
(58, 23, 5, NULL, '2025-03-25 13:37:02', '2025-03-25 13:37:02'),
(59, 23, 9, NULL, '2025-03-25 13:37:02', '2025-03-25 13:37:02'),
(60, 23, 10, NULL, '2025-03-25 13:37:02', '2025-03-25 13:37:02'),
(61, 23, 11, NULL, '2025-03-25 13:37:02', '2025-03-25 13:37:02'),
(62, 23, 12, NULL, '2025-03-25 13:37:02', '2025-03-25 13:37:02'),
(63, 23, 122, NULL, '2025-03-25 13:37:02', '2025-03-25 13:37:02'),
(64, 23, 123, NULL, '2025-03-25 13:37:03', '2025-03-25 13:37:03'),
(65, 23, 124, NULL, '2025-03-25 13:37:03', '2025-03-25 13:37:03'),
(76, 22, 116, NULL, '2025-03-26 12:57:04', '2025-03-26 12:57:04'),
(77, 22, 124, NULL, '2025-03-26 12:57:04', '2025-03-26 12:57:04'),
(79, 22, 106, NULL, '2025-03-26 12:57:05', '2025-03-26 12:57:05'),
(80, 22, 96, NULL, '2025-03-26 12:57:05', '2025-03-26 12:57:05'),
(81, 22, 94, NULL, '2025-03-26 12:57:05', '2025-03-26 12:57:05'),
(82, 22, 99, NULL, '2025-03-26 12:57:05', '2025-03-26 12:57:05'),
(83, 22, 84, NULL, '2025-03-26 12:57:05', '2025-03-26 12:57:05'),
(84, 22, 83, NULL, '2025-03-26 12:57:05', '2025-03-26 12:57:05'),
(85, 22, 82, NULL, '2025-03-26 12:57:05', '2025-03-26 12:57:05'),
(86, 22, 85, NULL, '2025-03-26 12:57:05', '2025-03-26 12:57:05'),
(87, 22, 118, NULL, '2025-03-26 12:57:05', '2025-03-26 12:57:05'),
(88, 22, 113, NULL, '2025-03-26 12:57:06', '2025-03-26 12:57:06'),
(89, 22, 110, NULL, '2025-03-26 12:57:06', '2025-03-26 12:57:06'),
(90, 22, 104, NULL, '2025-03-26 14:58:56', '2025-03-26 14:58:56'),
(91, 22, 68, NULL, '2025-03-26 14:58:57', '2025-03-26 14:58:57'),
(92, 22, 58, NULL, '2025-03-26 14:58:57', '2025-03-26 14:58:57'),
(93, 22, 11, NULL, '2025-03-26 15:24:06', '2025-03-26 15:24:06'),
(94, 22, 107, NULL, '2025-03-26 15:24:07', '2025-03-26 15:24:07'),
(143, 12, 3, NULL, '2025-04-02 06:15:19', '2025-04-02 06:15:19'),
(144, 10, 3, NULL, '2025-04-02 06:16:03', '2025-04-02 06:16:03'),
(145, 12, 13, NULL, '2025-04-02 13:27:19', '2025-04-02 13:27:19'),
(146, 23, 13, NULL, '2025-04-02 13:33:16', '2025-04-02 13:33:16'),
(147, 19, 1, 19, '2025-04-03 07:48:35', '2025-04-03 07:48:35'),
(149, 19, 2, 19, '2025-04-03 09:37:18', '2025-04-03 09:37:18'),
(150, 19, 3, 19, '2025-04-03 09:37:18', '2025-04-03 09:37:18'),
(153, 31, 1, NULL, '2025-04-03 12:29:31', '2025-04-03 12:29:31'),
(155, 31, 6, NULL, '2025-04-03 12:30:00', '2025-04-03 12:30:00'),
(156, 31, 3, NULL, '2025-04-03 12:30:00', '2025-04-03 12:30:00'),
(157, 28, 14, NULL, '2025-04-04 09:07:07', '2025-04-04 09:07:07'),
(158, 10, 10, NULL, '2025-04-04 13:32:29', '2025-04-04 13:32:29'),
(170, 27, 3, NULL, '2025-04-05 10:14:18', '2025-04-05 10:14:18'),
(171, 27, 4, NULL, '2025-04-05 10:14:19', '2025-04-05 10:14:19'),
(175, 10, 1, NULL, '2025-04-07 13:10:55', '2025-04-07 13:10:55'),
(176, 28, 2, NULL, '2025-04-16 10:40:23', '2025-04-16 10:40:23'),
(177, 28, 6, NULL, '2025-04-16 10:40:23', '2025-04-16 10:40:23'),
(178, 28, 3, NULL, '2025-04-16 10:40:23', '2025-04-16 10:40:23'),
(179, 28, 7, NULL, '2025-04-16 10:40:23', '2025-04-16 10:40:23'),
(180, 28, 8, NULL, '2025-04-16 10:40:23', '2025-04-16 10:40:23'),
(181, 28, 18, NULL, '2025-04-16 10:40:23', '2025-04-16 10:40:23'),
(182, 28, 22, NULL, '2025-04-16 10:40:23', '2025-04-16 10:40:23'),
(183, 28, 26, NULL, '2025-04-16 10:40:23', '2025-04-16 10:40:23'),
(184, 28, 50, NULL, '2025-04-16 10:40:23', '2025-04-16 10:40:23'),
(185, 28, 54, NULL, '2025-04-16 10:40:23', '2025-04-16 10:40:23'),
(186, 28, 55, NULL, '2025-04-16 10:40:23', '2025-04-16 10:40:23'),
(187, 28, 51, NULL, '2025-04-16 10:40:23', '2025-04-16 10:40:23'),
(188, 28, 66, NULL, '2025-04-16 10:40:23', '2025-04-16 10:40:23'),
(216, 19, 124, 19, '2025-04-29 07:27:14', '2025-04-29 07:27:14'),
(217, 19, 110, 19, '2025-04-30 07:39:48', '2025-04-30 07:39:48'),
(218, 19, 103, 19, '2025-04-30 07:39:48', '2025-04-30 07:39:48'),
(219, 19, 99, 19, '2025-04-30 07:39:48', '2025-04-30 07:39:48'),
(220, 19, 95, 19, '2025-04-30 07:39:48', '2025-04-30 07:39:48'),
(221, 19, 91, 19, '2025-04-30 07:39:48', '2025-04-30 07:39:48'),
(222, 19, 94, 19, '2025-04-30 07:39:48', '2025-04-30 07:39:48'),
(223, 19, 89, 19, '2025-04-30 07:39:48', '2025-04-30 07:39:48'),
(224, 19, 27, 19, '2025-05-22 12:37:54', '2025-05-22 12:37:54'),
(225, 19, 26, 19, '2025-05-22 12:37:54', '2025-05-22 12:37:54'),
(226, 19, 18, 19, '2025-05-26 13:47:39', '2025-05-26 13:47:39'),
(227, 19, 11, 19, '2025-05-26 13:47:39', '2025-05-26 13:47:39'),
(228, 19, 15, 19, '2025-05-29 11:54:39', '2025-05-29 11:54:39'),
(229, 19, 4, 19, '2025-05-29 11:54:39', '2025-05-29 11:54:39'),
(230, 19, 10, 19, '2025-05-29 11:54:39', '2025-05-29 11:54:39'),
(231, 19, 14, 19, '2025-05-29 11:54:56', '2025-05-29 11:54:56'),
(232, 19, 22, 19, '2025-06-12 07:26:49', '2025-06-12 07:26:49'),
(233, 19, 35, 19, '2025-07-09 11:47:36', '2025-07-09 11:47:36'),
(234, 19, 34, 19, '2025-07-09 11:47:36', '2025-07-09 11:47:36');

-- --------------------------------------------------------

--
-- Table structure for table `member_comments`
--

CREATE TABLE `member_comments` (
  `id` int NOT NULL,
  `member_id` bigint DEFAULT NULL,
  `admin_id` bigint NOT NULL,
  `post_number` varchar(8) CHARACTER SET utf8mb4 COLLATE utf8mb4_unicode_ci DEFAULT NULL,
  `comment` text CHARACTER SET utf8mb4 COLLATE utf8mb4_unicode_ci,
  `created_at` timestamp NULL DEFAULT NULL,
  `updated_at` timestamp NULL DEFAULT NULL
) ENGINE=InnoDB DEFAULT CHARSET=utf8mb4 COLLATE=utf8mb4_unicode_ci;

--
-- Dumping data for table `member_comments`
--

INSERT INTO `member_comments` (`id`, `member_id`, `admin_id`, `post_number`, `comment`, `created_at`, `updated_at`) VALUES
(1, 1, 0, NULL, 'Eiusmod dolor ut lab', '2025-01-29 07:17:56', '2025-01-29 07:17:56'),
(2, 2, 0, NULL, 'comment  11', '2025-01-30 00:55:50', '2025-01-30 00:55:50'),
(3, 2, 0, NULL, 'comment  22', '2025-01-30 00:55:50', '2025-01-30 00:55:50'),
(4, 2, 0, NULL, 'comment  33', '2025-01-30 00:55:50', '2025-01-30 00:55:50'),
(20, 3, 0, NULL, 'comment  11', '2025-01-30 01:47:41', '2025-01-30 01:47:41'),
(21, 3, 0, NULL, 'comment  22', '2025-01-30 01:47:41', '2025-01-30 01:47:41'),
(22, 3, 0, NULL, 'comment  33', '2025-01-30 01:47:41', '2025-01-30 01:47:41'),
(35, 4, 0, NULL, 'Nulla molestias erro', '2025-01-30 02:08:26', '2025-01-30 02:08:26'),
(36, 4, 0, NULL, 'adadwa', '2025-01-30 02:08:26', '2025-01-30 02:08:26'),
(37, 4, 0, NULL, 'awdawdawd', '2025-01-30 02:08:26', '2025-01-30 02:08:26'),
(38, 5, 0, NULL, 'Qui quis eaque neque', '2025-01-30 05:51:57', '2025-01-30 05:51:57'),
(40, 6, 0, NULL, 'Ea eaque qui amet m', '2025-01-31 04:14:28', '2025-01-31 04:14:28'),
(41, 7, 0, NULL, 'Aliquip iure nihil v', '2025-01-31 05:34:50', '2025-01-31 05:34:50'),
(43, 8, 0, NULL, '333333', '2025-01-31 05:56:09', '2025-01-31 05:56:09'),
(44, 9, 0, NULL, 'Reprehenderit id in', '2025-01-31 23:53:34', '2025-01-31 23:53:34'),
(45, 10, 0, NULL, 'daawdaw d', '2025-02-03 06:57:40', '2025-02-03 06:57:40'),
(46, 11, 0, NULL, 'daawdaw d', '2025-02-03 06:58:02', '2025-02-03 06:58:02'),
(47, 12, 0, NULL, 'Facere quos voluptat', '2025-02-04 02:13:16', '2025-02-04 02:13:16'),
(48, 25, 1, '1', 'hi', '2025-03-31 09:18:13', '2025-03-31 09:18:13'),
(49, 12, 1, '2', NULL, '2025-04-01 12:03:37', '2025-04-01 12:03:37'),
(50, 12, 1, '3', 'hi', '2025-04-01 12:39:12', '2025-04-01 12:39:12'),
(51, 27, 1, '4', 'hi', '2025-04-03 09:47:43', '2025-04-03 09:47:43'),
(52, 8, 1, '5', 'abc sssssssssssssssssssssssssssssssssssssssssssssssssssssssssssssssssssssssssssssssssssssss\r\n\r\nsdf\r\nsdf\r\nsd\r\nfsd\r\nfsd\r\nfffffffffffffffffffffffffffff', '2025-04-07 15:36:52', '2025-04-07 15:36:52');

-- --------------------------------------------------------

--
-- Table structure for table `member_directors`
--

CREATE TABLE `member_directors` (
  `id` int NOT NULL,
  `member_id` bigint DEFAULT NULL,
  `director_name` varchar(50) CHARACTER SET utf8mb4 COLLATE utf8mb4_unicode_ci DEFAULT NULL,
  `director_dob` date DEFAULT NULL,
  `director_nin_number` varchar(8) CHARACTER SET utf8mb4 COLLATE utf8mb4_unicode_ci DEFAULT NULL,
  `director_address` text CHARACTER SET utf8mb4 COLLATE utf8mb4_unicode_ci,
  `director_address_line_two` text CHARACTER SET utf8mb4 COLLATE utf8mb4_unicode_ci,
  `director_post_code` varchar(10) CHARACTER SET utf8mb4 COLLATE utf8mb4_unicode_ci DEFAULT NULL,
  `director_mobile_number` varchar(20) COLLATE utf8mb4_unicode_ci DEFAULT NULL,
  `created_at` timestamp NOT NULL,
  `updated_at` timestamp NOT NULL
) ENGINE=InnoDB DEFAULT CHARSET=utf8mb4 COLLATE=utf8mb4_unicode_ci;

--
-- Dumping data for table `member_directors`
--

INSERT INTO `member_directors` (`id`, `member_id`, `director_name`, `director_dob`, `director_nin_number`, `director_address`, `director_address_line_two`, `director_post_code`, `director_mobile_number`, `created_at`, `updated_at`) VALUES
(3, 2, 'director 2', '0000-00-00', '', 'director 2 address', 'director 2 Director Address Line Two', 'Director A', NULL, '2025-01-30 00:55:50', '2025-01-30 00:55:50'),
(14, 3, 'director 1', '2025-01-15', '', 'director 1 address', NULL, 'director a', NULL, '2025-01-30 01:47:41', '2025-01-30 01:47:41'),
(15, 3, 'director 2', '2025-01-08', '', 'director 2 address', 'director 2 Director Address Line Two', 'Director A', NULL, '2025-01-30 01:47:41', '2025-01-30 01:47:41'),
(24, 4, 'Katell Thomas', '2016-05-23', '', 'Dolores veniam aute', NULL, 'Ut ullam q', NULL, '2025-01-30 02:08:26', '2025-01-30 02:08:26'),
(25, 4, '123', '2025-01-30', '', '123213', '123123', '123123123', NULL, '2025-01-30 02:08:26', '2025-01-30 02:08:26'),
(28, 6, 'Christen Miller', '1995-03-04', '', 'Consequatur illum t', 'Autem lorem est ut s', 'Deleniti d', NULL, '2025-01-31 04:14:28', '2025-01-31 04:14:28'),
(34, 11, 'wda', '2025-01-27', '', 'awdawd aw d', '123123', '123123', NULL, '2025-02-03 06:58:02', '2025-02-03 06:58:02'),
(43, 13, 'Rahim Ramirez', '1986-05-13', '', 'Id earum et dolor ul', 'Rerum aliquam except', '123123', NULL, '2025-03-11 01:30:05', '2025-03-11 01:30:05'),
(44, 14, 'Rahim Ramirez', '1986-05-13', '', 'Id earum et dolor ul', 'Rerum aliquam except', '123123', NULL, '2025-03-11 01:31:15', '2025-03-11 01:31:15'),
(45, 21, 'TestUser Director Ad', '2012-01-02', NULL, 'TestUser Director Ad', 'TestUser Director Ad2', 'AB567541', NULL, '2025-03-24 12:38:19', '2025-03-24 12:38:19'),
(49, 22, 'awdawd', '2025-03-19', NULL, '123123123', '12313123', '23123aa', NULL, '2025-03-25 09:07:43', '2025-03-25 09:07:43'),
(52, 23, 'TestUser Director Ad', '2015-01-01', '56756755', 'TestUser Director Ad', 'TestUser Director Ad2', 'AB567541', NULL, '2025-03-25 13:35:31', '2025-03-25 13:35:31'),
(56, 24, 'the tester', '2025-03-17', 'e3e3ee3', 'Airlie Beach QL', 'WRF8+J7 Jatapur, Madhya', 'austra', NULL, '2025-03-25 13:59:58', '2025-03-25 13:59:58'),
(57, 8, 'the tester', '2025-02-07', 'awdawd', 'Airlie Beac', 'Autem lorem est ut s', '22323233', NULL, '2025-03-25 14:12:36', '2025-03-25 14:12:36'),
(62, 26, 'the tester', '2025-03-31', 'e3e3ee3', 'Airlie Beach QLD, Austra', 'WRF8+J7 Jatapur, Ma', '3e3e3e', NULL, '2025-04-01 08:57:06', '2025-04-01 08:57:06'),
(77, 9, 'Janna Weiss', '2002-08-06', 'e3e3ee3', 'Neque molestiae aut', 'Eius est dolor quis', 'Rerum et', NULL, '2025-04-02 05:06:36', '2025-04-02 05:06:36'),
(78, 5, 'Lacota Hartman', '2022-02-17', 'e3e3ee3', 'Libero accusamus ius', 'Odit quae perspiciat', 'Tempora', NULL, '2025-04-02 05:07:37', '2025-04-02 05:07:37'),
(80, 25, 'the tester', '2025-03-13', 'e3e3ee3', 'TA10 0AD Lower Wiltown', '(F D Smith), Hobhole Bank', '123456', NULL, '2025-04-02 06:14:19', '2025-04-02 06:14:19'),
(81, 25, 'the tester 2', '2025-03-12', 'e3e3ee3', 'GF ISABEL Avenida', '(F D Smith), Hobhole Bank', '222222', NULL, '2025-04-02 06:14:19', '2025-04-02 06:14:19'),
(86, 12, 'Whilemina Adkins', '2016-06-16', 'e3e3ee3', 'Dolore velit quibusd', 'Alias in eveniet mo', '123123', NULL, '2025-04-02 08:32:27', '2025-04-02 08:32:27'),
(89, 29, 'the tester', '2025-04-01', 'e3e3ee3', 'Airlie Beach QLD', 'WRF8+J7 Jatapur, M', '5545555', NULL, '2025-04-02 09:46:56', '2025-04-02 09:46:56'),
(93, 7, 'Zane Blankenship', '2025-01-31', '21212121', 'Officiis rerum cumqu', 'Nisi dolorem dolore', 'Dolores', NULL, '2025-04-02 10:08:07', '2025-04-02 10:08:07'),
(95, 30, 'Zane Blankenship', '2025-03-01', 'e3e3ee3', 'TA10 0AD Lower', '(F D Smith), Hobhole Bank', 'Old Le', NULL, '2025-04-02 12:22:17', '2025-04-02 12:22:17'),
(100, 28, 'Ezra Mann', '1995-10-10', '211', 'Libero officiis repr', 'Ipsum ea consectetur', '543423', NULL, '2025-04-03 11:39:22', '2025-04-03 11:39:22'),
(101, 31, 'the tester', '2022-01-19', 'e3e3ee3', '123 kingdome', NULL, '3333333', NULL, '2025-04-03 12:17:28', '2025-04-03 12:17:28'),
(118, 27, 'the tester', '2016-06-17', 'e3e3ee3', 'Airlie Beach', 'WRF8+J7 Jat', '5251254', NULL, '2025-04-05 10:13:43', '2025-04-05 10:13:43'),
(119, 35, 'the tester', '2025-02-26', 'e3e3ee3', 'india', NULL, '123123', NULL, '2025-04-07 09:51:22', '2025-04-07 09:51:22'),
(120, 36, 'the tester', '2025-02-26', 'e3e3ee3', 'india', NULL, '123123', NULL, '2025-04-07 09:54:25', '2025-04-07 09:54:25'),
(123, 10, 'wda', '2025-01-27', 'e3e3ee3', 'awdawd aw d', '123123', '123123', NULL, '2025-04-07 12:31:30', '2025-04-07 12:31:30'),
(129, 32, 'ert', '2025-03-31', 'rw', 'ewrrewre', NULL, 'rwerer', NULL, '2025-05-22 14:07:04', '2025-05-22 14:07:04'),
(136, 19, 'Shelley Hodge', '2025-03-24', 'e3e3ee3', 'Est eiusmod volupta', 'Quo incidunt quaera', '123123', NULL, '2025-07-23 08:09:47', '2025-07-23 08:09:47'),
(137, 19, 'director 1', NULL, NULL, 'director 1 address', NULL, '789789', NULL, '2025-07-23 08:09:48', '2025-07-23 08:09:48');

-- --------------------------------------------------------

--
-- Table structure for table `member_documents`
--

CREATE TABLE `member_documents` (
  `id` bigint NOT NULL,
  `member_id` bigint NOT NULL,
  `name` varchar(50) CHARACTER SET utf8mb4 COLLATE utf8mb4_unicode_ci NOT NULL,
  `file` varchar(50) CHARACTER SET utf8mb4 COLLATE utf8mb4_unicode_ci NOT NULL,
  `status` tinyint NOT NULL DEFAULT '1',
  `created_at` timestamp NOT NULL,
  `updated_at` timestamp NOT NULL
) ENGINE=InnoDB DEFAULT CHARSET=utf8mb4 COLLATE=utf8mb4_unicode_ci;

--
-- Dumping data for table `member_documents`
--

INSERT INTO `member_documents` (`id`, `member_id`, `name`, `file`, `status`, `created_at`, `updated_at`) VALUES
(3, 4, 'handover certificate (8).pdf', '1738222324_handover certificate (8).pdf', 0, '2025-01-30 02:02:04', '2025-01-30 02:02:04'),
(4, 4, 'handover certificate (6).pdf', '1738222324_handover certificate (6).pdf', 0, '2025-01-30 02:02:04', '2025-01-30 02:02:04'),
(5, 33, 'Scan-1.pdf', '1747926212_Scan-1.pdf', 1, '2025-05-22 14:03:32', '2025-05-22 14:03:32'),
(7, 32, 'Scan-2.pdf', '1747926424_Scan-2.pdf', 1, '2025-05-22 14:07:04', '2025-05-22 14:07:04');

-- --------------------------------------------------------

--
-- Table structure for table `member_leads`
--

CREATE TABLE `member_leads` (
  `id` int NOT NULL,
  `member_id` bigint DEFAULT NULL,
  `area_id` bigint DEFAULT NULL,
  `lead_id` bigint NOT NULL,
  `created_at` timestamp NOT NULL,
  `updated_at` timestamp NOT NULL
) ENGINE=InnoDB DEFAULT CHARSET=utf8mb4 COLLATE=utf8mb4_unicode_ci;

--
-- Dumping data for table `member_leads`
--

INSERT INTO `member_leads` (`id`, `member_id`, `area_id`, `lead_id`, `created_at`, `updated_at`) VALUES
(1, 5, 1, 180, '2025-05-21 05:29:37', '2025-05-15 05:29:37'),
(2, 8, 1, 180, '2025-05-21 05:29:42', '2025-05-15 05:29:42'),
(3, 10, 1, 180, '2025-05-21 05:29:44', '2025-05-15 05:29:44'),
(4, 23, 1, 117, '2025-05-21 05:32:23', '2025-05-15 05:32:23'),
(9, 19, 1, 15, '2025-05-21 04:04:34', '2025-03-25 05:04:34'),
(10, 19, 1, 178, '2025-04-03 04:36:13', '2025-03-25 05:36:13'),
(11, 19, 1, 179, '2025-04-23 04:37:51', '2025-03-25 05:37:51'),
(12, 19, 1, 180, '2025-03-25 05:53:46', '2025-03-25 05:53:46'),
(13, 20, 1, 180, '2025-03-25 05:53:47', '2025-03-25 05:53:47'),
(14, 19, 1, 181, '2025-05-12 06:01:32', '2025-03-25 06:01:32'),
(15, 20, 1, 181, '2025-03-25 06:01:32', '2025-03-25 06:01:32'),
(16, 12, 1, 181, '2025-03-25 06:03:11', '2025-03-25 06:03:11'),
(17, 20, 3, 185, '2025-03-25 07:10:38', '2025-03-25 07:10:38'),
(18, 20, 3, 187, '2025-03-25 07:31:42', '2025-03-25 07:31:42'),
(19, 10, 3, 187, '2025-05-12 07:31:42', '2025-03-25 07:31:42'),
(20, 19, 4, 189, '2025-03-25 07:35:41', '2025-03-25 07:35:41'),
(21, 20, 4, 189, '2025-03-25 07:35:42', '2025-03-25 07:35:42'),
(22, 10, 4, 189, '2025-03-25 07:35:42', '2025-03-25 07:35:42'),
(23, 19, 1, 191, '2025-03-25 09:28:20', '2025-03-25 09:28:20'),
(24, 21, 1, 191, '2025-03-25 09:28:20', '2025-03-25 09:28:20'),
(25, 19, 1, 192, '2025-03-25 09:30:38', '2025-03-25 09:30:38'),
(26, 21, 1, 192, '2025-03-25 09:30:39', '2025-03-25 09:30:39'),
(27, 19, 1, 193, '2025-03-25 09:48:28', '2025-03-25 09:48:28'),
(28, 21, 1, 193, '2025-03-25 09:48:29', '2025-03-25 09:48:29'),
(29, 20, 3, 194, '2025-03-25 09:59:47', '2025-03-25 09:59:47'),
(30, 12, 3, 194, '2025-05-12 09:59:49', '2025-03-25 09:59:49'),
(31, 10, 3, 194, '2025-05-12 09:59:49', '2025-03-25 09:59:49'),
(32, 21, 1, 195, '2025-05-12 10:17:22', '2025-03-25 10:17:22'),
(33, 20, 1, 195, '2025-05-12 10:17:22', '2025-03-25 10:17:22'),
(34, 12, 1, 195, '2025-03-25 10:17:23', '2025-03-25 10:17:23'),
(35, 20, 2, 15, '2025-03-25 10:24:14', '2025-03-25 10:24:14'),
(36, 12, 2, 16, '2025-03-25 10:25:32', '2025-03-25 10:25:32'),
(37, 20, 2, 203, '2025-03-25 10:30:23', '2025-03-25 10:30:23'),
(38, 12, 2, 203, '2025-03-25 10:30:23', '2025-03-25 10:30:23'),
(39, 19, 2, 203, '2025-03-25 10:35:12', '2025-03-25 10:35:12'),
(40, 20, 6, 16, '2025-03-25 10:49:44', '2025-03-25 10:49:44'),
(41, 19, 6, 209, '2025-03-25 10:49:45', '2025-03-25 10:49:45'),
(42, 20, 6, 15, '2025-03-25 10:52:45', '2025-03-25 10:52:45'),
(43, 19, 6, 210, '2025-03-25 10:52:45', '2025-03-25 10:52:45'),
(44, 19, 1, 211, '2025-03-25 10:58:10', '2025-03-25 10:58:10'),
(45, 21, 1, 211, '2025-03-25 10:58:10', '2025-03-25 10:58:10'),
(46, 20, 1, 211, '2025-03-25 10:58:10', '2025-03-25 10:58:10'),
(47, 12, 1, 211, '2025-03-25 10:58:11', '2025-03-25 10:58:11'),
(48, 19, 1, 212, '2025-03-25 11:05:42', '2025-03-25 11:05:42'),
(49, 21, 1, 212, '2025-03-25 11:05:43', '2025-03-25 11:05:43'),
(50, 20, 1, 212, '2025-03-25 11:05:43', '2025-03-25 11:05:43'),
(51, 12, 1, 212, '2025-03-25 11:05:43', '2025-03-25 11:05:43'),
(52, 12, 3, 209, '2025-03-25 11:09:07', '2025-03-25 11:09:07'),
(53, 10, 3, 209, '2025-03-25 11:09:07', '2025-03-25 11:09:07'),
(54, 20, 6, 214, '2025-03-25 11:13:09', '2025-03-25 11:13:09'),
(55, 19, 6, 214, '2025-03-25 11:13:09', '2025-03-25 11:13:09'),
(56, 20, 6, 216, '2025-03-25 11:15:07', '2025-03-25 11:15:07'),
(57, 19, 6, 216, '2025-03-25 11:15:08', '2025-03-25 11:15:08'),
(58, 20, 5, 15, '2025-03-25 12:30:40', '2025-03-25 12:30:40'),
(59, 20, 5, 221, '2025-03-25 12:36:14', '2025-03-25 12:36:14'),
(60, 19, 5, 221, '2025-03-25 12:36:15', '2025-03-25 12:36:15'),
(61, 12, 5, 221, '2025-03-25 12:36:15', '2025-03-25 12:36:15'),
(62, 10, 5, 221, '2025-03-25 12:36:15', '2025-03-25 12:36:15'),
(63, 9, 5, 221, '2025-03-25 12:36:15', '2025-03-25 12:36:15'),
(64, 19, 1, 212, '2025-03-25 13:28:11', '2025-03-25 13:28:11'),
(65, 21, 1, 212, '2025-03-25 13:28:11', '2025-03-25 13:28:11'),
(66, 20, 1, 212, '2025-03-25 13:28:12', '2025-03-25 13:28:12'),
(67, 19, 1, 212, '2025-03-25 13:30:31', '2025-03-25 13:30:31'),
(68, 19, 1, 225, '2025-03-25 13:32:05', '2025-03-25 13:32:05'),
(69, 19, 1, 225, '2025-03-25 13:33:13', '2025-03-25 13:33:13'),
(70, 19, 1, 232, '2025-03-25 13:40:48', '2025-03-25 13:40:48'),
(71, 21, 1, 232, '2025-03-25 13:40:49', '2025-03-25 13:40:49'),
(72, 20, 3, 235, '2025-03-25 14:19:48', '2025-03-25 14:19:48'),
(73, 12, 3, 235, '2025-03-25 14:19:48', '2025-03-25 14:19:48'),
(74, 23, 3, 235, '2025-03-25 14:19:48', '2025-03-25 14:19:48'),
(75, 19, 1, 241, '2025-03-26 05:05:21', '2025-03-26 05:05:21'),
(76, 19, 1, 252, '2025-03-27 06:44:27', '2025-03-27 06:44:27'),
(77, 12, 1, 277, '2025-04-01 07:57:12', '2025-04-01 07:57:12'),
(78, 21, 1, 277, '2025-04-01 07:58:02', '2025-04-01 07:58:02'),
(79, 12, 1, 280, '2025-04-01 08:09:06', '2025-04-01 08:09:06'),
(80, 12, 1, 282, '2025-04-01 08:15:46', '2025-04-01 08:15:46'),
(81, 21, 1, 282, '2025-04-01 08:17:31', '2025-04-01 08:17:31'),
(82, 12, 1, 283, '2025-04-01 08:17:45', '2025-04-01 08:17:45'),
(83, 21, 1, 283, '2025-04-01 08:30:19', '2025-04-01 08:30:19'),
(84, 12, 1, 279, '2025-04-01 08:30:35', '2025-04-01 08:30:35'),
(85, 21, 1, 279, '2025-04-01 08:30:52', '2025-04-01 08:30:52'),
(86, 12, 1, 284, '2025-04-01 08:36:22', '2025-04-01 08:36:22'),
(87, 12, 3, 295, '2025-04-01 09:57:29', '2025-04-01 09:57:29'),
(88, 20, 3, 295, '2025-04-01 09:57:31', '2025-04-01 09:57:31'),
(89, 23, 3, 295, '2025-04-01 09:57:32', '2025-04-01 09:57:32'),
(90, 20, 5, 297, '2025-04-01 10:18:31', '2025-04-01 10:18:31'),
(91, 23, 5, 297, '2025-04-01 10:18:33', '2025-04-01 10:18:33'),
(92, 20, 5, 298, '2025-04-01 11:08:39', '2025-04-01 11:08:39'),
(93, 23, 5, 298, '2025-04-01 11:08:41', '2025-04-01 11:08:41'),
(94, 20, 5, 299, '2025-04-01 11:08:57', '2025-04-01 11:08:57'),
(95, 23, 5, 299, '2025-04-01 11:08:59', '2025-04-01 11:08:59'),
(96, 12, 3, 297, '2025-04-02 03:46:53', '2025-04-02 03:46:53'),
(97, 12, 3, 301, '2025-04-02 03:49:49', '2025-04-02 03:49:49'),
(98, 27, 3, 301, '2025-04-02 03:49:51', '2025-04-02 03:49:51'),
(99, 20, 3, 301, '2025-04-02 03:49:52', '2025-04-02 03:49:52'),
(100, 23, 3, 301, '2025-04-02 03:49:53', '2025-04-02 03:49:53'),
(101, 27, 3, 297, '2025-04-02 06:42:49', '2025-04-02 06:42:49'),
(102, 28, 1, 301, '2025-04-02 09:29:33', '2025-04-02 09:29:33'),
(103, 21, 1, 301, '2025-04-02 09:29:33', '2025-04-02 09:29:33'),
(104, 28, 1, 297, '2025-04-02 10:28:06', '2025-04-02 10:28:06'),
(105, 21, 1, 297, '2025-04-02 10:28:06', '2025-04-02 10:28:06'),
(106, 28, 13, 304, '2025-04-02 12:18:06', '2025-04-02 12:18:06'),
(107, 28, 13, 305, '2025-04-02 12:18:59', '2025-04-02 12:18:59'),
(108, 12, 13, 306, '2025-04-02 12:28:01', '2025-04-02 12:28:01'),
(109, 28, 13, 306, '2025-04-02 12:28:03', '2025-04-02 12:28:03'),
(110, 12, 13, 307, '2025-04-02 12:28:58', '2025-04-02 12:28:58'),
(111, 28, 13, 307, '2025-04-02 12:28:59', '2025-04-02 12:28:59'),
(112, 12, 13, 308, '2025-04-02 12:33:54', '2025-04-02 12:33:54'),
(113, 28, 13, 308, '2025-04-02 12:33:55', '2025-04-02 12:33:55'),
(114, 23, 13, 308, '2025-04-02 12:33:55', '2025-04-02 12:33:55'),
(115, 12, 13, 309, '2025-04-02 12:34:36', '2025-04-02 12:34:36'),
(116, 28, 13, 309, '2025-04-02 12:34:38', '2025-04-02 12:34:38'),
(117, 23, 13, 309, '2025-04-02 12:34:39', '2025-04-02 12:34:39'),
(118, 28, 1, 178, '2025-04-03 08:19:50', '2025-04-03 08:19:50'),
(119, 21, 1, 178, '2025-04-03 08:19:52', '2025-04-03 08:19:52'),
(120, 20, 1, 178, '2025-04-03 08:19:53', '2025-04-03 08:19:53'),
(121, 23, 1, 178, '2025-04-03 08:19:54', '2025-04-03 08:19:54'),
(122, 3, 1, 178, '2025-04-03 08:20:17', '2025-04-03 08:20:17'),
(123, 5, 1, 178, '2025-04-03 08:20:19', '2025-04-03 08:20:19'),
(124, 8, 1, 178, '2025-04-03 08:20:20', '2025-04-03 08:20:20'),
(125, 12, 13, 326, '2025-04-03 12:35:42', '2025-04-03 12:35:42'),
(126, 23, 13, 326, '2025-04-03 12:35:43', '2025-04-03 12:35:43'),
(127, 12, 13, 327, '2025-04-03 12:41:02', '2025-04-03 12:41:02'),
(128, 23, 13, 327, '2025-04-03 12:41:03', '2025-04-03 12:41:03'),
(129, 12, 13, 329, '2025-04-03 12:46:04', '2025-04-03 12:46:04'),
(130, 23, 13, 329, '2025-04-03 12:46:05', '2025-04-03 12:46:05'),
(131, 12, 13, 330, '2025-04-03 12:46:28', '2025-04-03 12:46:28'),
(132, 23, 13, 330, '2025-04-03 12:46:29', '2025-04-03 12:46:29'),
(133, 21, 1, 335, '2025-04-04 05:37:37', '2025-04-04 05:37:37'),
(134, 20, 1, 335, '2025-04-04 05:37:39', '2025-04-04 05:37:39'),
(135, 23, 1, 335, '2025-04-04 05:37:40', '2025-04-04 05:37:40'),
(136, 19, 1, 336, '2025-04-04 05:44:06', '2025-04-04 05:44:06'),
(137, 21, 1, 336, '2025-04-04 05:44:07', '2025-04-04 05:44:07'),
(138, 20, 1, 336, '2025-04-04 05:44:08', '2025-04-04 05:44:08'),
(139, 23, 1, 336, '2025-04-04 05:44:08', '2025-04-04 05:44:08'),
(140, 19, 3, 176, '2025-04-07 06:56:00', '2025-04-04 06:56:00'),
(141, 10, 1, 176, '2025-04-07 08:58:02', '2025-04-07 08:58:02'),
(142, 10, 1, 176, '2025-04-07 08:59:46', '2025-04-07 08:59:46'),
(143, 10, 1, 176, '2025-04-07 09:00:35', '2025-04-07 09:00:35'),
(144, 20, 1, 2004, '2025-04-09 07:55:59', '2025-04-09 07:55:59'),
(145, 12, 3, 4991, '2025-04-15 03:14:21', '2025-04-15 03:14:21'),
(146, 23, 3, 4991, '2025-04-15 03:14:21', '2025-04-15 03:14:21'),
(147, 19, 1, 16572, '2025-04-24 10:29:06', '2025-04-24 10:29:06'),
(148, 20, 1, 16680, '2025-05-21 06:03:09', '2025-05-21 06:03:09'),
(149, 23, 1, 16680, '2025-05-21 06:03:10', '2025-05-21 06:03:10'),
(150, 19, 1, 16980, '2025-06-30 13:27:53', '2025-06-30 13:27:53'),
(151, 20, 1, 16980, '2025-06-30 13:27:56', '2025-06-30 13:27:56'),
(152, 23, 1, 16980, '2025-06-30 13:27:57', '2025-06-30 13:27:57'),
(153, 20, 1, 16856, '2025-07-09 11:30:22', '2025-07-09 11:30:22'),
(154, 23, 1, 16856, '2025-07-09 11:30:26', '2025-07-09 11:30:26'),
(155, 20, 1, 16865, '2025-07-10 13:38:35', '2025-07-10 13:38:35'),
(156, 23, 1, 16865, '2025-07-10 13:38:40', '2025-07-10 13:38:40'),
(157, 20, 1, 179, '2025-07-25 14:07:00', '2025-07-25 14:07:00');

-- --------------------------------------------------------

--
-- Stand-in structure for view `member_lead_report_view`
-- (See below for the actual view)
--
CREATE TABLE `member_lead_report_view` (
`area_code` varchar(2)
,`area_id` int
,`area_name` varchar(255)
,`credit` int
,`date` date
,`debit` bigint
,`make` varchar(15)
,`member_id` bigint
,`member_lead_id` int
,`model` varchar(50)
,`plan_name` varchar(255)
,`time` time
,`type` varchar(6)
,`vrm` varchar(10)
);

-- --------------------------------------------------------

--
-- Table structure for table `member_lead_report_view--old`
--

CREATE TABLE `member_lead_report_view--old` (
  `member_id` bigint DEFAULT NULL,
  `date` date DEFAULT NULL,
  `time` time DEFAULT NULL,
  `area_code` varchar(2) DEFAULT NULL,
  `area_name` varchar(20) DEFAULT NULL,
  `vrm` varchar(10) DEFAULT NULL,
  `make` varchar(15) DEFAULT NULL,
  `model` varchar(50) DEFAULT NULL,
  `credit` int DEFAULT NULL,
  `debit` int DEFAULT NULL,
  `type` varchar(6) DEFAULT NULL
) ENGINE=InnoDB DEFAULT CHARSET=utf8mb4 COLLATE=utf8mb4_0900_ai_ci;

-- --------------------------------------------------------

--
-- Table structure for table `member_nature_change_logs`
--

CREATE TABLE `member_nature_change_logs` (
  `id` bigint NOT NULL,
  `member_id` int NOT NULL,
  `action` int NOT NULL,
  `performed_by` int NOT NULL,
  `created_at` timestamp NOT NULL DEFAULT CURRENT_TIMESTAMP,
  `updated_at` timestamp NOT NULL DEFAULT CURRENT_TIMESTAMP
) ENGINE=InnoDB DEFAULT CHARSET=utf8mb4 COLLATE=utf8mb4_0900_ai_ci;

--
-- Dumping data for table `member_nature_change_logs`
--

INSERT INTO `member_nature_change_logs` (`id`, `member_id`, `action`, `performed_by`, `created_at`, `updated_at`) VALUES
(1, 40, 2, 1, '2025-05-29 07:30:10', '2025-05-29 07:30:10'),
(2, 41, 2, 1, '2025-05-29 07:31:37', '2025-05-29 07:31:37'),
(3, 42, 2, 1, '2025-05-29 07:32:40', '2025-05-29 07:32:40'),
(4, 43, 2, 1, '2025-05-29 07:33:25', '2025-05-29 07:33:25'),
(5, 44, 2, 1, '2025-05-29 07:35:33', '2025-05-29 07:35:33'),
(6, 45, 2, 1, '2025-05-29 07:36:52', '2025-05-29 07:36:52'),
(7, 46, 2, 1, '2025-05-29 07:37:46', '2025-05-29 07:37:46'),
(8, 47, 2, 1, '2025-05-29 07:38:23', '2025-05-29 07:38:23');

-- --------------------------------------------------------

--
-- Table structure for table `member_warning_message`
--

CREATE TABLE `member_warning_message` (
  `id` int NOT NULL,
  `member_id` bigint NOT NULL,
  `admin_id` bigint NOT NULL,
  `message` text CHARACTER SET utf8mb4 COLLATE utf8mb4_unicode_ci NOT NULL,
  `acknowledge_status` tinyint(1) NOT NULL DEFAULT '0',
  `created_at` timestamp NOT NULL,
  `updated_at` timestamp NOT NULL
) ENGINE=InnoDB DEFAULT CHARSET=utf8mb4 COLLATE=utf8mb4_unicode_ci;

-- --------------------------------------------------------

--
-- Table structure for table `migrations`
--

CREATE TABLE `migrations` (
  `id` int UNSIGNED NOT NULL,
  `migration` varchar(255) CHARACTER SET utf8mb4 COLLATE utf8mb4_unicode_ci NOT NULL,
  `batch` int NOT NULL
) ENGINE=InnoDB DEFAULT CHARSET=utf8mb4 COLLATE=utf8mb4_unicode_ci;

--
-- Dumping data for table `migrations`
--

INSERT INTO `migrations` (`id`, `migration`, `batch`) VALUES
(1, '0001_01_01_000002_create_jobs_table', 1),
(1, '0001_01_01_000002_create_jobs_table', 1),
(0, '2025_03_13_132407_create_personal_access_tokens_table', 2);

-- --------------------------------------------------------

--
-- Table structure for table `model_has_permissions`
--

CREATE TABLE `model_has_permissions` (
  `permission_id` bigint UNSIGNED NOT NULL,
  `model_type` varchar(255) CHARACTER SET utf8mb4 COLLATE utf8mb4_unicode_ci NOT NULL,
  `model_id` bigint UNSIGNED NOT NULL,
  `manager_name` varchar(255) CHARACTER SET utf8mb4 COLLATE utf8mb4_unicode_ci DEFAULT NULL
) ENGINE=InnoDB DEFAULT CHARSET=utf8mb4 COLLATE=utf8mb4_unicode_ci;

--
-- Dumping data for table `model_has_permissions`
--

INSERT INTO `model_has_permissions` (`permission_id`, `model_type`, `model_id`, `manager_name`) VALUES
(1, 'App\\Models\\Member', 2, NULL),
(2, 'App\\Models\\Member', 2, NULL),
(3, 'App\\Models\\Member', 2, NULL),
(4, 'App\\Models\\Member', 2, NULL),
(5, 'App\\Models\\Member', 2, NULL),
(6, 'App\\Models\\Admin', 3, NULL),
(7, 'App\\Models\\Admin', 3, NULL),
(8, 'App\\Models\\Admin', 3, NULL),
(9, 'App\\Models\\Admin', 3, NULL),
(46, 'App\\Models\\Page', 4, NULL),
(47, 'App\\Models\\Page', 4, NULL),
(48, 'App\\Models\\EmailTemplate', 5, NULL),
(49, 'App\\Models\\EmailTemplate', 5, NULL),
(50, 'App\\Models\\Testimonial', 6, NULL),
(51, 'App\\Models\\Testimonial', 6, NULL),
(52, 'App\\Models\\Testimonial', 6, NULL),
(53, 'App\\Models\\Faq', 7, NULL),
(54, 'App\\Models\\Faq', 7, NULL),
(55, 'App\\Models\\Faq', 7, NULL),
(56, 'App\\Models\\Faq', 7, NULL),
(57, 'App\\Models\\Inquiries', 8, NULL),
(58, 'App\\Models\\Inquiries', 8, NULL),
(59, 'App\\Models\\Inquiries', 8, NULL),
(60, 'App\\Models\\NewsletterSubscription', 18, NULL),
(61, 'App\\Models\\NewsletterSubscription', 18, NULL),
(62, 'App\\Models\\NewsletterSubscription', 18, NULL),
(63, 'App\\Models\\NewsletterSubscription', 18, NULL),
(68, 'App\\Models\\Settings', 10, NULL),
(69, 'App\\Models\\Settings', 10, NULL),
(70, 'App\\Models\\SiteLogo', 11, NULL),
(71, 'App\\Models\\SmtpMail', 12, NULL),
(72, 'App\\Models\\Role', 13, NULL),
(73, 'App\\Models\\Role', 13, NULL),
(74, 'App\\Models\\Role', 13, NULL),
(75, 'App\\Models\\Role', 13, NULL),
(131, 'App\\Models\\Blog', 27, NULL),
(132, 'App\\Models\\Blog', 27, NULL),
(133, 'App\\Models\\Blog', 27, NULL),
(144, 'App\\Models\\MemberComment', 14, NULL),
(145, 'App\\Models\\MemberComment', 14, NULL),
(146, 'App\\Models\\AreaSelectionLog', 15, NULL),
(147, 'App\\Models\\Area', 16, NULL),
(148, 'App\\Models\\ChecklistManager', 17, NULL),
(149, 'App\\Models\\Lead', 18, NULL),
(150, 'App\\Models\\MemberLead', 19, NULL),
(151, 'App\\Models\\MemberLead', 19, NULL),
(152, 'App\\Models\\MemberLead', 19, NULL),
(153, 'App\\Models\\MemberLead', 20, NULL),
(154, 'App\\Models\\MemberLead', 20, NULL),
(155, 'App\\Models\\Plan', 21, NULL),
(156, 'App\\Models\\Plan', 21, NULL),
(157, 'App\\Models\\Plan', 21, NULL),
(158, 'App\\Models\\Plan', 21, NULL),
(159, 'App\\Models\\Transaction', 22, NULL),
(160, 'App\\Models\\Transaction', 22, NULL),
(162, 'App\\Models\\Report', 23, NULL),
(163, 'App\\Models\\AccessRule', 24, NULL),
(164, 'App\\Models\\Ip', 25, NULL),
(165, 'App\\Models\\Page', 26, NULL),
(166, 'App\\Models\\Page', 26, NULL),
(167, 'App\\Models\\Page', 26, NULL),
(168, 'App\\Models\\Blog', 27, NULL),
(172, 'AppModelsReport', 23, NULL),
(173, 'AppModelsReport', 23, NULL),
(174, 'AppModelsReport', 23, NULL),
(175, 'AppModelsReport', 23, NULL),
(176, 'AppModelsReport', 23, NULL),
(177, 'AppModelsReport', 23, NULL),
(178, 'AppModelsReport', 23, NULL),
(179, 'AppModelsReport', 23, NULL),
(180, 'AppModelsReport', 23, NULL),
(181, 'AppModelsReport', 23, NULL),
(182, 'AppModelsReport', 23, NULL),
(183, 'App\\Models\\Blog', 27, NULL);

-- --------------------------------------------------------

--
-- Table structure for table `model_has_permissionss`
--

CREATE TABLE `model_has_permissionss` (
  `permission_id` bigint UNSIGNED NOT NULL,
  `model_type` varchar(255) CHARACTER SET utf8mb4 COLLATE utf8mb4_unicode_ci NOT NULL,
  `model_id` bigint UNSIGNED NOT NULL,
  `manager_name` varchar(255) CHARACTER SET utf8mb4 COLLATE utf8mb4_unicode_ci DEFAULT NULL
) ENGINE=InnoDB DEFAULT CHARSET=utf8mb4 COLLATE=utf8mb4_unicode_ci;

--
-- Dumping data for table `model_has_permissionss`
--

INSERT INTO `model_has_permissionss` (`permission_id`, `model_type`, `model_id`, `manager_name`) VALUES
(1, 'App\\Models\\Member', 2, NULL),
(2, 'App\\Models\\Member', 2, NULL),
(3, 'App\\Models\\Member', 2, NULL),
(4, 'App\\Models\\Member', 2, NULL),
(5, 'App\\Models\\Member', 2, NULL),
(6, 'App\\Models\\Admin', 3, NULL),
(7, 'App\\Models\\Admin', 3, NULL),
(8, 'App\\Models\\Admin', 3, NULL),
(9, 'App\\Models\\Admin', 3, NULL),
(46, 'App\\Models\\Page', 4, NULL),
(47, 'App\\Models\\Page', 4, NULL),
(48, 'App\\Models\\EmailTemplate', 5, NULL),
(49, 'App\\Models\\EmailTemplate', 5, NULL),
(50, 'App\\Models\\Testimonial', 6, NULL),
(51, 'App\\Models\\Testimonial', 6, NULL),
(52, 'App\\Models\\Testimonial', 6, NULL),
(53, 'App\\Models\\Faq', 7, NULL),
(54, 'App\\Models\\Faq', 7, NULL),
(55, 'App\\Models\\Faq', 7, NULL),
(56, 'App\\Models\\Faq', 7, NULL),
(57, 'App\\Models\\Inquiries', 8, NULL),
(58, 'App\\Models\\Inquiries', 8, NULL),
(59, 'App\\Models\\Inquiries', 8, NULL),
(60, 'App\\Models\\NewsletterSubscription', 18, NULL),
(61, 'App\\Models\\NewsletterSubscription', 18, NULL),
(62, 'App\\Models\\NewsletterSubscription', 18, NULL),
(63, 'App\\Models\\NewsletterSubscription', 18, NULL),
(68, 'App\\Models\\Settings', 10, NULL),
(69, 'App\\Models\\Settings', 10, NULL),
(70, 'App\\Models\\SiteLogo', 11, NULL),
(71, 'App\\Models\\SmtpMail', 12, NULL),
(72, 'App\\Models\\Role', 13, NULL),
(73, 'App\\Models\\Role', 13, NULL),
(74, 'App\\Models\\Role', 13, NULL),
(75, 'App\\Models\\Role', 13, NULL);

-- --------------------------------------------------------

--
-- Table structure for table `model_has_roles`
--

CREATE TABLE `model_has_roles` (
  `role_id` bigint UNSIGNED NOT NULL,
  `model_type` varchar(255) CHARACTER SET utf8mb4 COLLATE utf8mb4_unicode_ci NOT NULL,
  `model_id` bigint UNSIGNED NOT NULL
) ENGINE=InnoDB DEFAULT CHARSET=utf8mb4 COLLATE=utf8mb4_unicode_ci;

--
-- Dumping data for table `model_has_roles`
--

INSERT INTO `model_has_roles` (`role_id`, `model_type`, `model_id`) VALUES
(1, 'App\\Models\\Admin', 1),
(1, 'App\\Models\\Admin', 6),
(1, 'App\\Models\\Admin', 10),
(1, 'App\\Models\\Admin', 18),
(1, 'App\\Models\\Admin', 19),
(1, 'App\\Models\\Admin', 24),
(1, 'App\\Models\\Admin', 26),
(1, 'App\\Models\\Admin', 27),
(1, 'App\\Models\\Admin', 28),
(2, 'App\\Models\\Admin', 2),
(2, 'App\\Models\\Admin', 7),
(2, 'App\\Models\\Admin', 9),
(2, 'App\\Models\\Admin', 10),
(2, 'App\\Models\\Admin', 11),
(2, 'App\\Models\\Admin', 13),
(2, 'App\\Models\\Admin', 14),
(2, 'App\\Models\\Admin', 15),
(2, 'App\\Models\\Admin', 16),
(2, 'App\\Models\\Admin', 17),
(2, 'App\\Models\\Admin', 20),
(2, 'App\\Models\\Admin', 21),
(2, 'App\\Models\\Admin', 22),
(2, 'App\\Models\\Admin', 23),
(28, 'App\\Models\\Admin', 30),
(2, 'App\\Models\\Admin', 25),
(2, 'App\\Models\\Admin', 12),
(2, 'App\\Models\\Admin', 29),
(1, 'App\\Models\\Admin', 31);

-- --------------------------------------------------------

--
-- Table structure for table `natures`
--

CREATE TABLE `natures` (
  `id` int NOT NULL,
  `title` varchar(50) CHARACTER SET utf8mb4 COLLATE utf8mb4_unicode_ci NOT NULL,
  `status` tinyint NOT NULL DEFAULT '1',
  `created_at` timestamp NOT NULL,
  `updated_at` timestamp NOT NULL
) ENGINE=InnoDB DEFAULT CHARSET=utf8mb4 COLLATE=utf8mb4_unicode_ci;

--
-- Dumping data for table `natures`
--

INSERT INTO `natures` (`id`, `title`, `status`, `created_at`, `updated_at`) VALUES
(1, 'open', 1, '2025-01-29 15:12:03', '2025-01-29 15:12:03'),
(2, 'close', 1, '2025-01-29 15:12:37', '2025-01-29 15:12:37'),
(3, 'temp', 1, '2025-01-29 15:12:49', '2025-01-29 15:12:49');

-- --------------------------------------------------------

--
-- Table structure for table `pages`
--

CREATE TABLE `pages` (
  `id` bigint UNSIGNED NOT NULL,
  `name` varchar(150) CHARACTER SET utf8mb4 COLLATE utf8mb4_unicode_ci NOT NULL,
  `slug` varchar(150) CHARACTER SET utf8mb4 COLLATE utf8mb4_unicode_ci NOT NULL,
  `description` text CHARACTER SET utf8mb4 COLLATE utf8mb4_unicode_ci,
  `meta_title` varchar(255) CHARACTER SET utf8mb4 COLLATE utf8mb4_unicode_ci DEFAULT NULL,
  `meta_keyword` text CHARACTER SET utf8mb4 COLLATE utf8mb4_unicode_ci,
  `meta_description` text CHARACTER SET utf8mb4 COLLATE utf8mb4_unicode_ci,
  `status` int DEFAULT NULL,
  `created_at` timestamp NULL DEFAULT NULL,
  `updated_at` timestamp NULL DEFAULT NULL,
  `deleted_at` timestamp NULL DEFAULT NULL
) ENGINE=InnoDB DEFAULT CHARSET=utf8mb4 COLLATE=utf8mb4_unicode_ci;

--
-- Dumping data for table `pages`
--

INSERT INTO `pages` (`id`, `name`, `slug`, `description`, `meta_title`, `meta_keyword`, `meta_description`, `status`, `created_at`, `updated_at`, `deleted_at`) VALUES
(1, 'About Us', 'about-us', '<p><em><strong>lorem ipsum&nbsp;lorem ipsum&nbsp;lorem ipsum&nbsp;lorem ipsum&nbsp;lorem ipsum&nbsp;lorem ipsum&nbsp;lorem ipsum&nbsp;lorem ipsum&nbsp;lorem ipsum&nbsp;lorem ipsum&nbsp;lorem ipsum&nbsp;lorem ipsum&nbsp;lorem ipsum&nbsp;lorem ipsum&nbsp;lorem ipsum&nbsp;lorem ipsum&nbsp;lorem ipsum&nbsp;lorem ipsum&nbsp;lorem ipsum&nbsp;lorem ipsum&nbsp;lorem ipsum&nbsp;lorem ipsum&nbsp;lorem ipsum&nbsp;lorem ipsum&nbsp;lorem ipsum&nbsp;lorem ipsum&nbsp;lorem ipsum&nbsp;lorem ipsum&nbsp;lorem ipsum&nbsp;lorem ipsum&nbsp;lorem ipsum&nbsp;lorem ipsum&nbsp;lorem ipsum&nbsp;lorem ipsum&nbsp;lorem ipsum&nbsp;lorem ipsum&nbsp;lorem ipsum&nbsp;lorem ipsum&nbsp;lorem ipsum&nbsp;lorem ipsum&nbsp;lorem ipsum&nbsp;lorem ipsum&nbsp;lorem ipsum&nbsp;lorem ipsum&nbsp;lorem ipsum&nbsp;lorem ipsum&nbsp;lorem ipsum&nbsp;lorem ipsum&nbsp;lorem ipsum&nbsp;lorem ipsum&nbsp;lorem ipsum&nbsp;lorem ipsum&nbsp;lorem ipsum&nbsp;lorem ipsum&nbsp;lorem ipsum&nbsp;lorem ipsum&nbsp;lorem ipsum&nbsp;lorem ipsum&nbsp;lorem ipsum&nbsp;lorem ipsum&nbsp;lorem ipsum&nbsp;lorem ipsum&nbsp;lorem ipsum&nbsp;lorem ipsum&nbsp;lorem ipsum&nbsp;lorem ipsum&nbsp;lorem ipsum&nbsp;lorem ipsum&nbsp;lorem ipsum&nbsp;lorem ipsum&nbsp;lorem ipsum&nbsp;lorem ipsum&nbsp;</strong></em></p>\r\n\r\n<p>&nbsp;</p>\r\n\r\n<p>&nbsp;</p>', 'Eos duis neque et cu', 'Quidem laboriosam e', '<p>alorem ipsum&nbsp;lorem ipsum&nbsp;lorem ipsum&nbsp;lorem ipsum&nbsp;lorem ipsum&nbsp;lorem ipsum&nbsp;lorem ipsum&nbsp;lorem ipsum&nbsp;lorem ipsum&nbsp;lorem ipsum&nbsp;lorem ipsum&nbsp;lorem ipsum&nbsp;lorem ipsum&nbsp;lorem ipsum&nbsp;lorem ipsum&nbsp;lorem ipsum&nbsp;lorem ipsum&nbsp;lorem ipsum&nbsp;lorem ipsum&nbsp;lorem ipsum&nbsp;lorem ipsum&nbsp;lorem ipsum&nbsp;lorem ipsum&nbsp;lorem ipsum&nbsp;lorem ipsum&nbsp;lorem ipsum&nbsp;lorem ipsum&nbsp;lorem ipsum&nbsp;lorem ipsum&nbsp;lorem ipsum&nbsp;lorem ipsum&nbsp;lorem ipsum&nbsp;lorem ipsum&nbsp;lorem ipsum&nbsp;lorem ipsum&nbsp;lorem ipsum&nbsp;lorem ipsum&nbsp;lorem ipsum&nbsp;lorem ipsum&nbsp;lorem ipsum&nbsp;lorem ipsum&nbsp;lorem ipsum&nbsp;lorem ipsum&nbsp;lorem ipsum&nbsp;lorem ipsum&nbsp;lorem ipsum&nbsp;lorem ipsum&nbsp;lorem ipsum&nbsp;lorem ipsum&nbsp;lorem ipsum&nbsp;lorem ipsum&nbsp;lorem ipsum&nbsp;lorem ipsum&nbsp;lorem ipsum&nbsp;lorem ipsum&nbsp;lorem ipsum&nbsp;lorem ipsum&nbsp;lorem ipsum&nbsp;lorem ipsum&nbsp;lorem ipsum&nbsp;lorem ipsum&nbsp;lorem ipsum&nbsp;lorem ipsum&nbsp;lorem ipsum&nbsp;lorem ipsum&nbsp;lorem ipsum&nbsp;lorem ipsum&nbsp;lorem ipsum&nbsp;lorem ipsum&nbsp;lorem ipsum&nbsp;lorem ipsum&nbsp;lorem ipsum&nbsp;</p>\r\n\r\n<p>&nbsp;</p>\r\n\r\n<p>&nbsp;</p>', 1, '2024-08-20 12:09:40', '2025-01-31 06:41:28', NULL),
(2, 'Privacy Policy', 'privacy-policy', '<p>CarBaBa.co.uk</p>\r\n\r\n<p>PRIVACY POLICY</p>\r\n\r\n<p><br />\r\nThis Privacy Policy is applicable to this website and all other related websites owned by CarBaBa.co.uk. It will explain that how we use and keep your data. And how cookies will be used.</p>\r\n\r\n<p><br />\r\nKindly read this Privacy Policy prior to use this site and all other associate sites. You should not use this site if you disagree with the policy. By visiting the Site you are accepting this Policy and you expressly consent to our use and disclosure of your personal information as described in this Policy</p>\r\n\r\n<p>&nbsp;</p>\r\n\r\n<p><strong>1. DATA COLLECTION AND USAGE</strong></p>\r\n\r\n<p>As we provide car buying service and give free valuation of your car. For this purpose initially you have to provide your vehicle details such as registration number and mileage etc. And on second stage we need your name, mobile number, email and post code etc. These details help us to send you valuation via email and text. Further we use these details to contact you and discuss the possibility of free collection. We contact you via mobile and email etc.</p>\r\n\r\n<p>&nbsp;</p>\r\n\r\n<p>If you want to do not want to be contacted by any medium, then you can reply word &ldquo;STOP&rdquo; to our SMS and email. You can also write in &ldquo;Message to buyer&rdquo; section on second page of the valuation process, with the heading of &ldquo;Any electrical of mechanical issue with the car&rdquo;. In that if you want to write the word &ldquo;STOP&rdquo; or write that you do not want to be contacted. They you will not receive any further email/call after the initial email.</p>\r\n\r\n<p>&nbsp;</p>\r\n\r\n<p><strong>2. COOKIES POLICY</strong></p>\r\n\r\n<p><br />\r\nLike other websites <a href=\"http://www.carbaba.co.uk\">www.carbaba.co.uk</a> uses &ldquo;cookies&rdquo; for the better performance and service of our website.</p>\r\n\r\n<p><br />\r\n<strong>By using our Website you are agreeing to the use of cookies by us. </strong></p>\r\n\r\n<p><br />\r\nIf you have any questions or concerns about our Cookie Policy then please contact us via our contact us page on the website.</p>\r\n\r\n<p>&nbsp;</p>\r\n\r\n<p><strong>WHAT ARE COOKIES?</strong></p>\r\n\r\n<p><br />\r\nA cookie is a small text file that can be stored by your computer&#39;s hard drive that will then allow the site you are visiting to work, or work more efficiently, as well as provide information to the owner of the site.</p>\r\n\r\n<p><br />\r\nFor more information on cookies please visit&nbsp;<a href=\"http://allaboutcookies.org/\" target=\"_blank\">allaboutcookies.org</a>.</p>\r\n\r\n<p><br />\r\n<strong>HOW DO WE USE COOKIES?</strong></p>\r\n\r\n<p><br />\r\nWe use only limited type of cookies.</p>\r\n\r\n<p>We use cookie to obtain your IP address.</p>\r\n\r\n<p>We also use cookie to limit for number of valuations you can have on single day.</p>\r\n\r\n<p>We further use cookie to store website pictures on your computer to enhance the website speed.</p>\r\n\r\n<p><br />\r\n3. DATA SHARING</p>\r\n\r\n<p><br />\r\nWe will not disclose your data to any other company.</p>\r\n\r\n<p><br />\r\n4. STORING YOUR DATA</p>\r\n\r\n<p>The website and its relevant data including information entered by you will be stored with hosting companies in EEA. And we will try our best to protect it.</p>\r\n\r\n<p>&nbsp;</p>\r\n\r\n<p>Although the data submission and its storage cannot be insured completely. And we cannot guarantee its complete security. And all information entered on our website is at your own risk.&nbsp;</p>\r\n\r\n<p><br />\r\n5. CONTACT</p>\r\n\r\n<p><br />\r\nYou can contact us via our contact us page. And we will respond to your concerns regarding our website and your data.</p>\r\n\r\n<p>Alternatively you can also write us on the address provided on our contact us page.</p>\r\n\r\n<p>&nbsp;</p>\r\n\r\n<p><strong>6. CHANGES</strong></p>\r\n\r\n<p><br />\r\nAny future changes will be pasted and updated on this page.</p>', NULL, NULL, NULL, NULL, '2024-08-30 10:21:12', '2025-07-14 07:56:54', NULL),
(3, 'Terms & Condition', 'terms-condition', '<p><strong>1. Introduction</strong> These Terms and Conditions (&quot;Terms&quot;) govern your use of this website and all related websites owned by HARIS YOUNAS Limited of Priory House, Marsh Road, Wembley, HA0 1ES (&quot;Company,&quot; &quot;we,&quot; &quot;our,&quot; &quot;us&quot;). By accessing or using our website, you agree to abide by these Terms. If you do not agree, please refrain from using our website.</p>\r\n\r\n<p><strong>2. Services Provided</strong> Our website provides a car buying service, including free car valuation. To use our services, you must provide vehicle details such as registration number and mileage. Additional personal details, including your name, mobile number, email, and postcode, may be required for communication purposes.</p>\r\n\r\n<p><strong>3. User Responsibilities</strong></p>\r\n\r\n<ul>\r\n	<li>You must provide accurate and complete information.</li>\r\n	<li>You must be at least 18 years old to use our services.</li>\r\n	<li>You agree not to misuse the website or engage in fraudulent activities.</li>\r\n	<li>You are responsible for maintaining the confidentiality of your account details, if applicable.</li>\r\n</ul>\r\n\r\n<p><strong>4. Data Collection and Privacy</strong> We collect and process personal data as outlined in our Privacy Policy. By using our services, you consent to our data collection, storage, and usage practices, including receiving valuation updates and communication via email and SMS. You may opt-out at any time by replying &quot;STOP&quot; to our messages or specifying your preference in the &quot;Message to Buyer&quot; section.</p>\r\n\r\n<p><strong>5. Cookies Policy</strong> Our website uses cookies to enhance user experience. By using our website, you consent to our use of cookies. More details can be found in our Privacy Policy.</p>\r\n\r\n<p><strong>6. Limitation of Liability</strong></p>\r\n\r\n<ul>\r\n	<li>We strive to ensure accurate and reliable services, but we do not guarantee the completeness, accuracy, or timeliness of our car valuation.</li>\r\n	<li>We are not liable for any loss or damages arising from the use of our website or services.</li>\r\n	<li>We do not guarantee the security of data transmissions; users provide information at their own risk.</li>\r\n</ul>\r\n\r\n<p><strong>7. Data Sharing and Storage</strong></p>\r\n\r\n<ul>\r\n	<li>We do not share your personal data with third parties, except as required by law.</li>\r\n	<li>Your data is stored on servers within the European Economic Area (EEA) with appropriate security measures in place.</li>\r\n</ul>\r\n\r\n<p><strong>8. Termination of Service</strong> We reserve the right to suspend or terminate your access to our website or services at our discretion, without prior notice, if we believe you have violated these Terms.</p>\r\n\r\n<p><strong>9. Changes to Terms and Conditions</strong> We may update these Terms from time to time. Any changes will be posted on this page, and continued use of our website after such updates constitutes acceptance of the revised Terms.</p>\r\n\r\n<p><strong>10. Contact Information</strong> For any questions regarding these Terms and Conditions, please contact us via our contact page or at the address provided on our website.</p>', 'lorem ipsum', 'lorem ipsum', '<p>lorem ipsum&nbsp;lorem ipsum&nbsp;lorem ipsum&nbsp;lorem ipsum&nbsp;lorem ipsum&nbsp;lorem ipsum&nbsp;lorem ipsum&nbsp;lorem ipsum&nbsp;lorem ipsum&nbsp;lorem ipsum&nbsp;lorem ipsum&nbsp;lorem ipsum&nbsp;lorem ipsum&nbsp;lorem ipsum&nbsp;lorem ipsum&nbsp;lorem ipsum&nbsp;lorem ipsum&nbsp;lorem ipsum&nbsp;lorem ipsum&nbsp;lorem ipsum&nbsp;lorem ipsum&nbsp;lorem ipsum&nbsp;lorem ipsum&nbsp;lorem ipsum&nbsp;lorem ipsum&nbsp;lorem ipsum&nbsp;lorem ipsum&nbsp;lorem ipsum&nbsp;lorem ipsum&nbsp;lorem ipsum&nbsp;lorem ipsum&nbsp;lorem ipsum&nbsp;lorem ipsum&nbsp;lorem ipsum&nbsp;lorem ipsum&nbsp;lorem ipsum&nbsp;lorem ipsum&nbsp;lorem ipsum&nbsp;lorem ipsum&nbsp;lorem ipsum&nbsp;lorem ipsum&nbsp;lorem ipsum&nbsp;lorem ipsum&nbsp;lorem ipsum&nbsp;lorem ipsum&nbsp;lorem ipsum&nbsp;lorem ipsum&nbsp;lorem ipsum&nbsp;lorem ipsum&nbsp;lorem ipsum&nbsp;lorem ipsum&nbsp;lorem ipsum&nbsp;lorem ipsum&nbsp;lorem ipsum&nbsp;lorem ipsum&nbsp;lorem ipsum&nbsp;lorem ipsum&nbsp;lorem ipsum&nbsp;lorem ipsum&nbsp;lorem ipsum&nbsp;</p>', 1, '2024-08-30 10:21:12', '2025-03-19 02:06:27', NULL);

-- --------------------------------------------------------

--
-- Table structure for table `pages_langs`
--

CREATE TABLE `pages_langs` (
  `id` bigint UNSIGNED NOT NULL,
  `page_id` bigint UNSIGNED NOT NULL,
  `language_id` bigint UNSIGNED NOT NULL,
  `description` text CHARACTER SET utf8mb4 COLLATE utf8mb4_unicode_ci,
  `meta_title` varchar(150) CHARACTER SET utf8mb4 COLLATE utf8mb4_unicode_ci DEFAULT NULL,
  `meta_keyword` varchar(150) CHARACTER SET utf8mb4 COLLATE utf8mb4_unicode_ci DEFAULT NULL,
  `meta_description` varchar(255) CHARACTER SET utf8mb4 COLLATE utf8mb4_unicode_ci DEFAULT NULL,
  `created_at` timestamp NULL DEFAULT NULL,
  `updated_at` timestamp NULL DEFAULT NULL
) ENGINE=InnoDB DEFAULT CHARSET=utf8mb4 COLLATE=utf8mb4_unicode_ci;

--
-- Dumping data for table `pages_langs`
--

INSERT INTO `pages_langs` (`id`, `page_id`, `language_id`, `description`, `meta_title`, `meta_keyword`, `meta_description`, `created_at`, `updated_at`) VALUES
(1, 1, 6, NULL, NULL, NULL, NULL, '2024-08-20 12:10:16', '2024-10-08 04:28:41'),
(5, 2, 6, '<p>Lorem ipsum dolor sit amet, consectetur adipiscing elit, sed do eiusmod tempor incididunt ut labore et dolore magna aliqua. Ut enim ad minim veniam, quis nostrud exercitation ullamco laboris nisi ut aliquip ex ea commodo consequat. Duis aute irure dolor in reprehenderit in voluptate velit esse cillum dolore eu fugiat nulla pariatur. Excepteur sint occaecat cupidatat non proident, sunt in culpa qui officia deserunt mollit anim id est laborum.</p>', 'Privacy Policy', 'Privacy Policy', '<p>Lorem ipsum dolor sit amet, consectetur adipiscing nisi ut aliquip ex ea qui officia deserunt mollit anim id est laborum.</p>', '2024-08-30 10:22:10', '2024-08-30 10:22:10');

-- --------------------------------------------------------

--
-- Table structure for table `password_change_logs`
--

CREATE TABLE `password_change_logs` (
  `id` int NOT NULL,
  `member_id` int DEFAULT NULL,
  `created_at` timestamp NOT NULL,
  `updated_at` timestamp NOT NULL
) ENGINE=InnoDB DEFAULT CHARSET=utf8mb4 COLLATE=utf8mb4_unicode_ci;

--
-- Dumping data for table `password_change_logs`
--

INSERT INTO `password_change_logs` (`id`, `member_id`, `created_at`, `updated_at`) VALUES
(1, 19, '2025-03-27 09:56:24', '2025-03-27 09:56:24');

-- --------------------------------------------------------

--
-- Table structure for table `password_resets`
--

CREATE TABLE `password_resets` (
  `id` int NOT NULL,
  `email` varchar(255) CHARACTER SET utf8mb4 COLLATE utf8mb4_unicode_ci DEFAULT NULL,
  `code` varchar(255) CHARACTER SET utf8mb4 COLLATE utf8mb4_unicode_ci DEFAULT NULL,
  `created_at` timestamp NOT NULL DEFAULT CURRENT_TIMESTAMP,
  `updated_at` timestamp NOT NULL DEFAULT CURRENT_TIMESTAMP
) ENGINE=InnoDB DEFAULT CHARSET=utf8mb4 COLLATE=utf8mb4_unicode_ci;

--
-- Dumping data for table `password_resets`
--

INSERT INTO `password_resets` (`id`, `email`, `code`, `created_at`, `updated_at`) VALUES
(6, 'reetu955rr9@yopmail.com', '628316', '2024-01-17 05:34:17', '2024-01-17 05:34:17'),
(8, 'himanshu@yopmail.com', '918496', '2024-01-17 08:15:05', '2024-01-17 08:15:05'),
(11, 'san@yopmail.com', '361252', '2024-01-18 05:39:47', '2024-01-18 05:39:47'),
(14, 'r@yopmail.com', '398275', '2024-03-15 04:22:27', '2024-03-15 04:22:27'),
(55, 'TestUser@yopmail.com', '645776', '2025-03-31 05:25:49', '2025-03-31 05:25:49'),
(61, 'test890ss@yopmail.com', '319373', '2025-04-01 09:01:07', '2025-04-01 09:01:07'),
(106, 'saxyqil@mailinator.com', '550971', '2025-04-05 09:28:57', '2025-04-05 09:28:57'),
(108, 'testuser23@yopmail.com', '202065', '2025-04-16 10:25:58', '2025-04-16 10:25:58');

-- --------------------------------------------------------

--
-- Table structure for table `password_reset_tokens`
--

CREATE TABLE `password_reset_tokens` (
  `email` varchar(255) CHARACTER SET utf8mb4 COLLATE utf8mb4_unicode_ci NOT NULL,
  `token` varchar(255) CHARACTER SET utf8mb4 COLLATE utf8mb4_unicode_ci NOT NULL,
  `created_at` timestamp NULL DEFAULT NULL
) ENGINE=InnoDB DEFAULT CHARSET=utf8mb4 COLLATE=utf8mb4_unicode_ci;

--
-- Dumping data for table `password_reset_tokens`
--

INSERT INTO `password_reset_tokens` (`email`, `token`, `created_at`) VALUES
('adminds@yopmail.com', 'J4eh1b1sH1g6pdtpW6Y2eMflqtNRAbTWG9cJwuRlGyTaLCyOIVBsbNLYMqd8CDRM', '2025-01-31 01:17:27'),
('jobseeker@yopmail.com', 'O6OTLEKPD1CohoVFIpVTM56ZhpIqHOBbEZcypPm480oEEvxmH5CKfiwDNfjIBEHe', '2024-12-02 04:08:46'),
('shubham@yopmail.com', 'Z19k3Z0jKfPy9YzLbSm4gRv7HhJUl2lA0xLFNZWh33WdJHmQ6OxIslXdG2Utgtzh', '2024-10-30 07:07:10');

-- --------------------------------------------------------

--
-- Table structure for table `pause_unpause_logs`
--

CREATE TABLE `pause_unpause_logs` (
  `id` int NOT NULL,
  `member_id` int NOT NULL,
  `action` tinyint(1) NOT NULL COMMENT '1=>pause,0=>unpause',
  `performed_by` bigint DEFAULT NULL,
  `created_at` timestamp NOT NULL DEFAULT CURRENT_TIMESTAMP,
  `updated_at` timestamp NOT NULL DEFAULT CURRENT_TIMESTAMP
) ENGINE=InnoDB DEFAULT CHARSET=utf8mb4 COLLATE=utf8mb4_unicode_ci;

--
-- Dumping data for table `pause_unpause_logs`
--

INSERT INTO `pause_unpause_logs` (`id`, `member_id`, `action`, `performed_by`, `created_at`, `updated_at`) VALUES
(1, 19, 1, NULL, '2025-03-21 06:20:09', '2025-03-21 06:20:09'),
(2, 19, 0, NULL, '2025-03-21 06:20:25', '2025-03-21 06:20:25'),
(3, 19, 1, NULL, '2025-03-24 07:24:44', '2025-03-24 07:24:44'),
(4, 19, 0, NULL, '2025-03-24 07:24:47', '2025-03-24 07:24:47'),
(5, 19, 1, NULL, '2025-03-24 08:37:03', '2025-03-24 08:37:03'),
(6, 19, 0, NULL, '2025-03-24 08:37:08', '2025-03-24 08:37:08'),
(7, 19, 1, NULL, '2025-03-24 09:15:48', '2025-03-24 09:15:48'),
(8, 19, 0, NULL, '2025-03-24 09:17:24', '2025-03-24 09:17:24'),
(9, 19, 0, NULL, '2025-03-24 13:37:11', '2025-03-24 13:37:11'),
(10, 22, 1, NULL, '2025-03-25 09:29:37', '2025-03-25 09:29:37'),
(11, 12, 0, NULL, '2025-03-25 09:58:57', '2025-03-25 09:58:57'),
(12, 19, 1, NULL, '2025-03-25 10:01:37', '2025-03-25 10:01:37'),
(13, 19, 0, NULL, '2025-03-25 10:02:29', '2025-03-25 10:02:29'),
(14, 19, 1, NULL, '2025-03-25 10:03:11', '2025-03-25 10:03:11'),
(15, 19, 0, NULL, '2025-03-25 10:04:30', '2025-03-25 10:04:30'),
(16, 19, 1, NULL, '2025-03-25 10:06:11', '2025-03-25 10:06:11'),
(17, 19, 0, NULL, '2025-03-25 10:06:44', '2025-03-25 10:06:44'),
(18, 19, 1, NULL, '2025-03-25 10:07:34', '2025-03-25 10:07:34'),
(19, 10, 1, NULL, '2025-03-26 04:54:52', '2025-03-26 04:54:52'),
(20, 10, 0, NULL, '2025-03-26 05:00:18', '2025-03-26 05:00:18'),
(21, 10, 1, NULL, '2025-03-26 05:00:22', '2025-03-26 05:00:22'),
(22, 19, 1, NULL, '2025-03-26 05:45:43', '2025-03-26 05:45:43'),
(23, 19, 0, NULL, '2025-03-26 10:12:30', '2025-03-26 10:12:30'),
(24, 19, 1, NULL, '2025-03-26 10:12:38', '2025-03-26 10:12:38'),
(25, 19, 0, NULL, '2025-03-26 10:12:54', '2025-03-26 10:12:54'),
(26, 22, 0, NULL, '2025-03-26 15:21:12', '2025-03-26 15:21:12'),
(27, 22, 1, NULL, '2025-03-26 15:21:16', '2025-03-26 15:21:16'),
(28, 19, 1, NULL, '2025-03-28 12:18:05', '2025-03-28 12:18:05'),
(29, 19, 0, NULL, '2025-03-28 12:18:38', '2025-03-28 12:18:38'),
(30, 19, 0, 19, '2025-03-31 12:10:48', '2025-03-31 12:10:48'),
(31, 19, 1, 19, '2025-03-31 12:10:54', '2025-03-31 12:10:54'),
(32, 19, 0, 19, '2025-03-31 12:10:58', '2025-03-31 12:10:58'),
(33, 19, 1, 19, '2025-03-31 12:12:11', '2025-03-31 12:12:11'),
(34, 19, 0, 19, '2025-03-31 12:12:14', '2025-03-31 12:12:14'),
(35, 19, 1, 19, '2025-03-31 12:12:33', '2025-03-31 12:12:33'),
(36, 19, 0, 19, '2025-03-31 12:12:51', '2025-03-31 12:12:51'),
(37, 12, 1, 12, '2025-04-01 09:58:21', '2025-04-01 09:58:21'),
(38, 12, 0, 12, '2025-04-01 09:58:38', '2025-04-01 09:58:38'),
(39, 12, 1, 12, '2025-04-01 10:13:12', '2025-04-01 10:13:12'),
(40, 27, 1, 27, '2025-04-02 04:22:12', '2025-04-02 04:22:12'),
(41, 7, 1, 1, '2025-04-02 10:06:59', '2025-04-02 10:06:59'),
(42, 7, 0, 1, '2025-04-02 10:07:52', '2025-04-02 10:07:52'),
(43, 30, 0, 1, '2025-04-02 10:11:14', '2025-04-02 10:11:14'),
(44, 19, 1, 19, '2025-04-03 06:07:07', '2025-04-03 06:07:07'),
(45, 31, 0, 1, '2025-04-03 11:10:22', '2025-04-03 11:10:22'),
(46, 28, 1, 1, '2025-04-03 11:39:21', '2025-04-03 11:39:21'),
(47, 19, 0, 1, '2025-04-04 05:43:20', '2025-04-04 05:43:20'),
(48, 32, 0, 31, '2025-04-04 09:14:32', '2025-04-04 09:14:32'),
(49, 33, 0, 1, '2025-04-04 11:32:08', '2025-04-04 11:32:08'),
(50, 10, 0, 1, '2025-04-04 11:54:41', '2025-04-04 11:54:41'),
(51, 19, 1, 19, '2025-04-05 04:03:30', '2025-04-05 04:03:30'),
(52, 19, 0, 19, '2025-04-05 04:04:11', '2025-04-05 04:04:11'),
(53, 19, 1, 19, '2025-04-05 04:39:30', '2025-04-05 04:39:30'),
(54, 19, 0, 19, '2025-04-05 04:41:36', '2025-04-05 04:41:36'),
(55, 19, 1, 19, '2025-04-05 06:29:10', '2025-04-05 06:29:10'),
(56, 10, 0, 10, '2025-04-05 08:51:41', '2025-04-05 08:51:41'),
(57, 10, 1, 10, '2025-04-05 08:51:55', '2025-04-05 08:51:55'),
(58, 10, 0, 1, '2025-04-05 08:58:33', '2025-04-05 08:58:33'),
(59, 27, 0, 1, '2025-04-05 10:13:42', '2025-04-05 10:13:42'),
(60, 27, 1, 27, '2025-04-05 10:19:01', '2025-04-05 10:19:01'),
(61, 35, 0, 1, '2025-04-07 09:51:22', '2025-04-07 09:51:22'),
(62, 36, 0, 1, '2025-04-07 09:54:24', '2025-04-07 09:54:24'),
(63, 10, 0, 1, '2025-04-07 12:08:34', '2025-04-07 12:08:34'),
(64, 10, 1, 1, '2025-04-07 12:29:22', '2025-04-07 12:29:22'),
(65, 28, 0, 28, '2025-04-16 08:54:01', '2025-04-16 08:54:01'),
(66, 28, 1, 28, '2025-04-16 08:54:06', '2025-04-16 08:54:06'),
(67, 28, 0, 28, '2025-04-16 09:14:23', '2025-04-16 09:14:23'),
(68, 28, 1, 28, '2025-04-16 09:14:27', '2025-04-16 09:14:27'),
(69, 28, 0, 28, '2025-04-16 09:14:32', '2025-04-16 09:14:32'),
(70, 28, 1, 28, '2025-04-16 09:17:39', '2025-04-16 09:17:39'),
(71, 28, 0, 28, '2025-04-16 09:17:46', '2025-04-16 09:17:46'),
(72, 19, 0, 19, '2025-04-16 14:42:19', '2025-04-16 14:42:19'),
(73, 19, 1, 19, '2025-04-16 14:42:32', '2025-04-16 14:42:32'),
(74, 19, 0, 19, '2025-04-16 14:43:32', '2025-04-16 14:43:32'),
(75, 19, 1, 19, '2025-04-16 14:44:27', '2025-04-16 14:44:27'),
(76, 19, 0, 19, '2025-04-16 14:44:31', '2025-04-16 14:44:31'),
(77, 19, 0, 19, '2025-04-16 14:46:04', '2025-04-16 14:46:04'),
(78, 19, 0, 19, '2025-04-16 14:46:08', '2025-04-16 14:46:08'),
(79, 19, 0, 19, '2025-04-16 14:47:10', '2025-04-16 14:47:10'),
(80, 19, 1, 19, '2025-04-16 14:47:35', '2025-04-16 14:47:35'),
(81, 19, 0, 19, '2025-04-16 14:47:38', '2025-04-16 14:47:38'),
(82, 19, 1, 19, '2025-04-16 14:49:03', '2025-04-16 14:49:03'),
(83, 19, 1, 19, '2025-04-16 14:50:08', '2025-04-16 14:50:08'),
(84, 19, 0, 19, '2025-04-16 14:50:12', '2025-04-16 14:50:12'),
(85, 19, 1, 19, '2025-04-16 14:50:17', '2025-04-16 14:50:17'),
(86, 19, 1, 19, '2025-04-16 14:51:11', '2025-04-16 14:51:11'),
(87, 19, 0, 19, '2025-04-16 14:51:21', '2025-04-16 14:51:21'),
(88, 19, 1, 19, '2025-04-16 14:51:47', '2025-04-16 14:51:47'),
(89, 19, 0, 19, '2025-04-16 14:52:08', '2025-04-16 14:52:08'),
(90, 19, 0, 19, '2025-04-16 14:52:40', '2025-04-16 14:52:40'),
(91, 19, 1, 19, '2025-04-16 14:52:56', '2025-04-16 14:52:56'),
(92, 19, 0, 19, '2025-04-16 14:54:32', '2025-04-16 14:54:32'),
(93, 19, 1, 19, '2025-04-16 14:57:16', '2025-04-16 14:57:16'),
(94, 19, 0, 19, '2025-04-24 06:29:22', '2025-04-24 06:29:22'),
(95, 19, 1, 19, '2025-04-30 08:30:05', '2025-04-30 08:30:05'),
(96, 19, 0, 19, '2025-04-30 08:30:09', '2025-04-30 08:30:09'),
(97, 19, 1, 19, '2025-05-01 09:53:25', '2025-05-01 09:53:25'),
(98, 33, 0, 1, '2025-05-15 09:13:11', '2025-05-15 09:13:11'),
(99, 33, 1, 1, '2025-05-15 09:13:42', '2025-05-15 09:13:42'),
(100, 33, 0, 1, '2025-05-15 09:13:50', '2025-05-15 09:13:50'),
(101, 33, 1, 1, '2025-05-15 09:13:57', '2025-05-15 09:13:57'),
(102, 33, 0, 1, '2025-05-15 09:16:38', '2025-05-15 09:16:38'),
(103, 33, 1, 1, '2025-05-15 09:58:42', '2025-05-15 09:58:42'),
(104, 19, 0, 19, '2025-05-21 10:12:06', '2025-05-21 10:12:06'),
(105, 19, 1, 19, '2025-05-21 10:12:11', '2025-05-21 10:12:11'),
(106, 19, 0, 19, '2025-05-21 10:16:31', '2025-05-21 10:16:31'),
(107, 19, 1, 19, '2025-05-21 10:16:37', '2025-05-21 10:16:37'),
(108, 19, 0, 19, '2025-05-27 06:30:52', '2025-05-27 06:30:52'),
(109, 19, 1, 19, '2025-05-27 06:36:34', '2025-05-27 06:36:34'),
(110, 19, 0, 19, '2025-05-27 06:36:52', '2025-05-27 06:36:52'),
(111, 19, 1, 19, '2025-05-27 06:39:33', '2025-05-27 06:39:33'),
(112, 19, 0, 19, '2025-05-27 08:05:59', '2025-05-27 08:05:59'),
(113, 19, 1, 19, '2025-05-28 09:52:20', '2025-05-28 09:52:20'),
(114, 19, 0, 19, '2025-05-28 13:01:11', '2025-05-28 13:01:11'),
(115, 19, 1, 19, '2025-06-12 05:57:01', '2025-06-12 05:57:01'),
(116, 19, 0, 19, '2025-06-12 10:15:36', '2025-06-12 10:15:36'),
(117, 19, 1, 19, '2025-06-16 12:42:37', '2025-06-16 12:42:37'),
(118, 19, 0, 19, '2025-06-30 13:05:57', '2025-06-30 13:05:57'),
(119, 19, 1, 19, '2025-07-03 12:23:47', '2025-07-03 12:23:47'),
(120, 19, 0, 19, '2025-07-16 09:38:52', '2025-07-16 09:38:52'),
(121, 19, 1, 19, '2025-07-17 06:29:53', '2025-07-17 06:29:53'),
(122, 19, 0, 19, '2025-07-17 06:30:00', '2025-07-17 06:30:00'),
(123, 19, 1, 19, '2025-07-17 08:00:10', '2025-07-17 08:00:10'),
(124, 19, 0, 19, '2025-07-17 08:01:25', '2025-07-17 08:01:25'),
(125, 19, 1, 1, '2025-07-22 09:04:49', '2025-07-22 09:04:49'),
(126, 19, 1, 19, '2025-07-22 09:05:03', '2025-07-22 09:05:03'),
(127, 19, 0, 19, '2025-07-22 09:05:11', '2025-07-22 09:05:11'),
(128, 19, 1, 19, '2025-07-22 11:47:48', '2025-07-22 11:47:48'),
(129, 19, 0, 19, '2025-07-22 11:47:57', '2025-07-22 11:47:57'),
(130, 19, 1, 1, '2025-07-23 08:09:37', '2025-07-23 08:09:37');

-- --------------------------------------------------------

--
-- Table structure for table `permanent_messages`
--

CREATE TABLE `permanent_messages` (
  `id` int NOT NULL,
  `message` text CHARACTER SET utf8mb4 COLLATE utf8mb4_unicode_ci,
  `member_id` bigint DEFAULT NULL,
  `status` tinyint NOT NULL DEFAULT '1',
  `created_at` timestamp NOT NULL DEFAULT CURRENT_TIMESTAMP,
  `updated_at` timestamp NOT NULL DEFAULT CURRENT_TIMESTAMP
) ENGINE=InnoDB DEFAULT CHARSET=utf8mb4 COLLATE=utf8mb4_unicode_ci;

--
-- Dumping data for table `permanent_messages`
--

INSERT INTO `permanent_messages` (`id`, `message`, `member_id`, `status`, `created_at`, `updated_at`) VALUES
(11, 'awdawda', 19, 0, '2025-03-26 07:37:15', '2025-04-03 11:35:51'),
(12, 'awdawda', 19, 1, '2025-03-26 07:37:15', '2025-03-26 07:40:51'),
(13, NULL, 9, 0, '2025-04-01 09:51:35', '2025-04-01 09:52:26');

-- --------------------------------------------------------

--
-- Table structure for table `permissions`
--

CREATE TABLE `permissions` (
  `id` bigint UNSIGNED NOT NULL,
  `name` varchar(255) CHARACTER SET utf8mb4 COLLATE utf8mb4_unicode_ci NOT NULL,
  `guard_name` varchar(255) CHARACTER SET utf8mb4 COLLATE utf8mb4_unicode_ci NOT NULL,
  `created_at` timestamp NULL DEFAULT NULL,
  `updated_at` timestamp NULL DEFAULT NULL
) ENGINE=InnoDB DEFAULT CHARSET=utf8mb4 COLLATE=utf8mb4_unicode_ci;

--
-- Dumping data for table `permissions`
--

INSERT INTO `permissions` (`id`, `name`, `guard_name`, `created_at`, `updated_at`) VALUES
(1, 'Member-list', 'admin', '2024-03-20 06:39:05', '2024-03-20 06:39:05'),
(2, 'Member-create', 'admin', '2024-03-20 06:39:05', '2024-03-20 06:39:05'),
(3, 'Member-edit', 'admin', '2024-03-20 06:39:05', '2024-03-20 06:39:05'),
(4, 'Member-delete', 'admin', '2024-03-20 06:39:05', '2024-03-20 06:39:05'),
(5, 'Member-list-change-password', 'admin', '2024-03-20 06:39:05', '2024-03-20 06:39:05'),
(6, 'Sale Man-list', 'admin', NULL, NULL),
(7, 'Sale Man-create', 'admin', NULL, NULL),
(8, 'Sale Man-edit', 'admin', NULL, NULL),
(9, 'Sale Man-delete', 'admin', NULL, NULL),
(18, 'Global Reports-list', 'admin', NULL, NULL),
(19, 'Global Reports-create', 'admin', NULL, NULL),
(20, 'Global Reports-edit', 'admin', NULL, NULL),
(21, 'Global Reports-delete', 'admin', NULL, NULL),
(22, 'Transactions-list', 'admin', NULL, NULL),
(23, 'Transactions-view', 'admin', NULL, NULL),
(34, 'Countries-list', 'admin', NULL, NULL),
(35, 'Countries-create', 'admin', NULL, NULL),
(36, 'Countries-edit', 'admin', NULL, NULL),
(37, 'Countries-delete', 'admin', NULL, NULL),
(38, 'State-list', 'admin', NULL, NULL),
(39, 'State-create', 'admin', NULL, NULL),
(40, 'State-edit', 'admin', NULL, NULL),
(41, 'State-delete', 'admin', NULL, NULL),
(42, 'City-list', 'admin', NULL, NULL),
(43, 'City-create', 'admin', NULL, NULL),
(44, 'City-edit', 'admin', NULL, NULL),
(45, 'City-delete', 'admin', NULL, NULL),
(46, 'CMS Pages-list', 'admin', NULL, NULL),
(47, 'CMS Pages-edit', 'admin', NULL, NULL),
(48, 'Email Template-list', 'admin', NULL, NULL),
(49, 'Email Template-edit', 'admin', NULL, NULL),
(50, 'Testimonial-list', 'admin', NULL, NULL),
(51, 'Testimonial-create', 'admin', NULL, NULL),
(52, 'Testimonial-edit', 'admin', NULL, NULL),
(53, 'Faq-list', 'admin', NULL, NULL),
(54, 'Faq-create', 'admin', NULL, NULL),
(55, 'Faq-edit', 'admin', NULL, NULL),
(56, 'Faq-delete', 'admin', NULL, NULL),
(57, 'Inquiries-list', 'admin', NULL, NULL),
(58, 'Inquiries-response', 'admin', NULL, NULL),
(59, 'Inquiries-delete', 'admin', NULL, NULL),
(60, 'Newsletters Subscriptions-list', 'admin', NULL, NULL),
(61, 'Newsletters Subscriptions-create', 'admin', NULL, NULL),
(62, 'Newsletters Subscriptions-edit', 'admin', NULL, NULL),
(63, 'Newsletters Subscriptions-delete', 'admin', NULL, NULL),
(64, 'Languages-list', 'admin', NULL, NULL),
(65, 'Languages-create', 'admin', NULL, NULL),
(66, 'Languages-edit', 'admin', NULL, NULL),
(67, 'Languages-delete', 'admin', NULL, NULL),
(68, 'General Settings-list', 'admin', NULL, NULL),
(69, 'General Settings-edit', 'admin', NULL, NULL),
(70, 'Logo/Fav Setting-create', 'admin', NULL, NULL),
(71, 'SMTP-create', 'admin', NULL, NULL),
(72, 'Role-list', 'admin', NULL, NULL),
(73, 'Role-create', 'admin', NULL, NULL),
(74, 'Role-edit', 'admin', NULL, NULL),
(75, 'Role-delete', 'admin', NULL, NULL),
(121, 'ServiceProvider-list', 'admin', NULL, NULL),
(122, 'ServiceProvider-create', 'admin', NULL, NULL),
(123, 'ServiceProvider-edit', 'admin', NULL, NULL),
(124, 'ServiceProvider-delete', 'admin', NULL, NULL),
(125, 'ServiceProvider-list-change-password', 'admin', NULL, NULL),
(126, 'JobSeeker-list', 'admin', NULL, NULL),
(127, 'JobSeeker-create', 'admin', NULL, NULL),
(128, 'JobSeeker-edit', 'admin', NULL, NULL),
(129, 'JobSeeker-delete', 'admin', NULL, NULL),
(130, 'JobSeeker-list-change-password', 'admin', NULL, NULL),
(131, 'Blog-create', 'admin', NULL, NULL),
(132, 'Blog-edit', 'admin', NULL, NULL),
(133, 'Blog-delete', 'admin', NULL, NULL),
(135, 'Blog-list-change-password', 'admin', NULL, NULL),
(136, 'Subscription-list', 'admin', NULL, NULL),
(137, 'Subscription-create', 'admin', NULL, NULL),
(139, 'Subscription-delete', 'admin', NULL, NULL),
(140, 'Saleman-list', 'admin', NULL, NULL),
(141, 'Saleman-edit', 'admin', NULL, NULL),
(142, 'Saleman-add', 'admin', NULL, NULL),
(143, 'Saleman-delete', 'admin', NULL, NULL),
(144, 'Member-comment-list', 'admin', NULL, NULL),
(145, 'Member-comment-create', 'admin', NULL, NULL),
(146, 'Member-logs', 'admin', NULL, NULL),
(147, 'DF-panels', 'admin', NULL, NULL),
(148, 'Checklist-manager', 'admin', NULL, NULL),
(149, 'Lead-manager-list', 'admin', NULL, NULL),
(150, 'Lead-distribution-panel-list', 'admin', NULL, NULL),
(151, 'Lead-distribution-panel-view', 'admin', NULL, NULL),
(152, 'Lead-distribution-panel-undistributed-list', 'admin', NULL, NULL),
(153, 'Lead-report-list', 'admin', NULL, NULL),
(154, 'Lead-report-view', 'admin', NULL, NULL),
(155, 'Plan-manager-list', 'admin', NULL, NULL),
(156, 'Plan-manager-view', 'admin', NULL, NULL),
(157, 'Plan-manager-create', 'admin', NULL, NULL),
(158, 'Plan-manager-edit', 'admin', NULL, NULL),
(159, 'Transaction-list', 'admin', NULL, NULL),
(160, 'Transaction-view', 'admin', NULL, NULL),
(162, 'Report-manager', 'admin', NULL, NULL),
(163, 'Access-limits', 'admin', NULL, NULL),
(164, 'Ip-listing', 'admin', NULL, NULL),
(165, 'CMS-list', 'admin', NULL, NULL),
(166, 'CMS-edit', 'admin', NULL, NULL),
(167, 'CMS-view', 'admin', NULL, NULL),
(168, 'Blog-view', 'admin', NULL, NULL),
(172, 'Member-report-based-on-salesman', 'admin', NULL, NULL),
(173, 'Member-report-based-on-areas', 'admin', NULL, NULL),
(174, 'Leads-distribution-based-on-areas', 'admin', NULL, NULL),
(175, 'Member-account-balance-based-on-area', 'admin', NULL, NULL),
(176, 'Credit-paids', 'admin', NULL, NULL),
(177, 'Lead-analysis-via-area-members', 'admin', NULL, NULL),
(178, 'Lead-analysis-via-area-subscription', 'admin', NULL, NULL),
(179, 'DF-change-history-report', 'admin', NULL, NULL),
(180, 'Member-plan-purchased-report', 'admin', NULL, NULL),
(181, 'Audit-checks-report', 'admin', NULL, NULL),
(182, 'Undistrbuted-leads-report', 'admin', NULL, NULL),
(183, 'Blog-list', 'admin', NULL, NULL);

-- --------------------------------------------------------

--
-- Table structure for table `permissionss`
--

CREATE TABLE `permissionss` (
  `id` bigint UNSIGNED NOT NULL,
  `name` varchar(255) CHARACTER SET utf8mb4 COLLATE utf8mb4_unicode_ci NOT NULL,
  `guard_name` varchar(255) CHARACTER SET utf8mb4 COLLATE utf8mb4_unicode_ci NOT NULL,
  `created_at` timestamp NULL DEFAULT NULL,
  `updated_at` timestamp NULL DEFAULT NULL
) ENGINE=InnoDB DEFAULT CHARSET=utf8mb4 COLLATE=utf8mb4_unicode_ci;

--
-- Dumping data for table `permissionss`
--

INSERT INTO `permissionss` (`id`, `name`, `guard_name`, `created_at`, `updated_at`) VALUES
(1, 'Member-list', 'admin', '2024-03-20 06:39:05', '2024-03-20 06:39:05'),
(2, 'Member-create', 'admin', '2024-03-20 06:39:05', '2024-03-20 06:39:05'),
(3, 'Member-edit', 'admin', '2024-03-20 06:39:05', '2024-03-20 06:39:05'),
(4, 'Member-delete', 'admin', '2024-03-20 06:39:05', '2024-03-20 06:39:05'),
(5, 'Member-list-change-password', 'admin', '2024-03-20 06:39:05', '2024-03-20 06:39:05'),
(6, 'Sale Man-list', 'admin', NULL, NULL),
(7, 'Sale Man-create', 'admin', NULL, NULL),
(8, 'Sale Man-edit', 'admin', NULL, NULL),
(9, 'Sale Man-delete', 'admin', NULL, NULL),
(18, 'Global Reports-list', 'admin', NULL, NULL),
(19, 'Global Reports-create', 'admin', NULL, NULL),
(20, 'Global Reports-edit', 'admin', NULL, NULL),
(21, 'Global Reports-delete', 'admin', NULL, NULL),
(22, 'Transactions-list', 'admin', NULL, NULL),
(23, 'Transactions-view', 'admin', NULL, NULL),
(34, 'Countries-list', 'admin', NULL, NULL),
(35, 'Countries-create', 'admin', NULL, NULL),
(36, 'Countries-edit', 'admin', NULL, NULL),
(37, 'Countries-delete', 'admin', NULL, NULL),
(38, 'State-list', 'admin', NULL, NULL),
(39, 'State-create', 'admin', NULL, NULL),
(40, 'State-edit', 'admin', NULL, NULL),
(41, 'State-delete', 'admin', NULL, NULL),
(42, 'City-list', 'admin', NULL, NULL),
(43, 'City-create', 'admin', NULL, NULL),
(44, 'City-edit', 'admin', NULL, NULL),
(45, 'City-delete', 'admin', NULL, NULL),
(46, 'CMS Pages-list', 'admin', NULL, NULL),
(47, 'CMS Pages-edit', 'admin', NULL, NULL),
(48, 'Email Template-list', 'admin', NULL, NULL),
(49, 'Email Template-edit', 'admin', NULL, NULL),
(50, 'Testimonial-list', 'admin', NULL, NULL),
(51, 'Testimonial-create', 'admin', NULL, NULL),
(52, 'Testimonial-edit', 'admin', NULL, NULL),
(53, 'Faq-list', 'admin', NULL, NULL),
(54, 'Faq-create', 'admin', NULL, NULL),
(55, 'Faq-edit', 'admin', NULL, NULL),
(56, 'Faq-delete', 'admin', NULL, NULL),
(57, 'Inquiries-list', 'admin', NULL, NULL),
(58, 'Inquiries-response', 'admin', NULL, NULL),
(59, 'Inquiries-delete', 'admin', NULL, NULL),
(60, 'Newsletters Subscriptions-list', 'admin', NULL, NULL),
(61, 'Newsletters Subscriptions-create', 'admin', NULL, NULL),
(62, 'Newsletters Subscriptions-edit', 'admin', NULL, NULL),
(63, 'Newsletters Subscriptions-delete', 'admin', NULL, NULL),
(64, 'Languages-list', 'admin', NULL, NULL),
(65, 'Languages-create', 'admin', NULL, NULL),
(66, 'Languages-edit', 'admin', NULL, NULL),
(67, 'Languages-delete', 'admin', NULL, NULL),
(68, 'General Settings-list', 'admin', NULL, NULL),
(69, 'General Settings-edit', 'admin', NULL, NULL),
(70, 'Logo/Fav Setting-create', 'admin', NULL, NULL),
(71, 'SMTP-create', 'admin', NULL, NULL),
(72, 'Role-list', 'admin', NULL, NULL),
(73, 'Role-create', 'admin', NULL, NULL),
(74, 'Role-edit', 'admin', NULL, NULL),
(75, 'Role-delete', 'admin', NULL, NULL),
(121, 'ServiceProvider-list', 'admin', NULL, NULL),
(122, 'ServiceProvider-create', 'admin', NULL, NULL),
(123, 'ServiceProvider-edit', 'admin', NULL, NULL),
(124, 'ServiceProvider-delete', 'admin', NULL, NULL),
(125, 'ServiceProvider-list-change-password', 'admin', NULL, NULL),
(126, 'JobSeeker-list', 'admin', NULL, NULL),
(127, 'JobSeeker-create', 'admin', NULL, NULL),
(128, 'JobSeeker-edit', 'admin', NULL, NULL),
(129, 'JobSeeker-delete', 'admin', NULL, NULL),
(130, 'JobSeeker-list-change-password', 'admin', NULL, NULL),
(131, 'Blog-create', 'admin', NULL, NULL),
(132, 'Blog-edit', 'admin', NULL, NULL),
(133, 'Blog-delete', 'admin', NULL, NULL),
(134, 'Blog-list', 'admin', NULL, NULL),
(135, 'Blog-list-change-password', 'admin', NULL, NULL),
(136, 'Subscription-list', 'admin', NULL, NULL),
(137, 'Subscription-create', 'admin', NULL, NULL),
(139, 'Subscription-delete', 'admin', NULL, NULL),
(140, 'Saleman-list', 'admin', NULL, NULL),
(141, 'Saleman-edit', 'admin', NULL, NULL),
(142, 'Saleman-add', 'admin', NULL, NULL),
(143, 'Saleman-delete', 'admin', NULL, NULL);

-- --------------------------------------------------------

--
-- Table structure for table `personal_access_tokens`
--

CREATE TABLE `personal_access_tokens` (
  `id` bigint UNSIGNED NOT NULL,
  `tokenable_type` varchar(255) CHARACTER SET utf8mb4 COLLATE utf8mb4_unicode_ci NOT NULL,
  `tokenable_id` bigint UNSIGNED NOT NULL,
  `name` varchar(255) CHARACTER SET utf8mb4 COLLATE utf8mb4_unicode_ci NOT NULL,
  `token` varchar(64) CHARACTER SET utf8mb4 COLLATE utf8mb4_unicode_ci NOT NULL,
  `abilities` text CHARACTER SET utf8mb4 COLLATE utf8mb4_unicode_ci,
  `last_used_at` timestamp NULL DEFAULT NULL,
  `expires_at` timestamp NULL DEFAULT NULL,
  `created_at` timestamp NULL DEFAULT NULL,
  `updated_at` timestamp NULL DEFAULT NULL
) ENGINE=InnoDB DEFAULT CHARSET=utf8mb4 COLLATE=utf8mb4_unicode_ci;

--
-- Dumping data for table `personal_access_tokens`
--

INSERT INTO `personal_access_tokens` (`id`, `tokenable_type`, `tokenable_id`, `name`, `token`, `abilities`, `last_used_at`, `expires_at`, `created_at`, `updated_at`) VALUES
(1, 'App\\Models\\Member', 13, 'Carbaba', 'c1174b1fd114549d8fbe114a21aacb08c3294267458d0c6de88116c7b41f2dc6', '[\"*\"]', NULL, NULL, '2025-03-13 08:58:59', '2025-03-13 08:58:59'),
(2, 'App\\Models\\Member', 13, 'Carbaba', '2844e560f61c6eaa93f3339f690016967eb2604afa3a87d28cbad18a6a213c16', '[\"*\"]', NULL, NULL, '2025-03-13 08:59:48', '2025-03-13 08:59:48'),
(3, 'App\\Models\\Member', 13, 'Carbaba', '8d1d6dd70caf598d05fac15c51ac94273934006121888a3abcbe771c07025644', '[\"*\"]', NULL, NULL, '2025-03-13 09:07:39', '2025-03-13 09:07:39'),
(4, 'App\\Models\\Member', 13, 'Carbaba', 'dcd4cc01e17318754fafdaff92908655e4cadf29008314a71c70ef149e9cb9cc', '[\"*\"]', NULL, NULL, '2025-03-13 09:16:46', '2025-03-13 09:16:46'),
(5, 'App\\Models\\Member', 13, 'Carbaba', '605a496ec9b61cb6258e684f3f2298605f55fca6417dc7cc1cabf8cffccedbfc', '[\"*\"]', NULL, NULL, '2025-03-13 09:19:12', '2025-03-13 09:19:12'),
(6, 'App\\Models\\Member', 13, 'Carbaba', 'f848472e5f3a6ffb7107d7882cf711d52f70e1db5d567f35004d6f1604e1e185', '[\"*\"]', NULL, NULL, '2025-03-13 09:24:46', '2025-03-13 09:24:46'),
(7, 'App\\Models\\Member', 13, 'Carbaba', '1a5cdddf7aa5bf587573bdb91fbad46b28765928dc0aedb15dc7dce682268052', '[\"*\"]', NULL, NULL, '2025-03-13 09:28:10', '2025-03-13 09:28:10'),
(8, 'App\\Models\\Member', 13, 'Carbaba', 'dca4a41cff238fbae4ae23ca5b0e69cc1649143a6c61720c8b95fce522552ebf', '[\"*\"]', NULL, NULL, '2025-03-13 09:28:45', '2025-03-13 09:28:45'),
(9, 'App\\Models\\Member', 19, 'Carbaba', '68efbbc513e5110a5bde31dc26f8f0774d8f2950ec4a6d0b59dbf9dce6046406', '[\"*\"]', NULL, NULL, '2025-03-14 05:09:57', '2025-03-14 05:09:57'),
(10, 'App\\Models\\Member', 19, 'Carbaba', 'dd9f8ca366ab8281a517c404783b675d8761e10c5a65dd03d2b61b08391e6681', '[\"*\"]', NULL, NULL, '2025-03-14 07:12:50', '2025-03-14 07:12:50'),
(11, 'App\\Models\\Member', 19, 'Carbaba', '4c64baa8375cf3ed3927bb160abd0ab6901fa6731c0279b01ba8efe17842fbc1', '[\"*\"]', NULL, NULL, '2025-03-14 07:15:50', '2025-03-14 07:15:50'),
(12, 'App\\Models\\Member', 19, 'Carbaba', '80337c33dda2bc31153130dd94e712a72d979fbdcd530c1672d27c3e568e48d3', '[\"*\"]', NULL, NULL, '2025-03-14 08:41:55', '2025-03-14 08:41:55'),
(13, 'App\\Models\\Member', 19, 'Carbaba', '9baacda0761623d46406cca288f1f17d0cd2f5681a386442cdd7ed4fe51e11eb', '[\"*\"]', NULL, NULL, '2025-03-14 08:46:33', '2025-03-14 08:46:33'),
(14, 'App\\Models\\Member', 19, 'Carbaba', 'b414801d86523f10991f284c9d1c4801afa77edfe202882c69d64da30a1bba1f', '[\"*\"]', NULL, NULL, '2025-03-14 08:55:31', '2025-03-14 08:55:31'),
(15, 'App\\Models\\Member', 19, 'Carbaba', '1ced0f9fad0819335ef43c371be1a3fd2d56e193328f9acd5c020748ffb56012', '[\"*\"]', NULL, NULL, '2025-03-14 08:57:27', '2025-03-14 08:57:27'),
(16, 'App\\Models\\Member', 19, 'Carbaba', '95dd21df2681dc4056d21938d8f92aaf34652f62b02c881e26e3f39bd4d62ed5', '[\"*\"]', NULL, NULL, '2025-03-14 09:01:05', '2025-03-14 09:01:05'),
(17, 'App\\Models\\Member', 19, 'Carbaba', '4ae45d094b2561b5d67832979a3a1a575eeb99e990410b742933e6c85093612c', '[\"*\"]', NULL, NULL, '2025-03-14 09:03:13', '2025-03-14 09:03:13'),
(18, 'App\\Models\\Member', 19, 'Carbaba', '7d41fe449e6934d231e8ac58a01ef8614e8f19120b2c3ab524c5e6310ce58b38', '[\"*\"]', NULL, NULL, '2025-03-14 10:55:43', '2025-03-14 10:55:43'),
(19, 'App\\Models\\Member', 19, 'Carbaba', '616017d78843cbe23f10f29e8f8ed8e66647b86b20c5b7cf9a540a65addd3cee', '[\"*\"]', NULL, NULL, '2025-03-14 11:00:20', '2025-03-14 11:00:20'),
(20, 'App\\Models\\Member', 19, 'Carbaba', '23c8313bf7317c7c2e34ae5554fd29d8e5500d50397e3cad4e033fd42392b99d', '[\"*\"]', NULL, NULL, '2025-03-14 11:00:26', '2025-03-14 11:00:26'),
(21, 'App\\Models\\Member', 19, 'Carbaba', '3b189173805f13526c532178c132f7bd7159a8c498ca53f6b38dbe1ba1287b52', '[\"*\"]', NULL, NULL, '2025-03-14 11:02:23', '2025-03-14 11:02:23'),
(22, 'App\\Models\\Member', 19, 'Carbaba', '633c4511be01b98c9a454e5bbff64de51e2f000725d35d7257f1d34307b47f96', '[\"*\"]', NULL, NULL, '2025-03-14 11:04:46', '2025-03-14 11:04:46'),
(23, 'App\\Models\\Member', 19, 'Carbaba', '0b236f0981ddf31279b9617bc879acb926a391057ee1e63ac537b117c207a95d', '[\"*\"]', NULL, NULL, '2025-03-14 11:05:07', '2025-03-14 11:05:07'),
(24, 'App\\Models\\Member', 19, 'Carbaba', 'c26c8a5aa214d50935c9fad2050787d96927a8ee1df53aae69ed362342be21fd', '[\"*\"]', NULL, NULL, '2025-03-14 11:07:18', '2025-03-14 11:07:18'),
(25, 'App\\Models\\Member', 19, 'Carbaba', 'ea1882a715ddf826bc94b84fad8f3df7be933d4b06a68b3f58ecb106cbee9574', '[\"*\"]', NULL, NULL, '2025-03-14 11:08:17', '2025-03-14 11:08:17'),
(26, 'App\\Models\\Member', 19, 'Carbaba', 'f9e77540146a4759d144a3851391a8a451a3b1e07dbf1cca2d63f58323ea4653', '[\"*\"]', NULL, NULL, '2025-03-14 11:09:01', '2025-03-14 11:09:01'),
(27, 'App\\Models\\Member', 19, 'Carbaba', '7ccf91cc0ffcf037a33a7348d3138a22f3126bebf40ac12b3fe5be521b78a244', '[\"*\"]', NULL, NULL, '2025-03-14 11:09:23', '2025-03-14 11:09:23'),
(28, 'App\\Models\\Member', 19, 'Carbaba', '97173f8a0d1ac7f2124365134cee145819bb4c2d642d9877fe9d88243842e56d', '[\"*\"]', NULL, NULL, '2025-03-14 11:10:51', '2025-03-14 11:10:51'),
(29, 'App\\Models\\Member', 19, 'Carbaba', '3210f3a3388164907d027e6d82823ebed12b058187d028ff3d430a72a560bead', '[\"*\"]', NULL, NULL, '2025-03-14 11:11:40', '2025-03-14 11:11:40'),
(30, 'App\\Models\\Member', 19, 'Carbaba', '4f31d3b04a18069fe5eb3a1f6bd23fa762da6191776030bd689bb1059b914757', '[\"*\"]', NULL, NULL, '2025-03-14 11:12:45', '2025-03-14 11:12:45'),
(31, 'App\\Models\\Member', 19, 'Carbaba', '7515524af3b04e5de84f002f13e2848e129f36ce15fbfd761ef4e8fa95fa65b2', '[\"*\"]', NULL, NULL, '2025-03-14 11:19:56', '2025-03-14 11:19:56'),
(32, 'App\\Models\\Member', 19, 'Carbaba', '3508696a8ef9233c37fb610948d7f726706f9a1ab398ade2f97763234f21c0b9', '[\"*\"]', NULL, NULL, '2025-03-14 11:22:53', '2025-03-14 11:22:53'),
(33, 'App\\Models\\Member', 19, 'Carbaba', '7f90770befa28c1a7c91d7c88546cd11a5e5080f04b0f855ba42e6fc7809d1ea', '[\"*\"]', NULL, NULL, '2025-03-14 11:25:32', '2025-03-14 11:25:32'),
(34, 'App\\Models\\Member', 19, 'Carbaba', 'e849e2098620a09b90510d5f2e7ab3531040dd239f146fc0dcbae952f7f35774', '[\"*\"]', NULL, NULL, '2025-03-14 11:27:25', '2025-03-14 11:27:25'),
(35, 'App\\Models\\Member', 19, 'Carbaba', '7a04dbea7d9391c70a07f5b964ed4d9cbadab21e80344a1abfd686156728faed', '[\"*\"]', NULL, NULL, '2025-03-14 11:28:15', '2025-03-14 11:28:15'),
(36, 'App\\Models\\Member', 19, 'Carbaba', '8f6cbd3aa4a785431015a7c5890ec14093cb99eabab0fd1d1d9dc00f9c05c1f7', '[\"*\"]', NULL, NULL, '2025-03-14 11:30:16', '2025-03-14 11:30:16'),
(37, 'App\\Models\\Member', 19, 'Carbaba', 'fc9e232c0cf085480b47082123d4af29dbe36044d30e6c7143dc065507e790a0', '[\"*\"]', NULL, NULL, '2025-03-14 11:30:27', '2025-03-14 11:30:27'),
(38, 'App\\Models\\Member', 19, 'Carbaba', 'd707125cd23770e2a2bfcfe6e562d9c1d0c8ed5a4498c222c90bfd3cf4a8ace5', '[\"*\"]', NULL, NULL, '2025-03-15 00:11:35', '2025-03-15 00:11:35'),
(39, 'App\\Models\\Member', 19, 'Carbaba', '6830a34ede27f2979f28039dde116d5a525561eba3d1b47c5f56b96f7feba06b', '[\"*\"]', NULL, NULL, '2025-03-15 00:12:10', '2025-03-15 00:12:10'),
(40, 'App\\Models\\Member', 19, 'Carbaba', 'd21c4e17448a5c70d4e601df39d06251062958d98858475d146a9f05fa9c5e34', '[\"*\"]', NULL, NULL, '2025-03-15 00:16:00', '2025-03-15 00:16:00'),
(41, 'App\\Models\\Member', 19, 'Carbaba', '3708cae9a2321e203712bc7bb7f8d10e7ed4743041c571413f0e81a4ac1803f4', '[\"*\"]', NULL, NULL, '2025-03-15 00:29:43', '2025-03-15 00:29:43'),
(42, 'App\\Models\\Member', 19, 'Carbaba', '072c4faa4c3b060167dc50b94faf177b5471b2e80d40473b9deedf62e5ac5ee1', '[\"*\"]', NULL, NULL, '2025-03-15 06:45:19', '2025-03-15 06:45:19'),
(43, 'App\\Models\\Member', 19, 'Carbaba', 'b078b2df816d6d7372d1e48cf9b90c07b89b9c7ba39114fb43d62df433ba7a2d', '[\"*\"]', NULL, NULL, '2025-03-15 06:58:08', '2025-03-15 06:58:08'),
(44, 'App\\Models\\Member', 19, 'Carbaba', '05c1fbe56c83e9f3e2de160113f4d7e01c89ac5307a1be10d8afe1fa22ff448e', '[\"*\"]', NULL, NULL, '2025-03-16 23:14:10', '2025-03-16 23:14:10'),
(45, 'App\\Models\\Member', 19, 'Carbaba', '6db531f96b254f1ae887d0e619b8207cba359eb2135b8f2f0889f7d8e830b4d6', '[\"*\"]', NULL, NULL, '2025-03-16 23:32:27', '2025-03-16 23:32:27'),
(46, 'App\\Models\\Member', 19, 'Carbaba', '2e8697b5cfae86b8c7ba8c41c6f2ab7524fdce58f9f3f3a62cab8766ef993dee', '[\"*\"]', NULL, NULL, '2025-03-16 23:51:04', '2025-03-16 23:51:04'),
(47, 'App\\Models\\Member', 19, 'Carbaba', 'a5cac5c5262844d9a09dc25d1267bb2dc6cb60b587f46cc483089b402b764943', '[\"*\"]', NULL, NULL, '2025-03-16 23:51:24', '2025-03-16 23:51:24'),
(48, 'App\\Models\\Member', 19, 'Carbaba', 'cb7eaedd14672e72eaadadd51e9b7cc2de514f67bfd03b9874f9985f9a80d528', '[\"*\"]', NULL, NULL, '2025-03-17 00:20:50', '2025-03-17 00:20:50'),
(49, 'App\\Models\\Member', 19, 'Carbaba', 'fdb8a4095f020db15678e339899f641b8fe5d53a0837db8536f7cc40ad61abb2', '[\"*\"]', NULL, NULL, '2025-03-17 00:22:31', '2025-03-17 00:22:31'),
(50, 'App\\Models\\Member', 19, 'Carbaba', 'debdcf11e39881bc4c2c137264f69a41f4b09d7625ee1bf42ec48d894ac8805a', '[\"*\"]', NULL, NULL, '2025-03-17 00:30:21', '2025-03-17 00:30:21'),
(51, 'App\\Models\\Member', 19, 'Carbaba', '5b105be615e680d8a671ef7096a8fd7566cbface6d675658ae3641c44684f141', '[\"*\"]', NULL, NULL, '2025-03-17 00:33:32', '2025-03-17 00:33:32'),
(52, 'App\\Models\\Member', 19, 'Carbaba', '3332bde02d57dccacc4f08ce77c50a392d90c43829de12ced26000a87fdc7706', '[\"*\"]', NULL, NULL, '2025-03-17 01:27:36', '2025-03-17 01:27:36'),
(53, 'App\\Models\\Member', 19, 'Carbaba', '4b6ac4e543326a3b806eb269b86b9e9bf35c2aa4ca771ede1c49f42b8fdfddd5', '[\"*\"]', NULL, NULL, '2025-03-17 01:38:34', '2025-03-17 01:38:34'),
(54, 'App\\Models\\Member', 19, 'Carbaba', '0648047d5716e27c25ebbd5871c31ab3c262fcbf833ead5ce1de05f2b1edfd95', '[\"*\"]', NULL, NULL, '2025-03-17 01:44:53', '2025-03-17 01:44:53'),
(55, 'App\\Models\\Member', 19, 'Carbaba', '0511664298ab3f87ad9ceaaff11a8542836aa0b075b52ee982d18a05225f3fb2', '[\"*\"]', NULL, NULL, '2025-03-17 03:35:40', '2025-03-17 03:35:40'),
(56, 'App\\Models\\Member', 19, 'Carbaba', '16b16e0a6b623f7247c061dd6494b13200fc3f66064354b00ba5c6e007b09fbc', '[\"*\"]', NULL, NULL, '2025-03-17 03:41:20', '2025-03-17 03:41:20'),
(57, 'App\\Models\\Member', 19, 'Carbaba', 'e68b43d2bed46d15f8d8a2149d85a7533a1c458197d38126c20f684d25368c58', '[\"*\"]', NULL, NULL, '2025-03-17 03:44:13', '2025-03-17 03:44:13'),
(58, 'App\\Models\\Member', 19, 'Carbaba', '9127998d96256c7a4bda5cff1e52de5834e7e52f284b7ae6d95fbaa1a0901d58', '[\"*\"]', NULL, NULL, '2025-03-17 03:47:03', '2025-03-17 03:47:03'),
(59, 'App\\Models\\Member', 19, 'Carbaba', '122aca65172912605068cfab6724a9081187a914778131e3fe411245cf46ecdd', '[\"*\"]', NULL, NULL, '2025-03-18 00:03:18', '2025-03-18 00:03:18'),
(60, 'App\\Models\\Member', 19, 'Carbaba', '1854fa4e1758bc7467d1e08a2aaadea2447ad5c7c8374754f4089bdd63e688a3', '[\"*\"]', NULL, NULL, '2025-03-18 00:48:02', '2025-03-18 00:48:02'),
(61, 'App\\Models\\Member', 19, 'Carbaba', 'e8322befb821e017f9d2724e58cc2faa7e2afee21201747c743c1f06435a9822', '[\"*\"]', NULL, NULL, '2025-03-18 01:01:28', '2025-03-18 01:01:28'),
(62, 'App\\Models\\Member', 19, 'Carbaba', '3d45de4fa98662a80404f7be69c680e5e6f001fcbfc3b6f2cae41e9455b99bf1', '[\"*\"]', NULL, NULL, '2025-03-18 01:04:49', '2025-03-18 01:04:49'),
(63, 'App\\Models\\Member', 19, 'Carbaba', 'dc79c896d8ae8a29c25228b15d2a9f57722f4fc621609d9cecf3ed2184d08b3f', '[\"*\"]', NULL, NULL, '2025-03-18 01:04:54', '2025-03-18 01:04:54'),
(64, 'App\\Models\\Member', 19, 'Carbaba', 'a62220651bef7ed2e9321b6bb0a424fc32138684b6f1e44389c016614805ce22', '[\"*\"]', NULL, NULL, '2025-03-18 01:05:17', '2025-03-18 01:05:17'),
(65, 'App\\Models\\Member', 19, 'Carbaba', '44cc75e1e0587e5fefcc849449a2081d40405b63bc43561c507b0283ff0735e6', '[\"*\"]', NULL, NULL, '2025-03-18 01:09:45', '2025-03-18 01:09:45'),
(66, 'App\\Models\\Member', 19, 'Carbaba', '1ab497646fb44eb85c811eec6749ff9b990a822589ff68716f9450923e528586', '[\"*\"]', NULL, NULL, '2025-03-18 01:17:14', '2025-03-18 01:17:14'),
(67, 'App\\Models\\Member', 19, 'Carbaba', 'f391c9a6e130e1530b0afbff148a846a70a9b07015b25d1c88db20ff8672176c', '[\"*\"]', NULL, NULL, '2025-03-18 01:26:08', '2025-03-18 01:26:08'),
(68, 'App\\Models\\Member', 19, 'Carbaba', 'a5a310fb5a5fe0823cca71ee53408b9dded546e06273d09ea99457af70c3b5d9', '[\"*\"]', NULL, NULL, '2025-03-18 01:32:29', '2025-03-18 01:32:29'),
(69, 'App\\Models\\Member', 19, 'Carbaba', '4cdfae82b7893c363558327659bca5d6c9b38225469c5a3caf080d84c7eeca1c', '[\"*\"]', NULL, NULL, '2025-03-18 01:32:49', '2025-03-18 01:32:49'),
(70, 'App\\Models\\Member', 19, 'Carbaba', '79f6de7987d3ba8d519a138d562649c5a0c876691c1b397be0681160d34048a2', '[\"*\"]', NULL, NULL, '2025-03-18 01:33:28', '2025-03-18 01:33:28'),
(71, 'App\\Models\\Member', 19, 'Carbaba', 'ae6c78cc45ee2160010af2fa26536a08e1eb4a66909c167ca5285c998705fe05', '[\"*\"]', NULL, NULL, '2025-03-18 01:33:57', '2025-03-18 01:33:57'),
(72, 'App\\Models\\Member', 19, 'Carbaba', 'c59bf293d6b610ea8b41d9fa2638ff2fedc39048290a78636d39758e9a0656d9', '[\"*\"]', '2025-03-18 01:35:59', NULL, '2025-03-18 01:34:52', '2025-03-18 01:35:59'),
(73, 'App\\Models\\Member', 19, 'Carbaba', 'e314774cbe73db4dd2aae73153325b4aafddeb1d14a41dce5e1d33410be4497d', '[\"*\"]', '2025-03-18 01:38:07', NULL, '2025-03-18 01:37:57', '2025-03-18 01:38:07'),
(74, 'App\\Models\\Member', 19, 'Carbaba', '8b0ffe2ce3c8b751ad64057b2b78f709bb3bfea1680dc2b58084e579f2de7832', '[\"*\"]', '2025-03-18 06:01:52', NULL, '2025-03-18 01:38:22', '2025-03-18 06:01:52'),
(75, 'App\\Models\\Member', 19, 'Carbaba', '35b756b91a3fc30816906a56a3e38a1010f5968ea20c76df66d8bfb6d243c414', '[\"*\"]', '2025-03-18 11:43:19', NULL, '2025-03-18 05:05:41', '2025-03-18 11:43:19'),
(76, 'App\\Models\\Member', 19, 'Carbaba', 'aafd79844cba326d0639e7d184a57283c52d798b64a72f46b1941852ff6693cd', '[\"*\"]', NULL, NULL, '2025-03-18 05:34:24', '2025-03-18 05:34:24'),
(77, 'App\\Models\\Member', 19, 'Carbaba', 'ab0dddf405145ad2acc5e6babb813b4e0556bebc54e446b5fd12f2a2c9bf2526', '[\"*\"]', '2025-03-20 23:56:05', NULL, '2025-03-18 05:34:49', '2025-03-20 23:56:05'),
(78, 'App\\Models\\Member', 19, 'Carbaba', 'd9114966e33914cf82c28c221557240573602cef4d2ce6b40717a082eae9e38e', '[\"*\"]', '2025-03-18 11:15:59', NULL, '2025-03-18 08:28:06', '2025-03-18 11:15:59'),
(79, 'App\\Models\\Member', 19, 'Carbaba', 'b2d9bfa9c13173e56bca3faa210e5e86d0e5fb23955cf5b314c8d6fea9cfa883', '[\"*\"]', '2025-03-19 01:53:48', NULL, '2025-03-19 00:42:01', '2025-03-19 01:53:48'),
(80, 'App\\Models\\Member', 19, 'Carbaba', '90a9dd15f6ee137b25a0b8a993234c9bef4bc11bf69dd44742d05b1ad95a896c', '[\"*\"]', '2025-03-19 01:19:37', NULL, '2025-03-19 01:17:46', '2025-03-19 01:19:37'),
(81, 'App\\Models\\Member', 19, 'Carbaba', '71b73fc7213c6bc3829269d27e65b2bd58cfd7428926a439646aeb34a643405a', '[\"*\"]', '2025-03-19 01:53:50', NULL, '2025-03-19 01:53:49', '2025-03-19 01:53:50'),
(82, 'App\\Models\\Member', 19, 'Carbaba', '954a149a9358516ecab7d5ff930b3d1065feaea97c03e2dc3c4d7c8a2b132488', '[\"*\"]', '2025-03-19 02:24:27', NULL, '2025-03-19 01:54:24', '2025-03-19 02:24:27'),
(83, 'App\\Models\\Member', 19, 'Carbaba', '838e4fa13db481371bdb150bd4cf53edb1b00580d619d4c9483af068cd877b79', '[\"*\"]', '2025-03-19 04:32:04', NULL, '2025-03-19 04:09:42', '2025-03-19 04:32:04'),
(84, 'App\\Models\\Member', 19, 'Carbaba', '1b082256af3aeee7c8627f9803bf553d9f98a272bdb1d9c72c3f65e3968e923d', '[\"*\"]', '2025-03-19 06:01:44', NULL, '2025-03-19 04:32:12', '2025-03-19 06:01:44'),
(85, 'App\\Models\\Member', 19, 'Carbaba', '1e5359fb082805b3c97a25f5c9314bd8de4d4856d26504929d8e2b9d9a043e0a', '[\"*\"]', '2025-03-19 23:12:21', NULL, '2025-03-19 06:05:04', '2025-03-19 23:12:21'),
(86, 'App\\Models\\Member', 19, 'Carbaba', '2dab11621ff443c53cc57acae9e1e62a259206aecdb62c237b82ea295cba3466', '[\"*\"]', '2025-03-20 00:53:50', NULL, '2025-03-19 06:09:29', '2025-03-20 00:53:50'),
(87, 'App\\Models\\Member', 19, 'Carbaba', '56251d16d7d9822f4f2483afce36f4ae18772c64c0ef09f6470a6788de4555b0', '[\"*\"]', '2025-03-19 23:13:18', NULL, '2025-03-19 23:13:01', '2025-03-19 23:13:18'),
(88, 'App\\Models\\Member', 19, 'Carbaba', '666b05979c2889fce3bc55098effcc731e566a088b7ce6f2798cb645bd30eb03', '[\"*\"]', '2025-03-19 23:15:42', NULL, '2025-03-19 23:13:39', '2025-03-19 23:15:42'),
(89, 'App\\Models\\Member', 19, 'Carbaba', 'e4ad2169cc67215da963566b1068dc1108ccc613628f6bd395ea5870cafd18f8', '[\"*\"]', NULL, NULL, '2025-03-19 23:51:56', '2025-03-19 23:51:56'),
(90, 'App\\Models\\Member', 19, 'Carbaba', '589a562e5ef79537518b45fb1f00a9d1a378c92643182462d7a95dd7e012a76b', '[\"*\"]', '2025-03-19 23:58:16', NULL, '2025-03-19 23:57:17', '2025-03-19 23:58:16'),
(91, 'App\\Models\\Member', 19, 'Carbaba', '5ec8f7c49ca5652f24be90246dc712cca8ac0ecf31f287333015282a21e310ef', '[\"*\"]', '2025-03-21 00:40:14', NULL, '2025-03-19 23:58:26', '2025-03-21 00:40:14'),
(92, 'App\\Models\\Member', 19, 'Carbaba', '8e911e626a59c4a2e73d56fa868910ec10e9e825259341e2760ebba2c86bd0e0', '[\"*\"]', NULL, NULL, '2025-03-20 00:01:33', '2025-03-20 00:01:33'),
(93, 'App\\Models\\Member', 19, 'Carbaba', '849f996315bfc11a5875b79cb4546272ffd9ea3e5ae2070575928d59f2509f3f', '[\"*\"]', '2025-03-20 00:58:56', NULL, '2025-03-20 00:58:54', '2025-03-20 00:58:56'),
(94, 'App\\Models\\Member', 19, 'Carbaba', 'f7863a4a267f7b1399a6951a01baddfd681d74d88947e3624b25f32147aaecff', '[\"*\"]', '2025-03-20 01:00:40', NULL, '2025-03-20 01:00:38', '2025-03-20 01:00:40'),
(95, 'App\\Models\\Member', 19, 'Carbaba', '77041208e402e24842585f507486677f17f9105c2c5c1592bf1ff0342ae3586b', '[\"*\"]', NULL, NULL, '2025-03-21 10:49:43', '2025-03-21 10:49:43'),
(96, 'App\\Models\\Member', 19, 'Carbaba', 'ab3333fe3720bfb7f0d2d979d98b33163e9019b0293cd5f82340d8c065e705de', '[\"*\"]', NULL, NULL, '2025-03-21 10:58:24', '2025-03-21 10:58:24'),
(97, 'App\\Models\\Member', 19, 'Carbaba', '3430304d0cfcefb064873e60903b9c84687606893f7308074217a5a083cbc2fc', '[\"*\"]', NULL, NULL, '2025-03-21 10:59:03', '2025-03-21 10:59:03'),
(98, 'App\\Models\\Member', 19, 'Carbaba', '0ecd0935c99f139379c046c350f025661546e665c6e71d8069f279cd544a37ee', '[\"*\"]', NULL, NULL, '2025-03-21 11:00:26', '2025-03-21 11:00:26'),
(99, 'App\\Models\\Member', 19, 'Carbaba', '1c8d94ce07503e41da78f1b84481dc6295734a44552ec09c811646481284ec2e', '[\"*\"]', '2025-03-21 13:37:25', NULL, '2025-03-21 11:01:42', '2025-03-21 13:37:25'),
(100, 'App\\Models\\Member', 19, 'Carbaba', 'cfdaec0111b06b3d0b61c3d438257b7188503ad83c039cd0efa88b88099d718e', '[\"*\"]', '2025-03-21 12:58:38', NULL, '2025-03-21 12:24:02', '2025-03-21 12:58:38'),
(101, 'App\\Models\\Member', 19, 'Carbaba', '516792940d27ca50161345c71cb3da19ed11f9c008ed5116f0b3919d59c3a8c1', '[\"*\"]', NULL, NULL, '2025-03-24 06:40:51', '2025-03-24 06:40:51'),
(102, 'App\\Models\\Member', 19, 'Carbaba', '0df8213b6de129c7c9b806503086244c7c21a6c8ed6d830e748176525de55a50', '[\"*\"]', '2025-03-24 06:57:37', NULL, '2025-03-24 06:57:10', '2025-03-24 06:57:37'),
(103, 'App\\Models\\Member', 19, 'Carbaba', '770ba60e55f0b28116287855b716a2b9203bc584bf3e687902455992c92c822d', '[\"*\"]', '2025-03-24 06:58:08', NULL, '2025-03-24 06:57:39', '2025-03-24 06:58:08'),
(104, 'App\\Models\\Member', 19, 'Carbaba', '726b5d767455ad729b62f6404f7c04f35715b7d3b21fac0ba98e0e30e4aae781', '[\"*\"]', '2025-03-24 06:59:01', NULL, '2025-03-24 06:58:32', '2025-03-24 06:59:01'),
(105, 'App\\Models\\Member', 19, 'Carbaba', 'e8592cda23d8db2b4cb161f909920150ab70b8fb2c2436924282a2f69e34496f', '[\"*\"]', '2025-03-24 06:59:58', NULL, '2025-03-24 06:59:03', '2025-03-24 06:59:58'),
(106, 'App\\Models\\Member', 19, 'Carbaba', '2374f19959342a402591ef5d16427e9da9f0abcffa5f8e6645afdb6ddcd27cfd', '[\"*\"]', '2025-03-24 07:00:58', NULL, '2025-03-24 07:00:13', '2025-03-24 07:00:58'),
(107, 'App\\Models\\Member', 19, 'Carbaba', 'c271f150f0d4d75c6a9f9ae818f25d8fa97ce8f6a8bf72a033f6277f6b2590f4', '[\"*\"]', '2025-03-24 07:03:10', NULL, '2025-03-24 07:01:01', '2025-03-24 07:03:10'),
(108, 'App\\Models\\Member', 19, 'Carbaba', '2ab6896a132b2b8f0b0752d8f1cfa9305cbe35f1c5a44cc381da06da5648f23a', '[\"*\"]', '2025-03-24 07:04:59', NULL, '2025-03-24 07:03:15', '2025-03-24 07:04:59'),
(109, 'App\\Models\\Member', 19, 'Carbaba', 'd63f3cb3f7446f6979611b31f5d84c0a5a2b43f2b5aea4f4811d5929c02878a4', '[\"*\"]', NULL, NULL, '2025-03-24 07:05:01', '2025-03-24 07:05:01'),
(110, 'App\\Models\\Member', 19, 'Carbaba', '417d5ac7c5f2fff42e917f07050b2425ff314f044fb559d9f608df0a9552803a', '[\"*\"]', '2025-03-24 07:06:02', NULL, '2025-03-24 07:05:32', '2025-03-24 07:06:02'),
(111, 'App\\Models\\Member', 19, 'Carbaba', '3a8611b73688e78813d7d6859fb378fff0bd09b6ecd66801ef8fd8e25d169f1f', '[\"*\"]', '2025-03-24 07:15:50', NULL, '2025-03-24 07:06:46', '2025-03-24 07:15:50'),
(112, 'App\\Models\\Member', 19, 'Carbaba', 'cf3428544a5facd7bc34fb6b45cf1798f2b2ac07814b5d5c4e1b86cfee11a1f9', '[\"*\"]', '2025-03-24 07:14:28', NULL, '2025-03-24 07:13:40', '2025-03-24 07:14:28'),
(113, 'App\\Models\\Member', 19, 'Carbaba', '7997190eb7e15c2d70d27098be2755bc2e152fa466a1fd0f803aa05ae969844a', '[\"*\"]', '2025-03-24 09:27:06', NULL, '2025-03-24 07:15:03', '2025-03-24 09:27:06'),
(114, 'App\\Models\\Member', 19, 'Carbaba', '249d03aaeab310263fb2ad934c8e6e096594ff7fe3366316c4469f08afe28379', '[\"*\"]', '2025-03-24 07:16:04', NULL, '2025-03-24 07:16:00', '2025-03-24 07:16:04'),
(115, 'App\\Models\\Member', 19, 'Carbaba', 'e35da8e5f4e57a21e00460177b331e77dd0633d12878fe49d5a1089049259710', '[\"*\"]', '2025-03-24 07:21:04', NULL, '2025-03-24 07:21:02', '2025-03-24 07:21:04'),
(116, 'App\\Models\\Member', 19, 'Carbaba', 'b9d9fa3a935089a536abb576a73c2c21ee73fb26e75da34114116b421f09e7e5', '[\"*\"]', '2025-03-24 11:34:23', NULL, '2025-03-24 07:24:23', '2025-03-24 11:34:23'),
(117, 'App\\Models\\Member', 19, 'Carbaba', '2628734c434f5ea06c76423bdabb8d4f505119bbd843aba3309479564b11385e', '[\"*\"]', '2025-03-24 12:38:54', NULL, '2025-03-24 07:35:25', '2025-03-24 12:38:54'),
(118, 'App\\Models\\Member', 19, 'Carbaba', '02222be95698c84723763712f5804b1550546649c99ab241e2c8406d6e0c71c7', '[\"*\"]', '2025-03-24 09:32:54', NULL, '2025-03-24 09:28:36', '2025-03-24 09:32:54'),
(119, 'App\\Models\\Member', 19, 'Carbaba', 'ff35df1331dcd46850c788c9a61338e27fb1ffe4e26694638b68a1e50f5eabb5', '[\"*\"]', '2025-03-24 09:35:44', NULL, '2025-03-24 09:35:25', '2025-03-24 09:35:44'),
(120, 'App\\Models\\Member', 19, 'Carbaba', '65add2c32efe81fe4c13e27e7e7d76c0c330a76292026b71bca6628742d2489c', '[\"*\"]', '2025-03-24 10:05:17', NULL, '2025-03-24 09:36:21', '2025-03-24 10:05:17'),
(121, 'App\\Models\\Member', 19, 'Carbaba', '5bfcaf2c85f5490b15b118938758ed4f2219ff3cc7d7e456c62e6b405b55b5ad', '[\"*\"]', '2025-03-24 10:09:34', NULL, '2025-03-24 10:09:32', '2025-03-24 10:09:34'),
(122, 'App\\Models\\Member', 19, 'Carbaba', '26de2747ba827e7651523f4099e913a7c1c2c6be1adf3c3459c13a8434dcc3c3', '[\"*\"]', '2025-03-24 10:10:14', NULL, '2025-03-24 10:10:11', '2025-03-24 10:10:14'),
(123, 'App\\Models\\Member', 19, 'Carbaba', '5e0b61f4beea57f0f24c5f770902173c3b4b93cbe06e8927e154003444190268', '[\"*\"]', '2025-03-24 11:02:57', NULL, '2025-03-24 10:10:35', '2025-03-24 11:02:57'),
(124, 'App\\Models\\Member', 19, 'Carbaba', '835394f6dd184e54f1b931f165966981aaa462d1708aadc85df81d8a56f18ffe', '[\"*\"]', '2025-03-24 13:38:51', NULL, '2025-03-24 11:11:56', '2025-03-24 13:38:51'),
(125, 'App\\Models\\Member', 19, 'Carbaba', '43206550d1d877b5e3cb375e8594c3e870a1ad9b440ee94d268814f8233d4451', '[\"*\"]', '2025-03-24 12:46:11', NULL, '2025-03-24 11:35:14', '2025-03-24 12:46:11'),
(126, 'App\\Models\\Member', 20, 'Carbaba', '7d66d198cb5a42ba3dec566303f4552103b2abe5beefd633481c0c15ba203310', '[\"*\"]', '2025-03-24 12:54:00', NULL, '2025-03-24 12:46:38', '2025-03-24 12:54:00'),
(127, 'App\\Models\\Member', 20, 'Carbaba', 'a5fa3793f10d6ae61141c1da52e7e669988f5517640705948d7e03e82d3d2a6d', '[\"*\"]', '2025-03-24 12:54:21', NULL, '2025-03-24 12:54:17', '2025-03-24 12:54:21'),
(128, 'App\\Models\\Member', 20, 'Carbaba', '74c48f6032577520a8a1d7e67861948367c72011f2d6e6bb1891aa509069b675', '[\"*\"]', '2025-03-24 13:21:04', NULL, '2025-03-24 13:20:57', '2025-03-24 13:21:04'),
(129, 'App\\Models\\Member', 20, 'Carbaba', '1f7edb96cb5b609cd3200e825d9967b295d267f424801ea3cf7e4d6a3871f347', '[\"*\"]', NULL, NULL, '2025-03-24 13:21:30', '2025-03-24 13:21:30'),
(130, 'App\\Models\\Member', 20, 'Carbaba', 'd0f17e4a6bdffbf3105dadab5c2ce77eb3babbfd6f69dfeec99f90b34e998d18', '[\"*\"]', '2025-03-24 13:24:40', NULL, '2025-03-24 13:24:39', '2025-03-24 13:24:40'),
(131, 'App\\Models\\Member', 20, 'Carbaba', '324619773fff92269df470bcba64c626df1688bcd3f008942882bd29aaccac04', '[\"*\"]', NULL, NULL, '2025-03-24 13:24:48', '2025-03-24 13:24:48'),
(132, 'App\\Models\\Member', 20, 'Carbaba', 'cdf2b77dc247b52a9f180be80d050fe5e357089011a6afa160ff478210233088', '[\"*\"]', NULL, NULL, '2025-03-24 13:25:49', '2025-03-24 13:25:49'),
(133, 'App\\Models\\Member', 20, 'Carbaba', '29b98470c7acbbfc2fc99437b08507f7a156d423bbf6c2f220f68f4b80501f33', '[\"*\"]', NULL, NULL, '2025-03-24 13:27:23', '2025-03-24 13:27:23'),
(134, 'App\\Models\\Member', 20, 'Carbaba', '69fbf42a7ac7041c65a3f80910be681d09e307d108cbecdead6d5c9cf06156d5', '[\"*\"]', NULL, NULL, '2025-03-24 13:28:23', '2025-03-24 13:28:23'),
(135, 'App\\Models\\Member', 20, 'Carbaba', 'e48ee740090a6330ceb6f16b432f92735cfcf27921eba08035c626ea244bc18f', '[\"*\"]', NULL, NULL, '2025-03-24 13:29:24', '2025-03-24 13:29:24'),
(136, 'App\\Models\\Member', 20, 'Carbaba', '526018d145b5981b9ffa042c577af1f8601e0dbf4eddf9c7e6696ab7ef88abb9', '[\"*\"]', NULL, NULL, '2025-03-24 13:29:45', '2025-03-24 13:29:45'),
(137, 'App\\Models\\Member', 20, 'Carbaba', '560491580032651e037cc7e88f073c492c1cd5ed360decb933102dc89a2b0d1e', '[\"*\"]', NULL, NULL, '2025-03-24 13:31:16', '2025-03-24 13:31:16'),
(138, 'App\\Models\\Member', 20, 'Carbaba', 'db7a8bddd59088ab364a0bb8237b26633caa687bfe2a35b8889d9247e73af601', '[\"*\"]', NULL, NULL, '2025-03-24 13:34:47', '2025-03-24 13:34:47'),
(139, 'App\\Models\\Member', 20, 'Carbaba', '9f009cdcda133c30a55427eba31cfe48284a6dedd2eae9ab46a4a3085073bb2a', '[\"*\"]', NULL, NULL, '2025-03-24 13:39:45', '2025-03-24 13:39:45'),
(140, 'App\\Models\\Member', 20, 'Carbaba', 'b618d3959c8e7f06b92f38cfbd4497b07ae9c2b8842455e06822c4f65cb9bd03', '[\"*\"]', NULL, NULL, '2025-03-24 14:02:26', '2025-03-24 14:02:26'),
(141, 'App\\Models\\Member', 20, 'Carbaba', '6fd3e74e0fb6e186f1ff96a6ef5c0c28cf4a35d857590fe33c9dac451da854a2', '[\"*\"]', '2025-03-24 14:04:45', NULL, '2025-03-24 14:04:08', '2025-03-24 14:04:45'),
(142, 'App\\Models\\Member', 20, 'Carbaba', 'd1c3dc7846f7239aea3ca8fbee220080a68210b85390dbeb8ef2440b3e4af28c', '[\"*\"]', NULL, NULL, '2025-03-24 14:05:26', '2025-03-24 14:05:26'),
(143, 'App\\Models\\Member', 20, 'Carbaba', 'beb0375e43848d7d88154d4c720b06db93c5615c3bc92ce1a463341837292bed', '[\"*\"]', NULL, NULL, '2025-03-24 14:05:40', '2025-03-24 14:05:40'),
(144, 'App\\Models\\Member', 20, 'Carbaba', '207107f7b303d3e5adf19d776b216631c7b8fa457910b4df2a7c1bf3d602fdcc', '[\"*\"]', NULL, NULL, '2025-03-24 14:06:00', '2025-03-24 14:06:00'),
(145, 'App\\Models\\Member', 20, 'Carbaba', '2e0213f9b008a633e3b95944616ee3e1811a3761096351ca3c93abcf842ed0ff', '[\"*\"]', '2025-03-24 14:30:16', NULL, '2025-03-24 14:08:11', '2025-03-24 14:30:16'),
(146, 'App\\Models\\Member', 20, 'Carbaba', '13e086c0a43cc9c4dbb95f613cdda09dba1ec6df24ade0d61e10f6d819314995', '[\"*\"]', '2025-03-24 14:32:48', NULL, '2025-03-24 14:31:08', '2025-03-24 14:32:48'),
(147, 'App\\Models\\Member', 19, 'Carbaba', '81f3fb7d20d7943ff8b14087352d75b197ce2fdf0bff64614f66451f48845560', '[\"*\"]', '2025-03-25 06:09:31', NULL, '2025-03-25 04:52:33', '2025-03-25 06:09:31'),
(148, 'App\\Models\\Member', 20, 'Carbaba', '5bba60a7e3f957efc76cebecad08b70abba6c1aba345b74aa5519f6ddfdac657', '[\"*\"]', '2025-03-25 04:57:43', NULL, '2025-03-25 04:57:06', '2025-03-25 04:57:43'),
(149, 'App\\Models\\Member', 20, 'Carbaba', '137dbec2d1488b4f5072959445e91372caf7c2eb0ae32ec55e5b035c46b497c7', '[\"*\"]', NULL, NULL, '2025-03-25 05:01:13', '2025-03-25 05:01:13'),
(150, 'App\\Models\\Member', 20, 'Carbaba', 'f81af6484504ff0b9299dbc6cca52b46d1568d52e3a1cc5968412599eb0c2049', '[\"*\"]', NULL, NULL, '2025-03-25 05:01:19', '2025-03-25 05:01:19'),
(151, 'App\\Models\\Member', 20, 'Carbaba', '6acbf506ac8e5ca82cde244f165110285446de41c6d75a30070a9a7b4f0f837a', '[\"*\"]', '2025-03-25 05:34:25', NULL, '2025-03-25 05:01:58', '2025-03-25 05:34:25'),
(152, 'App\\Models\\Member', 20, 'Carbaba', '6ab177a4429699793e138456f5ec998f727a552cb3c18c86d368b4b6996a3d37', '[\"*\"]', '2025-03-25 06:41:29', NULL, '2025-03-25 05:34:41', '2025-03-25 06:41:29'),
(153, 'App\\Models\\Member', 20, 'Carbaba', '0521d3b9c50597ce76367a2a6b4ce55d2d680296e6c81e03817f0d36d7e7404c', '[\"*\"]', '2025-03-25 14:57:06', NULL, '2025-03-25 05:52:24', '2025-03-25 14:57:06'),
(154, 'App\\Models\\Member', 12, 'Carbaba', '13c4b5e58ff96c7927d84db79244637a748048b4370c6edb67256bd6b6ddda05', '[\"*\"]', '2025-03-25 07:13:51', NULL, '2025-03-25 05:57:43', '2025-03-25 07:13:51'),
(155, 'App\\Models\\Member', 20, 'Carbaba', '3ac322d91a72d070cc27fcf7c8b872c4791fa6206f2144253b20f445c6e5f35a', '[\"*\"]', '2025-03-25 06:43:44', NULL, '2025-03-25 06:43:38', '2025-03-25 06:43:44'),
(156, 'App\\Models\\Member', 19, 'Carbaba', 'a76c0136adccee6872b5b537809e9998007f133f06b58669974289770bad9db9', '[\"*\"]', '2025-03-25 06:57:40', NULL, '2025-03-25 06:45:34', '2025-03-25 06:57:40'),
(157, 'App\\Models\\Member', 19, 'Carbaba', '0298b889511efe083834d0988b3e67168b79b4eb46926c79089a39b7f401de91', '[\"*\"]', '2025-03-25 07:49:02', NULL, '2025-03-25 07:11:31', '2025-03-25 07:49:02'),
(158, 'App\\Models\\Member', 12, 'Carbaba', '3cb763b8931d1177c5ccf7f8895690ba2195989d65672c7e6505e11e8bfed722', '[\"*\"]', '2025-03-25 07:16:54', NULL, '2025-03-25 07:15:12', '2025-03-25 07:16:54'),
(159, 'App\\Models\\Member', 12, 'Carbaba', '84eadee8af3b0ad91def10a88d83a37d18455f681358ab051476d5d8e5120fbd', '[\"*\"]', '2025-03-25 07:26:42', NULL, '2025-03-25 07:20:04', '2025-03-25 07:26:42'),
(160, 'App\\Models\\Member', 10, 'Carbaba', '3123745be8c60994b00cdd92ae2d6b63604a75e5f6d27b1e3c9c3d0e0872306f', '[\"*\"]', '2025-03-31 07:59:07', NULL, '2025-03-25 07:27:04', '2025-03-31 07:59:07'),
(161, 'App\\Models\\Member', 19, 'Carbaba', '3086c7465efec2d43093af12c78ab68df2772a40f8428f5f8ca6017b8677ad63', '[\"*\"]', '2025-03-25 09:04:02', NULL, '2025-03-25 08:57:06', '2025-03-25 09:04:02'),
(162, 'App\\Models\\Member', 19, 'Carbaba', '0a200e1b5d29a394b8d3622ed5dbcea32238accb87e1f93575d226e2603aaa1c', '[\"*\"]', NULL, NULL, '2025-03-25 09:04:20', '2025-03-25 09:04:20'),
(163, 'App\\Models\\Member', 19, 'Carbaba', '8aef12becb88285b6b9fab5dfe658f5ed443321e295519c4bf7204ec7ad28e21', '[\"*\"]', NULL, NULL, '2025-03-25 09:04:28', '2025-03-25 09:04:28'),
(164, 'App\\Models\\Member', 19, 'Carbaba', 'b4c28a01ef2e66b07da6e6959c64aa46178d897933553adbda44bf6b954f4059', '[\"*\"]', NULL, NULL, '2025-03-25 09:04:37', '2025-03-25 09:04:37'),
(165, 'App\\Models\\Member', 19, 'Carbaba', 'd67ba1675641805e1247b902a3c2190d69eb5b8452dd55b8d3154267245a520c', '[\"*\"]', NULL, NULL, '2025-03-25 09:05:43', '2025-03-25 09:05:43'),
(166, 'App\\Models\\Member', 19, 'Carbaba', '989d4e1703947ffdb92224a2bd8b4a6704c58eac3852ee5c4a235a31382435ba', '[\"*\"]', '2025-03-25 09:06:03', NULL, '2025-03-25 09:05:57', '2025-03-25 09:06:03'),
(167, 'App\\Models\\Member', 19, 'Carbaba', '49ee4670692c5bdb792e95d9641b3ebd25a294e33ce343904d2765ce14ab02ed', '[\"*\"]', '2025-03-25 09:06:25', NULL, '2025-03-25 09:06:19', '2025-03-25 09:06:25'),
(168, 'App\\Models\\Member', 19, 'Carbaba', '81feeca009de0ba26f6e5e52d6bdb0b0f3c419816607c61038795ecff8ac1519', '[\"*\"]', '2025-03-25 09:25:31', NULL, '2025-03-25 09:07:40', '2025-03-25 09:25:31'),
(169, 'App\\Models\\Member', 22, 'Carbaba', '44a1fb8980c14562dfb09d12909464c1e645fdc76a038d61f4189a3790c4a64d', '[\"*\"]', '2025-03-25 09:39:54', NULL, '2025-03-25 09:22:51', '2025-03-25 09:39:54'),
(170, 'App\\Models\\Member', 19, 'Carbaba', 'db9f957d48689144457c5986a63025c6c7f3037ae13c872b900b483b8910b39b', '[\"*\"]', NULL, NULL, '2025-03-25 09:25:38', '2025-03-25 09:25:38'),
(171, 'App\\Models\\Member', 19, 'Carbaba', 'e3ea7894f11d4555c749dc88d51a4059354ff8841f9132ef9dcf4a1cec790cb7', '[\"*\"]', NULL, NULL, '2025-03-25 09:25:44', '2025-03-25 09:25:44'),
(172, 'App\\Models\\Member', 19, 'Carbaba', '762ebc401f2eca5819fccd729bb309f62c993b5d5c2f4c150650e8f1eae2d982', '[\"*\"]', '2025-03-25 09:26:02', NULL, '2025-03-25 09:25:57', '2025-03-25 09:26:02'),
(173, 'App\\Models\\Member', 19, 'Carbaba', '21b021164dc078657f1bd2614c1ebfa5a409cdd9668ed12f9d060e8fa989278f', '[\"*\"]', NULL, NULL, '2025-03-25 09:26:35', '2025-03-25 09:26:35'),
(174, 'App\\Models\\Member', 19, 'Carbaba', '8595af21f032137cf30562bd1bc3a1a2b171ab26d8943b871aa95ff6e4b4803b', '[\"*\"]', NULL, NULL, '2025-03-25 09:26:45', '2025-03-25 09:26:45'),
(175, 'App\\Models\\Member', 19, 'Carbaba', 'ce339f9409e58518e4e365a3d07d443d436b1d30ea2a94c38e2e043bd48e689f', '[\"*\"]', '2025-03-25 09:27:13', NULL, '2025-03-25 09:27:06', '2025-03-25 09:27:13'),
(176, 'App\\Models\\Member', 19, 'Carbaba', '421c09ce5fe50d7839272439842e5b7b511f8c94db2a32a6b92fa8922eca6f0c', '[\"*\"]', NULL, NULL, '2025-03-25 09:28:56', '2025-03-25 09:28:56'),
(177, 'App\\Models\\Member', 19, 'Carbaba', 'aec3b94e16120b8cf7a03ba2160f93e582253406b9d1b5e09b79ec119f39e461', '[\"*\"]', '2025-03-25 10:19:25', NULL, '2025-03-25 09:29:08', '2025-03-25 10:19:25'),
(178, 'App\\Models\\Member', 19, 'Carbaba', '2f47a961a8c7eedd7c5937b1211db8d021644167438bf0735e15a1e1044cc32f', '[\"*\"]', '2025-03-25 09:49:40', NULL, '2025-03-25 09:43:54', '2025-03-25 09:49:40'),
(179, 'App\\Models\\Member', 12, 'Carbaba', 'ed5ebd17c80884a7ed0ea1076cdec09a2916d2f1f154798cb1c5f29eaaddd7b9', '[\"*\"]', '2025-03-25 10:21:39', NULL, '2025-03-25 09:50:32', '2025-03-25 10:21:39'),
(180, 'App\\Models\\Member', 19, 'Carbaba', '27257a98ff6f6c7222056f97301dd8f8700b7abec7c234a0d7af163cbc673427', '[\"*\"]', '2025-03-25 10:24:45', NULL, '2025-03-25 10:22:05', '2025-03-25 10:24:45'),
(181, 'App\\Models\\Member', 19, 'Carbaba', '8eccf0fa7eb06a344ffb10a38ec49d406538cfc1ddfb16d23fe1adec455c4075', '[\"*\"]', '2025-03-25 10:24:38', NULL, '2025-03-25 10:24:21', '2025-03-25 10:24:38'),
(182, 'App\\Models\\Member', 12, 'Carbaba', '0bdf4d50e0fb40db61b9d0b0547ca188ee627a00091ca7be927f1731b128dae9', '[\"*\"]', '2025-03-25 10:27:30', NULL, '2025-03-25 10:25:01', '2025-03-25 10:27:30'),
(183, 'App\\Models\\Member', 19, 'Carbaba', '655a48aef8042ad0a051d0b32e1f13ba25c18dcc3b9f4d1347bde59c17a225eb', '[\"*\"]', '2025-03-26 11:30:33', NULL, '2025-03-25 10:25:53', '2025-03-26 11:30:33'),
(184, 'App\\Models\\Member', 19, 'Carbaba', '109aa00354d5d38fc18e273c47a7b53c204ea9ec31c3ffa6fc911febdf7265cd', '[\"*\"]', '2025-03-25 11:01:08', NULL, '2025-03-25 10:27:52', '2025-03-25 11:01:08'),
(185, 'App\\Models\\Member', 19, 'Carbaba', 'f50135d3548c3497a4cb52e51ab8eb209d7e7f803279b5922286377fb2387d9d', '[\"*\"]', '2025-03-25 11:19:04', NULL, '2025-03-25 11:11:34', '2025-03-25 11:19:04'),
(186, 'App\\Models\\Member', 22, 'Carbaba', '37c8a15214964cd4111bb4ab3004c88af29f4b412c16bf4dac0f8815b68ef5d6', '[\"*\"]', '2025-03-25 12:31:02', NULL, '2025-03-25 11:19:41', '2025-03-25 12:31:02'),
(187, 'App\\Models\\Member', 19, 'Carbaba', '1e153c98297f187330144d2a4786ea06ae70575eda7edd9ebae331c53d8d4c0e', '[\"*\"]', '2025-03-25 12:20:26', NULL, '2025-03-25 12:08:52', '2025-03-25 12:20:26'),
(188, 'App\\Models\\Member', 19, 'Carbaba', '03fa711d0f58b5161849a6f281d9978c827e91fb4796f4e64147e0ee5c456a00', '[\"*\"]', '2025-03-25 12:31:55', NULL, '2025-03-25 12:31:28', '2025-03-25 12:31:55'),
(189, 'App\\Models\\Member', 12, 'Carbaba', 'c24a49a478c1a68fd889281278c4a7d001df9e2a393792e7d9f5a25ba016f1f4', '[\"*\"]', NULL, NULL, '2025-03-25 12:32:11', '2025-03-25 12:32:11'),
(190, 'App\\Models\\Member', 12, 'Carbaba', '130333df257d4e8f3c0a639bc283d3970c27bbd02f464c40bb8c0714b7c9a0bd', '[\"*\"]', '2025-03-25 12:32:31', NULL, '2025-03-25 12:32:21', '2025-03-25 12:32:31'),
(191, 'App\\Models\\Member', 22, 'Carbaba', '45a1de145e77c431726ec32e21225495cc62d7de5e288e6723296efb46880877', '[\"*\"]', NULL, NULL, '2025-03-25 12:33:16', '2025-03-25 12:33:16'),
(192, 'App\\Models\\Member', 22, 'Carbaba', '21d12269801cb92f6b3ed5650b900490204fd332e40b4716ae677d7c078edd86', '[\"*\"]', NULL, NULL, '2025-03-25 12:33:20', '2025-03-25 12:33:20'),
(193, 'App\\Models\\Member', 22, 'Carbaba', '4a2497879e246532c1ff6d0233335cb56ba854c04332b082cb0dfce545482aeb', '[\"*\"]', '2025-03-25 12:33:35', NULL, '2025-03-25 12:33:25', '2025-03-25 12:33:35'),
(194, 'App\\Models\\Member', 10, 'Carbaba', 'ac07cddfd2480b82ed9d021a76546517952b5015af89e6bbf6bc180968bb04e8', '[\"*\"]', NULL, NULL, '2025-03-25 12:33:50', '2025-03-25 12:33:50'),
(195, 'App\\Models\\Member', 10, 'Carbaba', '7c1478306870cd2f3a438bdb0fc8682b311f843709fef2e85b6aa53accb9b59d', '[\"*\"]', '2025-03-25 12:34:15', NULL, '2025-03-25 12:34:08', '2025-03-25 12:34:15'),
(196, 'App\\Models\\Member', 9, 'Carbaba', 'f0e3e87e49cd8e29d0bad3e7ad8dd0ae8aa33a05296d65570a3d92acc96c60ba', '[\"*\"]', NULL, NULL, '2025-03-25 12:35:14', '2025-03-25 12:35:14'),
(197, 'App\\Models\\Member', 9, 'Carbaba', '51873128144d34bbb6d8e00a5afae3482240811817d1ea229a320e0731e38e99', '[\"*\"]', '2025-03-25 12:36:38', NULL, '2025-03-25 12:35:18', '2025-03-25 12:36:38'),
(198, 'App\\Models\\Member', 10, 'Carbaba', '9a809d218e891e416e36cb1781ed94a5c869b2fb1458181b236f94bc20cca29e', '[\"*\"]', '2025-03-25 12:37:22', NULL, '2025-03-25 12:37:20', '2025-03-25 12:37:22'),
(199, 'App\\Models\\Member', 12, 'Carbaba', '34cc29d72d5abd16bf4fd8a058ca8085cac362e1cffb6e65e93d4d326e7c646b', '[\"*\"]', '2025-03-25 12:49:42', NULL, '2025-03-25 12:38:20', '2025-03-25 12:49:42'),
(200, 'App\\Models\\Member', 8, 'Carbaba', '174e0ae702164e02032fec153d8b2b7a29041c0b8cb639e29460835b5bd6c8fc', '[\"*\"]', NULL, NULL, '2025-03-25 12:42:32', '2025-03-25 12:42:32'),
(201, 'App\\Models\\Member', 20, 'Carbaba', '705fbb65fba37ed52684fc82b4044c232a7ea8b30403a608bf5a4e4287b420b5', '[\"*\"]', NULL, NULL, '2025-03-25 13:22:22', '2025-03-25 13:22:22'),
(202, 'App\\Models\\Member', 20, 'Carbaba', '50cb9558b1646400b473fb1ba1320381a65430dafd05c566b14ba361583e3ff0', '[\"*\"]', '2025-03-25 13:23:40', NULL, '2025-03-25 13:22:27', '2025-03-25 13:23:40'),
(203, 'App\\Models\\Member', 19, 'Carbaba', 'd8fd9900a3bc572d00fa72a37236595378aa720d090a5efe7f4981da6be4ac1f', '[\"*\"]', '2025-03-25 13:32:16', NULL, '2025-03-25 13:23:13', '2025-03-25 13:32:16'),
(204, 'App\\Models\\Member', 22, 'Carbaba', '509b6501a2d45108c67d555fa3f6d33af715929fc145130d06852fe0b826be28', '[\"*\"]', '2025-03-25 13:50:23', NULL, '2025-03-25 13:32:24', '2025-03-25 13:50:23'),
(205, 'App\\Models\\Member', 23, 'Carbaba', '902c6dbd9808df3c347217c84a91548af5345ef9d6878f6e4382583c669b0e53', '[\"*\"]', NULL, NULL, '2025-03-25 13:36:00', '2025-03-25 13:36:00'),
(206, 'App\\Models\\Member', 23, 'Carbaba', 'df2bc6b0067e2d1a78373b78e56e8a5fe13e3c827d2d64448d53bac8943e683d', '[\"*\"]', '2025-04-02 12:45:25', NULL, '2025-03-25 13:36:05', '2025-04-02 12:45:25'),
(207, 'App\\Models\\Member', 19, 'Carbaba', '8761dc4d1419fb1ddd438c2f82214a82f80367a0157e66c9889e581456ad95fc', '[\"*\"]', '2025-03-26 04:39:10', NULL, '2025-03-25 13:43:54', '2025-03-26 04:39:10'),
(208, 'App\\Models\\Member', 19, 'Carbaba', '457d5a4510ee07a9c7eff681eb7c3b66c9b3846a6443b5839b300b8d9ce53fcc', '[\"*\"]', '2025-03-25 13:54:35', NULL, '2025-03-25 13:50:36', '2025-03-25 13:54:35'),
(209, 'App\\Models\\Member', 8, 'Carbaba', '488e34f366c7e7e843c923a3e56f2191a7978a947edbc3513673b405933464f8', '[\"*\"]', NULL, NULL, '2025-03-25 13:54:42', '2025-03-25 13:54:42'),
(210, 'App\\Models\\Member', 8, 'Carbaba', 'ecfa830d65d9abc35c0bd826c2389a1484671643142586e16264a1ba63f8a529', '[\"*\"]', '2025-03-25 13:55:05', NULL, '2025-03-25 13:54:51', '2025-03-25 13:55:05'),
(211, 'App\\Models\\Member', 19, 'Carbaba', '35ec4173fafecb152b791079cb5aaca20f0adbd7421cc96b48122af6403782fe', '[\"*\"]', '2025-03-29 08:37:17', NULL, '2025-03-25 13:55:10', '2025-03-29 08:37:17'),
(212, 'App\\Models\\Member', 19, 'Carbaba', 'cc1d340d8d8c8b408ebe97986fc3905d319ff2199ee955dff4057a5e71b03c57', '[\"*\"]', '2025-03-25 16:30:27', NULL, '2025-03-25 14:57:21', '2025-03-25 16:30:27'),
(213, 'App\\Models\\Member', 19, 'Carbaba', '09d101b9307997dfb63832e1b473fd11ffc2398a9c82212b62031c77cbe48552', '[\"*\"]', '2025-03-26 12:26:07', NULL, '2025-03-25 16:45:49', '2025-03-26 12:26:07'),
(214, 'App\\Models\\Member', 19, 'Carbaba', '21339bbfaceb600047ed5598f2168ff7bbffffea8b153e5dd993d520a3920285', '[\"*\"]', '2025-03-26 07:31:16', NULL, '2025-03-26 07:31:14', '2025-03-26 07:31:16'),
(215, 'App\\Models\\Member', 19, 'Carbaba', '805d99b4590c69f9563ca0629c9ee19f1d15138f98d3ed716303d4f93f99fb01', '[\"*\"]', '2025-03-26 11:13:29', NULL, '2025-03-26 10:04:35', '2025-03-26 11:13:29'),
(216, 'App\\Models\\Member', 22, 'Carbaba', 'a1a5676681c8b7830c0f793529c1c14fed9ba6fd58ee188b27bf377845712e28', '[\"*\"]', '2025-03-26 16:08:27', NULL, '2025-03-26 11:29:01', '2025-03-26 16:08:27'),
(217, 'App\\Models\\Member', 19, 'Carbaba', '66e17ef5adedebd2df26e88f6d9c4bdcc0a290c2f0f581306a532b7e834af78e', '[\"*\"]', '2025-03-26 12:34:42', NULL, '2025-03-26 12:23:02', '2025-03-26 12:34:42'),
(218, 'App\\Models\\Member', 19, 'Carbaba', '72efa9fad96e82cc9ef3b54ea4a5424b09b458c52fd5f226b583c602ef11120c', '[\"*\"]', '2025-03-26 17:09:21', NULL, '2025-03-26 17:04:27', '2025-03-26 17:09:21'),
(219, 'App\\Models\\Member', 19, 'Carbaba', '7cde17765a0681cbc0784ddf6244f5a841fa42a9ca1b656813d5d99455bfedf3', '[\"*\"]', '2025-03-27 04:56:49', NULL, '2025-03-27 04:19:37', '2025-03-27 04:56:49'),
(220, 'App\\Models\\Member', 19, 'Carbaba', '5375beed52c5b8096f0207480ed5cf23174978eb1ed473ab0a049214accc68b9', '[\"*\"]', '2025-03-27 07:24:10', NULL, '2025-03-27 07:07:59', '2025-03-27 07:24:10'),
(221, 'App\\Models\\Member', 19, 'Carbaba', '9dce9d0d662c17cf8b9b3177f80b5ec6a244e426ed6195439c908d23f56105c6', '[\"*\"]', '2025-03-27 09:39:01', NULL, '2025-03-27 07:36:30', '2025-03-27 09:39:01'),
(222, 'App\\Models\\Member', 19, 'Carbaba', 'e538897a78a17fc99e6b18308543b3ad40afe92ed45d110d59d79ca2341d201a', '[\"*\"]', '2025-03-27 08:13:23', NULL, '2025-03-27 08:02:53', '2025-03-27 08:13:23'),
(223, 'App\\Models\\Member', 19, 'Carbaba', '0995b3f637db78b3e2c6fc9b17bb5607b77082f221dc7eb41c96c50d85360584', '[\"*\"]', '2025-03-27 14:57:53', NULL, '2025-03-27 08:55:42', '2025-03-27 14:57:53'),
(224, 'App\\Models\\Member', 19, 'Carbaba', 'e4f182d01a5eaaad2b96a33cbb243f64cf7f8fc496ca3d32d415201d5b9daee9', '[\"*\"]', '2025-03-27 10:45:07', NULL, '2025-03-27 09:39:20', '2025-03-27 10:45:07'),
(225, 'App\\Models\\Member', 19, 'Carbaba', '0633283a33292e864a9bb25061074919ae8e3fa075208c8abc7aa15534a9af8d', '[\"*\"]', '2025-03-27 15:29:56', NULL, '2025-03-27 15:27:49', '2025-03-27 15:29:56'),
(226, 'App\\Models\\Member', 19, 'Carbaba', 'd2ccbdf52769554e406cad999099cb2fb9d5dca9c89d52eee126f83ddd19d5cd', '[\"*\"]', '2025-03-28 06:43:22', NULL, '2025-03-28 06:42:42', '2025-03-28 06:43:22'),
(227, 'App\\Models\\Member', 19, 'Carbaba', '47908b2b9d222634d011d9f32830442e890e04e18601c3c72025fc6e3cb86643', '[\"*\"]', '2025-03-28 09:28:26', NULL, '2025-03-28 08:02:12', '2025-03-28 09:28:26'),
(228, 'App\\Models\\Member', 19, 'Carbaba', 'a05c89dab6023b7f36d2e21e5e0363e0a41fa739926c1746aa20c9a617e55a4e', '[\"*\"]', '2025-03-28 10:06:36', NULL, '2025-03-28 09:59:49', '2025-03-28 10:06:36'),
(229, 'App\\Models\\Member', 19, 'Carbaba', 'cfc69180d58598d99be8b5016183446050cfcbc3d2587641743fd5462038ac5f', '[\"*\"]', '2025-03-28 12:05:14', NULL, '2025-03-28 10:46:11', '2025-03-28 12:05:14'),
(230, 'App\\Models\\Member', 19, 'Carbaba', 'eca506a6fe4aa85c6127f522d78a15a932e53c3625021afc382ec9f39948f25e', '[\"*\"]', '2025-03-28 14:21:42', NULL, '2025-03-28 12:16:23', '2025-03-28 14:21:42'),
(231, 'App\\Models\\Member', 19, 'Carbaba', '931277a11db9e078805edb469d86622f9f3cdf10fdbcf60b4290feed1181a3a3', '[\"*\"]', '2025-03-28 14:29:00', NULL, '2025-03-28 14:24:15', '2025-03-28 14:29:00'),
(232, 'App\\Models\\Member', 19, 'Carbaba', '6bd5aa02afd61b10d83adb6972b2128f3435c34c123c012954a12b9e33e2e8b7', '[\"*\"]', '2025-03-28 15:24:36', NULL, '2025-03-28 15:19:58', '2025-03-28 15:24:36'),
(233, 'App\\Models\\Member', 19, 'Carbaba', 'df0e3bd6664c94e413add72d9bdcbf0bba7ced79fcdaf82cf22e907e80049dbc', '[\"*\"]', '2025-03-28 15:26:48', NULL, '2025-03-28 15:25:11', '2025-03-28 15:26:48'),
(234, 'App\\Models\\Member', 19, 'Carbaba', '733a077d6029f1b8c0bc0657d565545aa7c34e8216c1ef67bbadce925e965ad0', '[\"*\"]', '2025-03-29 08:40:14', NULL, '2025-03-29 08:39:53', '2025-03-29 08:40:14'),
(235, 'App\\Models\\Member', 19, 'Carbaba', '00c0bc901ba848809427d2cc83d17e32ba29fbbc193ca5f815bdac0251eadd12', '[\"*\"]', NULL, NULL, '2025-03-29 08:51:05', '2025-03-29 08:51:05'),
(236, 'App\\Models\\Member', 19, 'Carbaba', '4f9b691c3cd6d919d58a4d6f4799f6cdb2ee43fa25216418658061bafc1b0602', '[\"*\"]', NULL, NULL, '2025-03-29 08:53:24', '2025-03-29 08:53:24'),
(237, 'App\\Models\\Member', 19, 'Carbaba', '33bc31ee2ac09952b41fadde3d9ae6d4ffc1a324b541b3a82dd9c4b18e8762cf', '[\"*\"]', NULL, NULL, '2025-03-29 08:53:45', '2025-03-29 08:53:45'),
(238, 'App\\Models\\Member', 19, 'Carbaba', '323701732d01380d18f1d3df996ea3ea29d61e7ad4f93cfafcc5c2ccc62c7c8e', '[\"*\"]', '2025-03-29 08:54:22', NULL, '2025-03-29 08:54:16', '2025-03-29 08:54:22'),
(239, 'App\\Models\\Member', 19, 'Carbaba', '7a38c8dcbd712079508b4194e7ed8c9732da65cc16bc30ea3cd5da0c673f1df9', '[\"*\"]', '2025-03-29 08:56:21', NULL, '2025-03-29 08:56:14', '2025-03-29 08:56:21'),
(240, 'App\\Models\\Member', 19, 'Carbaba', '8735c1958acb6b9f0fbd28711cc9ab1e36021033f944c09853fdd43c9f178963', '[\"*\"]', NULL, NULL, '2025-03-29 08:57:16', '2025-03-29 08:57:16'),
(241, 'App\\Models\\Member', 19, 'Carbaba', '9b818e2373640b9e6310788cf322484e8fead8c8bc3af3f6172b83840446f9a6', '[\"*\"]', '2025-03-29 09:01:48', NULL, '2025-03-29 08:57:57', '2025-03-29 09:01:48'),
(242, 'App\\Models\\Member', 19, 'Carbaba', '563ddb9bb0344fd7cfb02c45b027d1cd38184b02a6f33c3d3c85646820e34163', '[\"*\"]', NULL, NULL, '2025-03-29 08:59:18', '2025-03-29 08:59:18'),
(243, 'App\\Models\\Member', 19, 'Carbaba', 'a90062a67e80758835a1ff3e7843321128698cda4740aecc929204ba64129616', '[\"*\"]', NULL, NULL, '2025-03-29 08:59:38', '2025-03-29 08:59:38'),
(244, 'App\\Models\\Member', 19, 'Carbaba', '558fb968c363c76bd0e38b5321acc1ee18b1585da36e134f8406a32d31c51af9', '[\"*\"]', '2025-03-29 09:07:46', NULL, '2025-03-29 09:06:17', '2025-03-29 09:07:46'),
(245, 'App\\Models\\Member', 19, 'Carbaba', '1a31c4d6f4ba04d1014075e606a8feac476ed9c1542a5a697716b7543de2dcf7', '[\"*\"]', NULL, NULL, '2025-03-29 09:07:59', '2025-03-29 09:07:59'),
(246, 'App\\Models\\Member', 19, 'Carbaba', 'b443b80f3cb3a45595799f829607f313309b945bbc6cc2a7ff68ed7c3cddb1f3', '[\"*\"]', NULL, NULL, '2025-03-29 09:09:14', '2025-03-29 09:09:14'),
(247, 'App\\Models\\Member', 19, 'Carbaba', '511027eb18799d527eba5dc1fff1e43ff99b6e46bf34c4ab8c2b160794258c1c', '[\"*\"]', NULL, NULL, '2025-03-29 09:41:03', '2025-03-29 09:41:03'),
(248, 'App\\Models\\Member', 19, 'Carbaba', 'fe6db52723f8404b56c1a3d5657f2824abb1ce2d6aab7761d485862b055bc772', '[\"*\"]', NULL, NULL, '2025-03-29 09:42:51', '2025-03-29 09:42:51'),
(249, 'App\\Models\\Member', 19, 'Carbaba', 'a5b718a3388496eefaf6e64a15d62964c0db0835edfb21e193e38df05761d6f0', '[\"*\"]', NULL, NULL, '2025-03-29 09:44:00', '2025-03-29 09:44:00'),
(250, 'App\\Models\\Member', 19, 'Carbaba', 'efc573877ca82d0c8c250d391587ca2dbe6c31a258ce4db35a7226d0e4e8c03c', '[\"*\"]', NULL, NULL, '2025-03-29 09:47:54', '2025-03-29 09:47:54'),
(251, 'App\\Models\\Member', 19, 'Carbaba', '5d42ef4c6e58245048729e1967624c5cc6400a412c34e590a941f78117410a5e', '[\"*\"]', NULL, NULL, '2025-03-29 09:48:15', '2025-03-29 09:48:15'),
(252, 'App\\Models\\Member', 19, 'Carbaba', '5912af7d773cba6d6abb16642261d424b53d0fe0611f621396dbc7ff7e8a6560', '[\"*\"]', NULL, NULL, '2025-03-29 09:48:35', '2025-03-29 09:48:35'),
(253, 'App\\Models\\Member', 19, 'Carbaba', '2496ea39d859ce1f9c5c7c835a214e400913314b6882caf7e01c298440c9395d', '[\"*\"]', NULL, NULL, '2025-03-29 09:48:45', '2025-03-29 09:48:45'),
(254, 'App\\Models\\Member', 19, 'Carbaba', 'b2f80df6bf51d22651277f5e8e28779590c4b32c4701a1a599326b475123c23b', '[\"*\"]', '2025-03-29 11:20:32', NULL, '2025-03-29 11:20:22', '2025-03-29 11:20:32'),
(255, 'App\\Models\\Member', 19, 'Carbaba', '6d9e7b9f76348a673334a4f6a9581a401ffea637dd5736cd98fe411cbb73117f', '[\"*\"]', NULL, NULL, '2025-03-29 11:21:29', '2025-03-29 11:21:29'),
(256, 'App\\Models\\Member', 19, 'Carbaba', '451358b1be2f831fd22834640c2acc036a5a83f42395e3c3de55ff01bab8c050', '[\"*\"]', NULL, NULL, '2025-03-29 11:21:49', '2025-03-29 11:21:49'),
(257, 'App\\Models\\Member', 19, 'Carbaba', '83c73ffe8252f61ce858cb071ad73a5bd5fe157035334be49734dbe7dd117305', '[\"*\"]', NULL, NULL, '2025-03-29 11:22:38', '2025-03-29 11:22:38'),
(258, 'App\\Models\\Member', 19, 'Carbaba', 'cbac684ac75ba5511eb1aed70b1ae420b3a693e407e1ebf221a193f9e44c40ab', '[\"*\"]', NULL, NULL, '2025-03-29 11:22:46', '2025-03-29 11:22:46'),
(259, 'App\\Models\\Member', 19, 'Carbaba', '2dc03c8e83b6be62ce2c8d0fc4ca0592abec58e9ba1a12866caa51f5e610ad96', '[\"*\"]', NULL, NULL, '2025-03-29 11:26:53', '2025-03-29 11:26:53'),
(260, 'App\\Models\\Member', 19, 'Carbaba', '1dca8493e7413847098ffb149b3bf31b2d1272a8e8330bbe48b1d5ee77d8abc0', '[\"*\"]', NULL, NULL, '2025-03-29 11:28:55', '2025-03-29 11:28:55'),
(261, 'App\\Models\\Member', 19, 'Carbaba', '8cce0ad3cb6991f944f13b186e4c62d10f008cd1f775e7c0e30eecc3663e9a97', '[\"*\"]', NULL, NULL, '2025-03-29 11:32:28', '2025-03-29 11:32:28'),
(262, 'App\\Models\\Member', 19, 'Carbaba', '22e48bc165bd0242e96df89f5d4b678747b47fb317bdd7e8c44aa1bfe5d6f24f', '[\"*\"]', '2025-03-29 13:13:06', NULL, '2025-03-29 11:32:51', '2025-03-29 13:13:06'),
(263, 'App\\Models\\Member', 19, 'Carbaba', 'd5b7979b26d30646cec8b6db9635480f0ed6b82b417a16236332b6b33f8a8842', '[\"*\"]', '2025-03-29 12:06:13', NULL, '2025-03-29 12:05:55', '2025-03-29 12:06:13'),
(264, 'App\\Models\\Member', 19, 'Carbaba', 'f2ed9237348554d7dc12d8e7e2c42b549dec43034705e31185423bb0292d7bea', '[\"*\"]', '2025-03-31 05:13:03', NULL, '2025-03-31 05:12:56', '2025-03-31 05:13:03'),
(265, 'App\\Models\\Member', 8, 'Carbaba', '31f547518b30b7d14bdb8a60c20485df012b61aeedf571634e7ff2eee554675a', '[\"*\"]', '2025-03-31 05:13:55', NULL, '2025-03-31 05:13:51', '2025-03-31 05:13:55');
INSERT INTO `personal_access_tokens` (`id`, `tokenable_type`, `tokenable_id`, `name`, `token`, `abilities`, `last_used_at`, `expires_at`, `created_at`, `updated_at`) VALUES
(266, 'App\\Models\\Member', 8, 'Carbaba', 'f357d24c1dbb08aedfc81ce831854d045a573266cc84d13c9d061546be84257a', '[\"*\"]', '2025-03-31 05:14:51', NULL, '2025-03-31 05:14:47', '2025-03-31 05:14:51'),
(267, 'App\\Models\\Member', 8, 'Carbaba', '17031735fd6495e54289fbebceffe7e4e4a91d94014a7766a257d2be2ffe5eaf', '[\"*\"]', '2025-03-31 05:15:15', NULL, '2025-03-31 05:15:12', '2025-03-31 05:15:15'),
(268, 'App\\Models\\Member', 8, 'Carbaba', 'e557bdf23b4c5afd6e54ad2d92720bc3de2873864e10523570d6f744207f2e61', '[\"*\"]', '2025-03-31 05:25:28', NULL, '2025-03-31 05:16:22', '2025-03-31 05:25:28'),
(269, 'App\\Models\\Member', 8, 'Carbaba', '5bd715c67d9c775e138fbc9a45e87c559ce82b6878817eafa1ecde1bdd451abd', '[\"*\"]', '2025-03-31 05:56:57', NULL, '2025-03-31 05:26:31', '2025-03-31 05:56:57'),
(270, 'App\\Models\\Member', 19, 'Carbaba', '7298466b5973026d98cd37f4c6f31f9e4c75f977ffa43911c0f753c686c95abf', '[\"*\"]', '2025-03-31 08:03:36', NULL, '2025-03-31 05:56:06', '2025-03-31 08:03:36'),
(271, 'App\\Models\\Member', 19, 'Carbaba', '178373869a95901de4b2bb9981cd4c57175db602a98e1cf785cb4e8546e51292', '[\"*\"]', '2025-03-31 07:25:28', NULL, '2025-03-31 07:24:46', '2025-03-31 07:25:28'),
(272, 'App\\Models\\Member', 10, 'Carbaba', '812e5646f783ba5b0243fe9e9d85798f60f4fa317674d9f40a233719598346db', '[\"*\"]', '2025-03-31 08:03:50', NULL, '2025-03-31 08:03:44', '2025-03-31 08:03:50'),
(273, 'App\\Models\\Member', 10, 'Carbaba', '92ede5770e65bb52a8e60cc8c38922fc03d9b3eebfd4665a6ec372e6646a1b42', '[\"*\"]', '2025-03-31 08:07:10', NULL, '2025-03-31 08:05:54', '2025-03-31 08:07:10'),
(274, 'App\\Models\\Member', 10, 'Carbaba', 'bf0a93f625263b81f9c95119c558da2a8c91a8a2fec93bc00f1c9c1c3580c4c8', '[\"*\"]', '2025-03-31 12:44:44', NULL, '2025-03-31 08:09:44', '2025-03-31 12:44:44'),
(275, 'App\\Models\\Member', 19, 'Carbaba', '1ff0900f12b8db93dfc2bc6667c7afabfaa52ace16e23587347711387f67febe', '[\"*\"]', '2025-04-01 05:38:17', NULL, '2025-03-31 08:26:42', '2025-04-01 05:38:17'),
(276, 'App\\Models\\Member', 19, 'Carbaba', '575112336319d8acc63ed7f65bb2436ca55c12fc7eeaa5c8054cbd8fa657919a', '[\"*\"]', '2025-04-02 11:34:35', NULL, '2025-03-31 11:23:08', '2025-04-02 11:34:35'),
(277, 'App\\Models\\Member', 19, 'Carbaba', 'e4864a819307b8a6977b2d46bdc3eae91f2016a54b2c5ab794e5d0678c9eeaac', '[\"*\"]', NULL, NULL, '2025-03-31 11:45:17', '2025-03-31 11:45:17'),
(278, 'App\\Models\\Member', 19, 'Carbaba', '2c4a0dae257a279628f3259cd89a3b9b2dcb1cb26ce7aae6c806d97c87d9c43a', '[\"*\"]', NULL, NULL, '2025-03-31 11:51:26', '2025-03-31 11:51:26'),
(279, 'App\\Models\\Member', 19, 'Carbaba', '5ec35998dec1a21be80f6b340055ea0a59e1c092d2c6619eb86268fd81f8c13e', '[\"*\"]', NULL, NULL, '2025-03-31 11:51:46', '2025-03-31 11:51:46'),
(280, 'App\\Models\\Member', 19, 'Carbaba', '2434f9f583979e3497e62a4029629a3582a1d6ea95b4ce497b5baa80c3196c4a', '[\"*\"]', '2025-03-31 12:12:51', NULL, '2025-03-31 11:52:19', '2025-03-31 12:12:51'),
(281, 'App\\Models\\Member', 19, 'Carbaba', '8342805c8e6e2c39ccecce4bf422a2c8979bfc8601dc24b677c6573aadeb1cf6', '[\"*\"]', '2025-04-01 12:16:49', NULL, '2025-03-31 11:52:47', '2025-04-01 12:16:49'),
(282, 'App\\Models\\Member', 19, 'Carbaba', '4c255f7d1f18ca4591ae70b7c41c7941cdf77860bf8e5c378a669d4749f0357c', '[\"*\"]', '2025-04-01 09:36:28', NULL, '2025-03-31 12:03:02', '2025-04-01 09:36:28'),
(283, 'App\\Models\\Member', 19, 'Carbaba', '6fe8211506c1a030380417b17f75b174008109058c75341fd73e8f9635671384', '[\"*\"]', NULL, NULL, '2025-03-31 12:14:29', '2025-03-31 12:14:29'),
(284, 'App\\Models\\Member', 19, 'Carbaba', '618584e4df11a5aca0d99d811ef2bf2396e18298932b16ab8bbc8040a35fe133', '[\"*\"]', NULL, NULL, '2025-03-31 12:24:25', '2025-03-31 12:24:25'),
(285, 'App\\Models\\Member', 19, 'Carbaba', '080288302e98695584bca96eb6c00a9e0f44f2f5bdbcf8c770bd71286e97cab7', '[\"*\"]', NULL, NULL, '2025-03-31 12:33:27', '2025-03-31 12:33:27'),
(286, 'App\\Models\\Member', 19, 'Carbaba', '319dd3f217548202720ad025f1e706925c832d4baf9c8b2386d91ffc93c518e2', '[\"*\"]', NULL, NULL, '2025-03-31 12:33:55', '2025-03-31 12:33:55'),
(287, 'App\\Models\\Member', 10, 'Carbaba', '3cb1948c0152df51882687b4cc3ae61c053d78ce117b2b576fd86bb204bf4fa3', '[\"*\"]', '2025-04-04 12:03:53', NULL, '2025-03-31 12:41:54', '2025-04-04 12:03:53'),
(288, 'App\\Models\\Member', 8, 'Carbaba', 'ac540ce61df4c18f334477b4ce88df851112b1b1f8b3976bde4089c23d22f339', '[\"*\"]', NULL, NULL, '2025-03-31 12:42:24', '2025-03-31 12:42:24'),
(289, 'App\\Models\\Member', 22, 'Carbaba', 'c0f3ef357e12f9802c95cc1f69a92345c23a6e6d6643f339fe690453a6cefc96', '[\"*\"]', '2025-04-02 11:20:53', NULL, '2025-03-31 12:45:46', '2025-04-02 11:20:53'),
(290, 'App\\Models\\Member', 8, 'Carbaba', '85a0683b653735b62b9e48736b8df7af5482d1379f875f0860437d1f9f97e41e', '[\"*\"]', NULL, NULL, '2025-03-31 12:48:41', '2025-03-31 12:48:41'),
(291, 'App\\Models\\Member', 12, 'Carbaba', '18548a7de369f6f46f69dafb5c10efa72752cca5b26993bede19dbb81d734067', '[\"*\"]', NULL, NULL, '2025-04-01 03:47:07', '2025-04-01 03:47:07'),
(292, 'App\\Models\\Member', 19, 'Carbaba', '2e4e269f0baf3442ef7b1fc553f54808e4c10f10450163623ddb238aa938b25a', '[\"*\"]', '2025-04-01 05:53:17', NULL, '2025-04-01 04:29:49', '2025-04-01 05:53:17'),
(293, 'App\\Models\\Member', 19, 'Carbaba', 'c3c9a4c19e1cebba436463781c9469f5073714de5ecb483304bebad5ba3ce1b3', '[\"*\"]', NULL, NULL, '2025-04-01 05:52:48', '2025-04-01 05:52:48'),
(294, 'App\\Models\\Member', 19, 'Carbaba', 'c9f210ce479874eec570464770b0eac292a03f1986696f25ee90cb719e25a42b', '[\"*\"]', '2025-04-01 08:45:48', NULL, '2025-04-01 06:14:30', '2025-04-01 08:45:48'),
(295, 'App\\Models\\Member', 19, 'Carbaba', '1ee5497283e04c251e600ca09690e8f29bdc82f7dcdf77ea28650a8f7dc7da8b', '[\"*\"]', '2025-04-01 08:46:10', NULL, '2025-04-01 08:46:07', '2025-04-01 08:46:10'),
(296, 'App\\Models\\Member', 19, 'Carbaba', '8e78d1f5b427394e702f70b49275a3092ef20e8a61221e892deac5f06c922c10', '[\"*\"]', NULL, NULL, '2025-04-01 08:46:41', '2025-04-01 08:46:41'),
(297, 'App\\Models\\Member', 19, 'Carbaba', '88573ae3c84ad65dff69a6c1f9b3514eaaa385f279ea18b7263719c91c00eb74', '[\"*\"]', NULL, NULL, '2025-04-01 08:48:07', '2025-04-01 08:48:07'),
(298, 'App\\Models\\Member', 19, 'Carbaba', '65b187df1e011cc212f4b0509644b9c22ef4d7f5d0e0e7a88edeeb02dd25b263', '[\"*\"]', '2025-04-01 11:57:54', NULL, '2025-04-01 09:04:18', '2025-04-01 11:57:54'),
(299, 'App\\Models\\Member', 19, 'Carbaba', 'cd0b1386b7974fc10c664cbaecbd30869b61f8e8e43926ee981d197189c417d2', '[\"*\"]', NULL, NULL, '2025-04-01 09:37:22', '2025-04-01 09:37:22'),
(300, 'App\\Models\\Member', 19, 'Carbaba', '18dfc7ebc093de4ca725dddb0157f5d53bb07ab2b8bc5a0bed71d7d130b8ac5c', '[\"*\"]', '2025-04-01 09:39:49', NULL, '2025-04-01 09:39:40', '2025-04-01 09:39:49'),
(301, 'App\\Models\\Member', 8, 'Carbaba', '2be736d9038871a927f4c0e4ec6c441dba6b06f1723b144baa62f994b45105be', '[\"*\"]', NULL, NULL, '2025-04-01 09:48:00', '2025-04-01 09:48:00'),
(302, 'App\\Models\\Member', 8, 'Carbaba', 'eade881ef19af8772c2972c82529f1e56308a32f07fe2deb08bc4b4d65146a19', '[\"*\"]', '2025-04-02 12:59:29', NULL, '2025-04-01 09:48:09', '2025-04-02 12:59:29'),
(303, 'App\\Models\\Member', 12, 'Carbaba', 'f08553633a239f5818e1f185a3b1ec8876798bd9667e017a2ba7162539c423bf', '[\"*\"]', NULL, NULL, '2025-04-01 09:49:19', '2025-04-01 09:49:19'),
(304, 'App\\Models\\Member', 12, 'Carbaba', '688e2b7ced87b5677e972fc48619bf9c1c3b428ad37917b1e4839fd73c6d9679', '[\"*\"]', '2025-04-01 10:16:12', NULL, '2025-04-01 09:49:36', '2025-04-01 10:16:12'),
(305, 'App\\Models\\Member', 19, 'Carbaba', 'f7552191ab728b0ab75e35421562bb576d115ea9fd76c3b3545b1167945f3a8e', '[\"*\"]', '2025-04-01 09:52:47', NULL, '2025-04-01 09:52:42', '2025-04-01 09:52:47'),
(306, 'App\\Models\\Member', 19, 'Carbaba', '235ec144248c607f37fa30be7a5289513e026d3f63dcd42012f84b97f2b9256d', '[\"*\"]', NULL, NULL, '2025-04-01 09:54:26', '2025-04-01 09:54:26'),
(307, 'App\\Models\\Member', 12, 'Carbaba', '1f44505b4f7d75247fea4f6c8608b0ddbb662f06a7bf9833f548a1e45e3c6565', '[\"*\"]', NULL, NULL, '2025-04-01 10:17:19', '2025-04-01 10:17:19'),
(308, 'App\\Models\\Member', 12, 'Carbaba', 'b5ffdb033a881ad7dfcfcef6c9fa23212a2b81911f1dc9e91f9098c4edc8e06d', '[\"*\"]', '2025-04-01 11:32:18', NULL, '2025-04-01 10:17:59', '2025-04-01 11:32:18'),
(309, 'App\\Models\\Member', 19, 'Carbaba', '0aa2446ccb6a440cd1a8136628aea4cd1932faf8e0157a9673db52144e9ff263', '[\"*\"]', NULL, NULL, '2025-04-01 10:28:12', '2025-04-01 10:28:12'),
(310, 'App\\Models\\Member', 12, 'Carbaba', '6f291c378bb8af7d44d92baee77579ea20339758d1672bcc8b39090d1e00fa05', '[\"*\"]', '2025-04-02 08:33:44', NULL, '2025-04-01 11:32:27', '2025-04-02 08:33:44'),
(311, 'App\\Models\\Member', 27, 'Carbaba', '1c6011b65a7e62b27bde6bbec85888e1f943bc4129e6d0756ed62e40a11e47eb', '[\"*\"]', NULL, NULL, '2025-04-01 12:20:30', '2025-04-01 12:20:30'),
(312, 'App\\Models\\Member', 19, 'Carbaba', 'f7aaa8e8f3e358cadc0822777ade9a79a41df2f58f8defb71ae084e230a9ca84', '[\"*\"]', '2025-04-01 12:21:24', NULL, '2025-04-01 12:20:57', '2025-04-01 12:21:24'),
(313, 'App\\Models\\Member', 27, 'Carbaba', '8fe92c41ac0b13b60bb18c90907b7f716ecb4f1267673f151c8ac993bf87af74', '[\"*\"]', NULL, NULL, '2025-04-01 12:20:58', '2025-04-01 12:20:58'),
(314, 'App\\Models\\Member', 27, 'Carbaba', '680688fdcaaaf89bf01f6d3f93a8feb0a7dcee3f80b04925568af9db0edd452c', '[\"*\"]', '2025-04-01 12:22:14', NULL, '2025-04-01 12:21:08', '2025-04-01 12:22:14'),
(315, 'App\\Models\\Member', 28, 'Carbaba', '1e3229365c584ead38621c41d0d35424e55a6ed00844a8cdaa82f40090c2e069', '[\"*\"]', NULL, NULL, '2025-04-01 12:22:46', '2025-04-01 12:22:46'),
(316, 'App\\Models\\Member', 28, 'Carbaba', '0464294fa3685cd28a245182f79b2de4385de0601034e21b277f3c83dbbb63ad', '[\"*\"]', '2025-04-04 08:01:58', NULL, '2025-04-01 12:22:49', '2025-04-04 08:01:58'),
(317, 'App\\Models\\Member', 27, 'Carbaba', '37f513a5f03ee245c3b6de3928f928d23b1849dbf8c05a74749dd9de6b87fdc4', '[\"*\"]', '2025-04-02 04:59:12', NULL, '2025-04-02 03:41:05', '2025-04-02 04:59:12'),
(318, 'App\\Models\\Member', 5, 'Carbaba', '7db3aadc94e049c3358a146d841148aa7f024ac419d0cf3b06182f155760f4b4', '[\"*\"]', NULL, NULL, '2025-04-02 05:08:19', '2025-04-02 05:08:19'),
(319, 'App\\Models\\Member', 5, 'Carbaba', '165558c9bb8a40a136724eb0db0c27f09fa883855ad25c635d6c1aef546d988c', '[\"*\"]', '2025-04-02 05:08:40', NULL, '2025-04-02 05:08:23', '2025-04-02 05:08:40'),
(320, 'App\\Models\\Member', 27, 'Carbaba', '157ea8b093bca649e3d813343999376d82eb5f139c3bc186f4710159f297f417', '[\"*\"]', '2025-04-02 06:01:00', NULL, '2025-04-02 05:09:54', '2025-04-02 06:01:00'),
(321, 'App\\Models\\Member', 25, 'Carbaba', '86fe62ecf3de46e0ad8a1e96eff12e13ba7dc976f5127eb22e5eb226a05562bd', '[\"*\"]', NULL, NULL, '2025-04-02 06:01:39', '2025-04-02 06:01:39'),
(322, 'App\\Models\\Member', 25, 'Carbaba', '9fe50f77fb4456dc162ea8a1b2eaa7cd190776eeca26bd9da01ae1238fb5ac22', '[\"*\"]', '2025-04-02 06:02:19', NULL, '2025-04-02 06:01:46', '2025-04-02 06:02:19'),
(323, 'App\\Models\\Member', 27, 'Carbaba', '19a7845bb9797d11ed864f459728ed56110fd38356e1caeb02ad72789cdeeab7', '[\"*\"]', '2025-04-02 06:02:47', NULL, '2025-04-02 06:02:36', '2025-04-02 06:02:47'),
(324, 'App\\Models\\Member', 25, 'Carbaba', '4348cc6b3e730c5822083ccec067495b05547f4b95d993d218598a8aa96d6007', '[\"*\"]', '2025-04-02 06:36:34', NULL, '2025-04-02 06:07:49', '2025-04-02 06:36:34'),
(325, 'App\\Models\\Member', 19, 'Carbaba', '9a4b94889a04640ccaee4607327fea7a5bd944322029e6d8a40b75767d34595f', '[\"*\"]', '2025-04-02 06:29:35', NULL, '2025-04-02 06:08:16', '2025-04-02 06:29:35'),
(326, 'App\\Models\\Member', 19, 'Carbaba', 'ab7a025b58e88aa9680b2781e1508991b6a72f4072e38aeb21c52cd7524a3847', '[\"*\"]', '2025-04-02 06:25:40', NULL, '2025-04-02 06:25:35', '2025-04-02 06:25:40'),
(327, 'App\\Models\\Member', 19, 'Carbaba', 'ff0092d55542bbc1f844cf1c3c2e96a26e7b870df9776ccc4aa4e5c1c9cb18d0', '[\"*\"]', '2025-04-02 07:52:11', NULL, '2025-04-02 06:26:32', '2025-04-02 07:52:11'),
(328, 'App\\Models\\Member', 19, 'Carbaba', 'e0e05ff784cc9a3b5b46a5fdb2eb9fcbf117ac2d4075a924632b82e273c1f518', '[\"*\"]', '2025-04-02 08:33:53', NULL, '2025-04-02 07:40:24', '2025-04-02 08:33:53'),
(329, 'App\\Models\\Member', 27, 'Carbaba', '29e642e5b5a04fb302a89eafbadee399735563ff942c817967dd9c2b8779642d', '[\"*\"]', '2025-04-02 07:51:06', NULL, '2025-04-02 07:50:56', '2025-04-02 07:51:06'),
(330, 'App\\Models\\Member', 27, 'Carbaba', 'ccdada30d08f4ddc099f8401f659d5a7ef9f017222d0251d56c624a3403e6d03', '[\"*\"]', '2025-04-02 07:51:46', NULL, '2025-04-02 07:51:38', '2025-04-02 07:51:46'),
(331, 'App\\Models\\Member', 27, 'Carbaba', '772c8238fec44e18b719dc0535f17f98b1dbca9b884080e70db14a470b6b81a7', '[\"*\"]', '2025-04-02 07:53:26', NULL, '2025-04-02 07:51:57', '2025-04-02 07:53:26'),
(332, 'App\\Models\\Member', 27, 'Carbaba', '046bc0c50ac1217af259c135ba1ad62414c2840d91c56a725a8e7699c52f3181', '[\"*\"]', NULL, NULL, '2025-04-02 07:53:11', '2025-04-02 07:53:11'),
(333, 'App\\Models\\Member', 19, 'Carbaba', '83c8b6d27f78b734e7cf85a43d3195837a828f6ddbc48f83646a3ac75cd66386', '[\"*\"]', NULL, NULL, '2025-04-02 07:53:18', '2025-04-02 07:53:18'),
(334, 'App\\Models\\Member', 19, 'Carbaba', '0f215f407aa3e82d2935b7f808943b5b4e09dbddbbd21e72cf4a85839da6ef1e', '[\"*\"]', '2025-04-09 06:47:05', NULL, '2025-04-02 07:55:18', '2025-04-09 06:47:05'),
(335, 'App\\Models\\Member', 27, 'Carbaba', 'a3351b191b8e18f4510fc121540ea9d77dfc373ea13aa91d35296078b93bc4ab', '[\"*\"]', NULL, NULL, '2025-04-02 07:58:05', '2025-04-02 07:58:05'),
(336, 'App\\Models\\Member', 27, 'Carbaba', '2fa5baa671cafa4c3035073e77901601497e1dbf68114e66e6b5a513df06c51d', '[\"*\"]', '2025-04-05 10:19:44', NULL, '2025-04-02 08:01:59', '2025-04-05 10:19:44'),
(337, 'App\\Models\\Member', 12, 'Carbaba', '5507729456eb0a6fdec98d52e378a46ffc52a5a2f085027fb1d828c5234d1dbb', '[\"*\"]', NULL, NULL, '2025-04-02 08:20:26', '2025-04-02 08:20:26'),
(338, 'App\\Models\\Member', 19, 'Carbaba', 'a274180b133a1816ead836abe695a2761cfb20d8164866d4863ff2730fce3776', '[\"*\"]', NULL, NULL, '2025-04-02 08:25:08', '2025-04-02 08:25:08'),
(339, 'App\\Models\\Member', 12, 'Carbaba', '6e76fcea71f43877ae00aa72a9c1f23f06cde6ed597a119d57f2af88d7ad23a6', '[\"*\"]', NULL, NULL, '2025-04-02 08:33:11', '2025-04-02 08:33:11'),
(340, 'App\\Models\\Member', 19, 'Carbaba', '8f17a80de68c4d2a2a14398b197d5cadd1709f08d9f17ae4019fb123bdca7807', '[\"*\"]', NULL, NULL, '2025-04-02 08:37:48', '2025-04-02 08:37:48'),
(341, 'App\\Models\\Member', 27, 'Carbaba', '8f5fa323370da11a433158fc80a50ee93c46436edba94e62ca5144119096070e', '[\"*\"]', NULL, NULL, '2025-04-02 08:39:47', '2025-04-02 08:39:47'),
(342, 'App\\Models\\Member', 19, 'Carbaba', 'e2a4efc42d437886139e1994e83f70e6b8aabe54572fde5c7ca16f0bab61556d', '[\"*\"]', NULL, NULL, '2025-04-02 08:53:08', '2025-04-02 08:53:08'),
(343, 'App\\Models\\Member', 22, 'Carbaba', '54c4af492ee4f3a440fa3f13eecc2c5e57b9b4245e1d0e86f3c88b14ea1709ad', '[\"*\"]', NULL, NULL, '2025-04-02 08:57:52', '2025-04-02 08:57:52'),
(344, 'App\\Models\\Member', 22, 'Carbaba', '6f9423d2c6b999824a69f031cdc34fd84453779f19cd1f4a8bcf635964202c25', '[\"*\"]', NULL, NULL, '2025-04-02 08:57:57', '2025-04-02 08:57:57'),
(345, 'App\\Models\\Member', 19, 'Carbaba', 'e1d415f661454413231d156f984463a194415fa595d3594ebfb4bc8868d52a92', '[\"*\"]', NULL, NULL, '2025-04-02 09:18:14', '2025-04-02 09:18:14'),
(346, 'App\\Models\\Member', 19, 'Carbaba', 'ee8b35519277ddf5eda3d67707f07dd2a6696de5665992952f74b193a52547f2', '[\"*\"]', NULL, NULL, '2025-04-02 09:19:35', '2025-04-02 09:19:35'),
(347, 'App\\Models\\Member', 19, 'Carbaba', '58a64ad354167cd49f368ba911b01a9f94fa90128e72197779ab5a85d9ec08e4', '[\"*\"]', NULL, NULL, '2025-04-02 09:22:25', '2025-04-02 09:22:25'),
(348, 'App\\Models\\Member', 19, 'Carbaba', '44f2d80563b6dd972fc4943c83524d2ba5165c7e28fab352918e8308404e38f0', '[\"*\"]', NULL, NULL, '2025-04-02 09:22:55', '2025-04-02 09:22:55'),
(349, 'App\\Models\\Member', 19, 'Carbaba', '92db23736ed597116dd29548d947121f09f4426492927d13d377c8518c7d1731', '[\"*\"]', '2025-04-02 09:23:45', NULL, '2025-04-02 09:23:03', '2025-04-02 09:23:45'),
(350, 'App\\Models\\Member', 19, 'Carbaba', '527012c3694b5989e544deb5a4f685758a83aa62c98d605175b2a60919a8c5a2', '[\"*\"]', '2025-04-05 07:22:41', NULL, '2025-04-02 09:23:58', '2025-04-05 07:22:41'),
(351, 'App\\Models\\Member', 12, 'Carbaba', '324197c1bd27df3ce6ca0e3d5506cc656ef40fe3fd3cc4c885946c4e61cb6304', '[\"*\"]', '2025-04-03 10:24:27', NULL, '2025-04-02 11:21:21', '2025-04-03 10:24:27'),
(352, 'App\\Models\\Member', 12, 'Carbaba', 'cd9bd25d99c614e62922126e7ce44c056c848e2e2df67c43ca8fd37847c583bd', '[\"*\"]', NULL, NULL, '2025-04-02 11:23:49', '2025-04-02 11:23:49'),
(353, 'App\\Models\\Member', 12, 'Carbaba', '8c34ba9273953f2b67f36896b6bd10a5580a9420b60f159dbe5b9eb2d1afdf4a', '[\"*\"]', NULL, NULL, '2025-04-02 11:24:01', '2025-04-02 11:24:01'),
(354, 'App\\Models\\Member', 12, 'Carbaba', '97be699590d3752c976d4ba24f18a85f447c7670741aeef448c846e1adbadf2d', '[\"*\"]', NULL, NULL, '2025-04-02 11:24:17', '2025-04-02 11:24:17'),
(355, 'App\\Models\\Member', 12, 'Carbaba', 'cafbd475ef65d97a60a06546dfcfee5ff7b31538e0dc2709d389922144be27f5', '[\"*\"]', NULL, NULL, '2025-04-02 11:26:58', '2025-04-02 11:26:58'),
(356, 'App\\Models\\Member', 28, 'Carbaba', 'd45df75f9a7cd1564d80e3ee4e4139610b0bfdb4c09020d7103ffc03b5d3c6dd', '[\"*\"]', NULL, NULL, '2025-04-02 11:40:17', '2025-04-02 11:40:17'),
(357, 'App\\Models\\Member', 28, 'Carbaba', 'a4b2ca39391241cf896a87ce479feedb692f20a197a1efca175fc3258313f3a7', '[\"*\"]', NULL, NULL, '2025-04-02 11:40:26', '2025-04-02 11:40:26'),
(358, 'App\\Models\\Member', 19, 'Carbaba', '09440db6a5b0aa603549a422ca5562192076f11b881033349a0544598719f537', '[\"*\"]', NULL, NULL, '2025-04-02 12:04:38', '2025-04-02 12:04:38'),
(359, 'App\\Models\\Member', 19, 'Carbaba', 'df0268a4e96a04b1ea383a88c3644872652d95f35e10a5598ebdb68322c35d28', '[\"*\"]', NULL, NULL, '2025-04-02 12:04:42', '2025-04-02 12:04:42'),
(360, 'App\\Models\\Member', 19, 'Carbaba', '30522d7c9e535eea19dd77fe5d86ac2e3a4e5e368a4c76a3c661725481c3acda', '[\"*\"]', NULL, NULL, '2025-04-02 12:19:52', '2025-04-02 12:19:52'),
(361, 'App\\Models\\Member', 30, 'Carbaba', 'de68ca09af5cf9f8e340e256c9165ec0848abd3b2e7bba561b3e904a12464a8b', '[\"*\"]', NULL, NULL, '2025-04-02 12:23:01', '2025-04-02 12:23:01'),
(362, 'App\\Models\\Member', 30, 'Carbaba', '6e53df045c26ca4606a860e57814c93c8590adf21c705f7d1a28a292ab3346f8', '[\"*\"]', NULL, NULL, '2025-04-02 12:23:09', '2025-04-02 12:23:09'),
(363, 'App\\Models\\Member', 30, 'Carbaba', 'df3f02daf738ca1682ed97894fc118e20be89ba0876c72c6810f68bd95aa523f', '[\"*\"]', NULL, NULL, '2025-04-02 12:23:48', '2025-04-02 12:23:48'),
(364, 'App\\Models\\Member', 30, 'Carbaba', '6a007e32d9055bf5bf0fb83a37794320475d5102a554fa12a6d0555ec5e1a222', '[\"*\"]', NULL, NULL, '2025-04-02 12:24:44', '2025-04-02 12:24:44'),
(365, 'App\\Models\\Member', 12, 'Carbaba', 'd26b8e89cb5d6c7f4f43503e42cc17b59e08c586ea4d62b7ce6d8b1c02ff61c3', '[\"*\"]', NULL, NULL, '2025-04-02 12:26:46', '2025-04-02 12:26:46'),
(366, 'App\\Models\\Member', 30, 'Carbaba', '9add8480e349b13453a7d318832f94e618e56a7e31810f9120a09dc72ad0180b', '[\"*\"]', NULL, NULL, '2025-04-02 12:26:56', '2025-04-02 12:26:56'),
(367, 'App\\Models\\Member', 12, 'Carbaba', '25a2b7170b34ab751a03991ea01e0ffdc12db72b2f4a82efbba1bd7a78063372', '[\"*\"]', NULL, NULL, '2025-04-02 12:28:24', '2025-04-02 12:28:24'),
(368, 'App\\Models\\Member', 30, 'Carbaba', 'e3d8275ea18aad1d69345438e160415d7931bd39257a5179d8a7e4e56a0cdc2f', '[\"*\"]', NULL, NULL, '2025-04-02 12:29:32', '2025-04-02 12:29:32'),
(369, 'App\\Models\\Member', 30, 'Carbaba', '5d49ae64ed520a5dd79c85bf900549c8212c7f8b03081048493c19c26097364b', '[\"*\"]', NULL, NULL, '2025-04-02 12:30:05', '2025-04-02 12:30:05'),
(370, 'App\\Models\\Member', 12, 'Carbaba', '15ef35a34eeb89612ea61c6237f3200735b244fbd512b33e1e6ea2d69938cdef', '[\"*\"]', NULL, NULL, '2025-04-02 12:31:09', '2025-04-02 12:31:09'),
(371, 'App\\Models\\Member', 30, 'Carbaba', '01107964c418c9a8f213ea3630b6526f8729bab4926077e498f85d5eef746918', '[\"*\"]', NULL, NULL, '2025-04-02 12:31:16', '2025-04-02 12:31:16'),
(372, 'App\\Models\\Member', 23, 'Carbaba', 'ee98939b184821d8b4843d03fa27f54bc1bc8cd67193c4356239089450a3ffd8', '[\"*\"]', NULL, NULL, '2025-04-02 12:33:00', '2025-04-02 12:33:00'),
(373, 'App\\Models\\Member', 23, 'Carbaba', '43d92115010d2c264de0e026a735333075ada32011bd08dc56e9821d2f0c6c2f', '[\"*\"]', NULL, NULL, '2025-04-02 12:33:04', '2025-04-02 12:33:04'),
(374, 'App\\Models\\Member', 12, 'Carbaba', '4714163cec5925d354656fc886f19a619ffd717226868e30c36c59285b333f69', '[\"*\"]', NULL, NULL, '2025-04-02 12:35:05', '2025-04-02 12:35:05'),
(375, 'App\\Models\\Member', 23, 'Carbaba', 'f2d1a25f776333782f76738258d498e9a4734204c8f5bb2b158d975e7ab1cfdd', '[\"*\"]', NULL, NULL, '2025-04-02 12:45:10', '2025-04-02 12:45:10'),
(376, 'App\\Models\\Member', 12, 'Carbaba', 'dedb0b76cde792344d2502e2b6e1b30461f97d7d4f99c53798a6cb5d16951dc7', '[\"*\"]', NULL, NULL, '2025-04-02 12:45:54', '2025-04-02 12:45:54'),
(377, 'App\\Models\\Member', 30, 'Carbaba', 'bb46e9c2b403ae85984ca606199335adcb5e5826b48065554782539e1785596c', '[\"*\"]', NULL, NULL, '2025-04-02 12:46:04', '2025-04-02 12:46:04'),
(378, 'App\\Models\\Member', 8, 'Carbaba', 'f84e0d9cfd25f1c589d144c2151bddf11cbf88efd8aa0f85ee1d1d1b8fdf477f', '[\"*\"]', NULL, NULL, '2025-04-02 12:46:16', '2025-04-02 12:46:16'),
(379, 'App\\Models\\Member', 8, 'Carbaba', '82b6eb1f1133227cb04ff8d45ff84c879f274ef6d323835aec6d34d0493e6b37', '[\"*\"]', NULL, NULL, '2025-04-02 12:46:20', '2025-04-02 12:46:20'),
(380, 'App\\Models\\Member', 10, 'Carbaba', 'b133f77b8b0cc7006924a877b2fa9b09277f6f8f52c0b2f0f334309b04baf357', '[\"*\"]', NULL, NULL, '2025-04-02 12:59:55', '2025-04-02 12:59:55'),
(381, 'App\\Models\\Member', 10, 'Carbaba', '7b5fa063f181974d0ece02f35479d74b94d1869d75c934fe7cec43c0e05b720e', '[\"*\"]', NULL, NULL, '2025-04-02 13:00:01', '2025-04-02 13:00:01'),
(382, 'App\\Models\\Member', 19, 'Carbaba', '3bca9821984e5c44f1d157603a781129a175a3df556d5b04725be989e03a114f', '[\"*\"]', NULL, NULL, '2025-04-03 06:11:15', '2025-04-03 06:11:15'),
(383, 'App\\Models\\Member', 19, 'Carbaba', '958b3cd948017bf4df7f44216bf82ae8a65996852044408dcb24eb20492af55e', '[\"*\"]', NULL, NULL, '2025-04-03 06:34:38', '2025-04-03 06:34:38'),
(384, 'App\\Models\\Member', 19, 'Carbaba', '37a4e218c4a62bf5cd610b68dadb3f71cc83f21e2c97d8fdfbce0c09cf50c54a', '[\"*\"]', NULL, NULL, '2025-04-03 06:35:53', '2025-04-03 06:35:53'),
(385, 'App\\Models\\Member', 19, 'Carbaba', '92be75c63846dc2f9ac852dc346385e9a8f384cc6763a72a28bec703d86d414f', '[\"*\"]', NULL, NULL, '2025-04-03 06:36:11', '2025-04-03 06:36:11'),
(386, 'App\\Models\\Member', 19, 'Carbaba', 'bf2d31d30ef82808495caa1abe43302fb070982c5e41107f9b9a53636b2fc14c', '[\"*\"]', NULL, NULL, '2025-04-03 06:36:16', '2025-04-03 06:36:16'),
(387, 'App\\Models\\Member', 19, 'Carbaba', '1642245cbfa3328cb9bffbe7de641dd36099021bff3aff9d8ee40dd18798e8f1', '[\"*\"]', NULL, NULL, '2025-04-03 06:42:16', '2025-04-03 06:42:16'),
(388, 'App\\Models\\Member', 19, 'Carbaba', 'd6a4c2bdca7d7da4342b2d15cee27ecaade05aee748e4f5f43c27466574f425b', '[\"*\"]', NULL, NULL, '2025-04-03 07:55:51', '2025-04-03 07:55:51'),
(389, 'App\\Models\\Member', 19, 'Carbaba', '938a5660d49d16a01954f318d675465b9baf3b37806ca0cd9bb6e0e152fe7fef', '[\"*\"]', NULL, NULL, '2025-04-03 08:38:04', '2025-04-03 08:38:04'),
(390, 'App\\Models\\Member', 19, 'Carbaba', '65b5644b6b9abaec74e4e0d6a2d49c87ea1f35e9fa15d286222853322458e072', '[\"*\"]', NULL, NULL, '2025-04-03 08:43:09', '2025-04-03 08:43:09'),
(391, 'App\\Models\\Member', 10, 'Carbaba', 'ac6021f15240193b98161fce8c584c82235edd6548867c5f8052bb3bf557b070', '[\"*\"]', NULL, NULL, '2025-04-03 09:51:00', '2025-04-03 09:51:00'),
(392, 'App\\Models\\Member', 19, 'Carbaba', '34977ed341d5439db9a2e8fee88365e8fdb4d26e24f75f6c8232d8d129ed1ee6', '[\"*\"]', NULL, NULL, '2025-04-03 10:02:42', '2025-04-03 10:02:42'),
(393, 'App\\Models\\Member', 12, 'Carbaba', 'cb17bcd56c24c1bd61efe99da0a8a5d99d24e2de121ee870cd23bc2a56afda02', '[\"*\"]', NULL, NULL, '2025-04-03 10:13:10', '2025-04-03 10:13:10'),
(394, 'App\\Models\\Member', 12, 'Carbaba', '484aefb44b7eceb03015df5b89fe15a178fa1b0af4c76c1d90eec6542ec53942', '[\"*\"]', '2025-04-04 11:57:11', NULL, '2025-04-03 10:27:02', '2025-04-04 11:57:11'),
(395, 'App\\Models\\Member', 8, 'Carbaba', '319e64eaa3a662b6ed6f35811625bcf6b29c9ca4c22b69152aa62f92d4495317', '[\"*\"]', '2025-04-04 09:02:17', NULL, '2025-04-03 10:29:47', '2025-04-04 09:02:17'),
(396, 'App\\Models\\Member', 31, 'Carbaba', 'd4ad69e67b5bac6084598e4805684b2b8cee6706038463227c246a8911133fe4', '[\"*\"]', '2025-04-03 11:36:31', NULL, '2025-04-03 11:10:54', '2025-04-03 11:36:31'),
(397, 'App\\Models\\Member', 31, 'Carbaba', 'b45a273d0a2ee43e5394a7c4472929d0869058e5c9d011ac277f6e63c116e9ae', '[\"*\"]', NULL, NULL, '2025-04-03 11:11:25', '2025-04-03 11:11:25'),
(398, 'App\\Models\\Member', 31, 'Carbaba', '63cb42a48d81c6bfa85c426c16b6f28d8ee7d84c437b97d65e96208ff8bf2c2c', '[\"*\"]', NULL, NULL, '2025-04-03 11:11:31', '2025-04-03 11:11:31'),
(399, 'App\\Models\\Member', 31, 'Carbaba', '1658f385549f0f13689c4635494997c164b9d81a8bc4eb83d97278f8de08ebca', '[\"*\"]', NULL, NULL, '2025-04-03 11:12:37', '2025-04-03 11:12:37'),
(400, 'App\\Models\\Member', 31, 'Carbaba', 'f87b2f673b9a0e9177df05a64b3aed8bc988d13be8224a5815266d241f68ec53', '[\"*\"]', NULL, NULL, '2025-04-03 11:34:10', '2025-04-03 11:34:10'),
(401, 'App\\Models\\Member', 12, 'Carbaba', 'efff1d419bd934886f0cecc6b26359fbc1210580a291ceff46a23fb7fe8d3b34', '[\"*\"]', NULL, NULL, '2025-04-03 11:37:08', '2025-04-03 11:37:08'),
(402, 'App\\Models\\Member', 12, 'Carbaba', '1a4fcf9ecf7df144b9426f97469b43f9cfae730a203c02ef1caff887a70799d6', '[\"*\"]', NULL, NULL, '2025-04-03 11:37:13', '2025-04-03 11:37:13'),
(403, 'App\\Models\\Member', 19, 'Carbaba', '0599ebc2558fa52068350c8375e4b83b56ebb2a1361a4f282864d02f7cc045e0', '[\"*\"]', NULL, NULL, '2025-04-03 11:56:53', '2025-04-03 11:56:53'),
(404, 'App\\Models\\Member', 19, 'Carbaba', '2fabf72c802b010a50e89df625990bf8cc594c87b94e395d8548df7ee4a216ae', '[\"*\"]', NULL, NULL, '2025-04-03 12:04:45', '2025-04-03 12:04:45'),
(405, 'App\\Models\\Member', 19, 'Carbaba', '8f49f517c2d28af96ddd16fb20d2354a39fb30704dc6b310e14eeeed7863db9f', '[\"*\"]', NULL, NULL, '2025-04-04 04:16:41', '2025-04-04 04:16:41'),
(406, 'App\\Models\\Member', 19, 'Carbaba', '2aafc5ca9b36c4ed227f70bfe7250192a2750f36826b6026f9327013891a7314', '[\"*\"]', NULL, NULL, '2025-04-04 04:16:47', '2025-04-04 04:16:47'),
(407, 'App\\Models\\Member', 28, 'Carbaba', 'ce9d704988ceca0950c137982f24e2284849999c43a0c00a6ca9dc826e20feb0', '[\"*\"]', NULL, NULL, '2025-04-04 05:42:19', '2025-04-04 05:42:19'),
(408, 'App\\Models\\Member', 28, 'Carbaba', '8f11bed0bba6fc14f5bf646157aa4f4ab56e0c4d8a116a66e9f5129fd308d3ae', '[\"*\"]', NULL, NULL, '2025-04-04 05:42:35', '2025-04-04 05:42:35'),
(409, 'App\\Models\\Member', 19, 'Carbaba', 'fd79923d72c3bf35ac2a8c9c4ec83c812a46dda9024a21e242a616bc33b51e6e', '[\"*\"]', NULL, NULL, '2025-04-04 05:56:19', '2025-04-04 05:56:19'),
(410, 'App\\Models\\Member', 19, 'Carbaba', '42c39a348ba8a6786483bc16d1282aaa8618d1a43fd6407acd4b5874e5dbf359', '[\"*\"]', NULL, NULL, '2025-04-04 06:28:43', '2025-04-04 06:28:43'),
(411, 'App\\Models\\Member', 19, 'Carbaba', '4f269e39af1805ef7209772756d9930c46248ff51a3efafb6859191b108679c1', '[\"*\"]', NULL, NULL, '2025-04-04 08:28:00', '2025-04-04 08:28:00'),
(412, 'App\\Models\\Member', 19, 'Carbaba', 'e5c51dcb8d16e71e7bc9b67d8ef18f4901fff48b0fbe138d80ed80b6ab2dafc3', '[\"*\"]', NULL, NULL, '2025-04-04 08:43:08', '2025-04-04 08:43:08'),
(413, 'App\\Models\\Member', 19, 'Carbaba', '7f1898d0a5977f003b6015894d8d8fbe3f15e8286c9281187553f2f79909d9b7', '[\"*\"]', '2025-04-05 15:42:49', NULL, '2025-04-04 08:44:08', '2025-04-05 15:42:49'),
(414, 'App\\Models\\Member', 28, 'Carbaba', '6921e51d48e86d0ffeb877c28e65e066c978ecc2612876a9466ae40d96b73f4d', '[\"*\"]', NULL, NULL, '2025-04-04 08:58:45', '2025-04-04 08:58:45'),
(415, 'App\\Models\\Member', 28, 'Carbaba', 'c0ac54129d9667405edddfc41e013c388c9e95e0c083d5e240ca110b240d3048', '[\"*\"]', '2025-04-07 11:51:50', NULL, '2025-04-04 08:59:09', '2025-04-07 11:51:50'),
(416, 'App\\Models\\Member', 28, 'Carbaba', '635ba0a8e033aac86e06678653c24bc362e23940d2b1a9a045fdb2693a63ae36', '[\"*\"]', NULL, NULL, '2025-04-04 09:00:37', '2025-04-04 09:00:37'),
(417, 'App\\Models\\Member', 12, 'Carbaba', 'daa7cb0cd4eabefc99ecaa3b7809d9a77f8189c565542906c45aa5b79bcb1416', '[\"*\"]', NULL, NULL, '2025-04-04 09:01:21', '2025-04-04 09:01:21'),
(418, 'App\\Models\\Member', 8, 'Carbaba', '981b07a78ed707b1b676009074e6234e1e19691b683d7b11e516459437eb85ba', '[\"*\"]', NULL, NULL, '2025-04-04 09:02:07', '2025-04-04 09:02:07'),
(419, 'App\\Models\\Member', 8, 'Carbaba', '2ea5fb642f5f5e37ea2c709288bccbb0b69d907168c7feedd49026350e153b14', '[\"*\"]', NULL, NULL, '2025-04-04 09:02:12', '2025-04-04 09:02:12'),
(420, 'App\\Models\\Member', 28, 'Carbaba', '88dc5738b12c0ea9a78f1fd7a4dc7f83c7e426c3cc94a56cd3ed48186420c086', '[\"*\"]', NULL, NULL, '2025-04-04 09:06:02', '2025-04-04 09:06:02'),
(421, 'App\\Models\\Member', 10, 'Carbaba', 'e7693ed617485ca9fccee9a4f2b6299bcf14c8078482a7150c200d1228cc4599', '[\"*\"]', NULL, NULL, '2025-04-04 12:01:46', '2025-04-04 12:01:46'),
(422, 'App\\Models\\Member', 10, 'Carbaba', '0e8a7a450800cdb017baeb1cb8a32740ba480e032fdfcfabfc3d1944b346df19', '[\"*\"]', NULL, NULL, '2025-04-04 12:01:52', '2025-04-04 12:01:52'),
(423, 'App\\Models\\Member', 10, 'Carbaba', '0d022dd3f68ab8ca8240a340d7fa8c2a1a96cbfcbdb99040672e95a233cda1c8', '[\"*\"]', NULL, NULL, '2025-04-04 12:02:32', '2025-04-04 12:02:32'),
(424, 'App\\Models\\Member', 10, 'Carbaba', 'ab7b648332e02a906badd338a5ca327b4c9f8fef9da6aea1307fbb9dbe5c0e1d', '[\"*\"]', NULL, NULL, '2025-04-04 12:03:51', '2025-04-04 12:03:51'),
(425, 'App\\Models\\Member', 10, 'Carbaba', 'c1c41c27c802821b6c50b4ef116e04c162f576b54fc01a0e7a633b64fe2ef9d1', '[\"*\"]', NULL, NULL, '2025-04-04 12:13:53', '2025-04-04 12:13:53'),
(426, 'App\\Models\\Member', 10, 'Carbaba', '6a4fa499f934d4c358b4d11beebdce87aa3dc6f8accce363ab4ca10a5e05e61b', '[\"*\"]', '2025-04-05 09:32:44', NULL, '2025-04-04 12:15:03', '2025-04-05 09:32:44'),
(427, 'App\\Models\\Member', 10, 'Carbaba', '98088804920c25934fa865236d67de3190224ac34a7070ca0e1b78b9d1099c93', '[\"*\"]', NULL, NULL, '2025-04-04 12:28:55', '2025-04-04 12:28:55'),
(428, 'App\\Models\\Member', 19, 'Carbaba', '2534725a3ce333bd54d54e7bda0eed399a32e7c3aa0e059a3c8e91371301618c', '[\"*\"]', NULL, NULL, '2025-04-05 03:58:51', '2025-04-05 03:58:51'),
(429, 'App\\Models\\Member', 19, 'Carbaba', 'da3015251df0c52248e69ad3db4bc69652d9f254a60f9061ebdab99ef5ac4e19', '[\"*\"]', NULL, NULL, '2025-04-05 03:58:56', '2025-04-05 03:58:56'),
(430, 'App\\Models\\Member', 19, 'Carbaba', 'ac8b42f6a74a551b9f66c65e4fac4ada600fe242faec5b5722e5b2a76d9819ac', '[\"*\"]', NULL, NULL, '2025-04-05 03:59:00', '2025-04-05 03:59:00'),
(431, 'App\\Models\\Member', 19, 'Carbaba', 'eb8b43228d0346192be493c131e144589eb8ccb71471795b2356845bef7f2a97', '[\"*\"]', NULL, NULL, '2025-04-05 03:59:27', '2025-04-05 03:59:27'),
(432, 'App\\Models\\Member', 19, 'Carbaba', 'ef3f254bb742a53be0ef2e915f4de2a774860a57b86d186af4cf44faf407b5c7', '[\"*\"]', NULL, NULL, '2025-04-05 05:30:40', '2025-04-05 05:30:40'),
(433, 'App\\Models\\Member', 19, 'Carbaba', '93bc2acca21385dd02286678a36bd1f250b648c515ed2791fcd337ff71cb8f4e', '[\"*\"]', NULL, NULL, '2025-04-05 05:32:29', '2025-04-05 05:32:29'),
(434, 'App\\Models\\Member', 10, 'Carbaba', '3c5266e5ff683e3d9c17e526871d237b3db0cc42b8b4165aeecb3501bf5f1335', '[\"*\"]', NULL, NULL, '2025-04-05 08:17:37', '2025-04-05 08:17:37'),
(435, 'App\\Models\\Member', 10, 'Carbaba', '597818f2a0eb050f46976e466a27cf7028aeb7a8864a7bd8cded9745e3ecb324', '[\"*\"]', NULL, NULL, '2025-04-05 08:49:50', '2025-04-05 08:49:50'),
(436, 'App\\Models\\Member', 19, 'Carbaba', 'ed387e41a714321698b81d6011ec5b867645c9702eed3da6d468781e104e3527', '[\"*\"]', NULL, NULL, '2025-04-05 08:52:40', '2025-04-05 08:52:40'),
(437, 'App\\Models\\Member', 10, 'Carbaba', '94043db7006eeeb28485b555c0c3e2b2458bac034bc17c88926fa5b53a14b232', '[\"*\"]', NULL, NULL, '2025-04-05 08:55:22', '2025-04-05 08:55:22'),
(438, 'App\\Models\\Member', 10, 'Carbaba', '5b8f55200f0959621b988a2ece8d580598f88be9ed4b44d1f5bff257cee63f91', '[\"*\"]', NULL, NULL, '2025-04-05 08:55:33', '2025-04-05 08:55:33'),
(439, 'App\\Models\\Member', 19, 'Carbaba', '35459fa7ea963373fe40a8621eb2deacb51d3001ee08452597ca0e5899fe0348', '[\"*\"]', NULL, NULL, '2025-04-05 08:55:44', '2025-04-05 08:55:44'),
(440, 'App\\Models\\Member', 19, 'Carbaba', 'cd2554a7b14c6927f949b9498c76d2e3c9b1152065f709cf60a6007b3188f886', '[\"*\"]', NULL, NULL, '2025-04-05 09:03:22', '2025-04-05 09:03:22'),
(441, 'App\\Models\\Member', 19, 'Carbaba', '87209e246ee29f3cb90cca6dc8c7000d02cab9eb37fe03e83c5c68090e6859e0', '[\"*\"]', NULL, NULL, '2025-04-05 09:16:04', '2025-04-05 09:16:04'),
(442, 'App\\Models\\Member', 19, 'Carbaba', '359af3ae53e4109ad719e40d97e54b9dbba635ae68f7375797230719bfb024a7', '[\"*\"]', NULL, NULL, '2025-04-05 09:22:19', '2025-04-05 09:22:19'),
(443, 'App\\Models\\Member', 19, 'Carbaba', 'ef5010c69f9565fe76465ca039ac40959bd62dbf636dded7cc0be592caca3824', '[\"*\"]', NULL, NULL, '2025-04-05 09:23:36', '2025-04-05 09:23:36'),
(444, 'App\\Models\\Member', 10, 'Carbaba', '5f917ff01a87f5bc7e2e6d6faa2ea9405e00d79a4c4c15a56d784f701bb5ac23', '[\"*\"]', NULL, NULL, '2025-04-05 09:30:08', '2025-04-05 09:30:08'),
(445, 'App\\Models\\Member', 10, 'Carbaba', 'f1130d8bf90c4cfac82912baa620441187674db482c348743e63908a7db91fd6', '[\"*\"]', NULL, NULL, '2025-04-05 09:32:29', '2025-04-05 09:32:29'),
(446, 'App\\Models\\Member', 19, 'Carbaba', 'd2aef95d0bad680885a6b5fc685c4c450179bb9c31dcd4e813a3bbe782507514', '[\"*\"]', NULL, NULL, '2025-04-05 09:32:59', '2025-04-05 09:32:59'),
(447, 'App\\Models\\Member', 19, 'Carbaba', 'ff1f24dadff2e615ac40927a56c50512d86f76350a5222df2e8338e2444324ca', '[\"*\"]', NULL, NULL, '2025-04-05 09:51:14', '2025-04-05 09:51:14'),
(448, 'App\\Models\\Member', 19, 'Carbaba', '550cac0f7f82541578de47bc8d1359d2b80cfca0b39a9b4c8143f62c056d71fe', '[\"*\"]', NULL, NULL, '2025-04-05 09:52:33', '2025-04-05 09:52:33'),
(449, 'App\\Models\\Member', 10, 'Carbaba', '968fd1a480bced9a9af8643fdc981c9cb09d276c5a792d2bc08ed8b03303fc4c', '[\"*\"]', '2025-04-05 10:08:59', NULL, '2025-04-05 09:55:35', '2025-04-05 10:08:59'),
(450, 'App\\Models\\Member', 19, 'Carbaba', '22861823d576d5a0232581df37db8b41f296ca1153f21704d9517837895c6ece', '[\"*\"]', '2025-04-05 09:59:17', NULL, '2025-04-05 09:55:53', '2025-04-05 09:59:17'),
(451, 'App\\Models\\Member', 10, 'Carbaba', '21f93f08c124f686e405b01848db7f9b2cb69d6834394ef12f7815172f3f45e9', '[\"*\"]', NULL, NULL, '2025-04-05 09:56:01', '2025-04-05 09:56:01'),
(452, 'App\\Models\\Member', 10, 'Carbaba', '0b5665e18e6a56811e445e486cff3059a9d38acca08aa1bb2209d0c14958f71e', '[\"*\"]', NULL, NULL, '2025-04-05 09:56:10', '2025-04-05 09:56:10'),
(453, 'App\\Models\\Member', 10, 'Carbaba', '38d8c6d8fe300584b078b9c0e5ca3df1fb602a7705225c2466d8c23b5c5d2652', '[\"*\"]', NULL, NULL, '2025-04-05 09:56:35', '2025-04-05 09:56:35'),
(454, 'App\\Models\\Member', 10, 'Carbaba', 'aa1248d08a7bb3a094d415b5bd86374481191fd6271d47675830133c32d1e075', '[\"*\"]', NULL, NULL, '2025-04-05 09:58:55', '2025-04-05 09:58:55'),
(455, 'App\\Models\\Member', 19, 'Carbaba', 'd913b8e25207b5800bdd64965701ccce47742cb9d0910709884654e1f1bf6c0f', '[\"*\"]', NULL, NULL, '2025-04-05 09:59:12', '2025-04-05 09:59:12'),
(456, 'App\\Models\\Member', 19, 'Carbaba', 'a5fd13a0a70338185d9bfbe40214fdd7d456cabb418dcf29a1a3d6ed0a3cd63d', '[\"*\"]', NULL, NULL, '2025-04-05 09:59:29', '2025-04-05 09:59:29'),
(457, 'App\\Models\\Member', 19, 'Carbaba', '1be526b9f0715350b18a95a04262e36e13588a6a12b080822a704584e50c7909', '[\"*\"]', '2025-04-05 10:17:53', NULL, '2025-04-05 10:02:51', '2025-04-05 10:17:53'),
(458, 'App\\Models\\Member', 22, 'Carbaba', 'd2441fd02fc8102305268cde15d1abe4b8006ea6436117c51c6c4450ce734672', '[\"*\"]', '2025-04-05 10:13:06', NULL, '2025-04-05 10:03:20', '2025-04-05 10:13:06'),
(459, 'App\\Models\\Member', 22, 'Carbaba', '1cbff425827203355d65964e9cd3ec1caa93efe0aa83f28d7baa3d152ca99c1e', '[\"*\"]', NULL, NULL, '2025-04-05 10:04:14', '2025-04-05 10:04:14'),
(460, 'App\\Models\\Member', 22, 'Carbaba', '83bd3d6d8071ac3486939e33b3cbb5f2d7769505eb9c18f13c65d0e5a2907ca1', '[\"*\"]', NULL, NULL, '2025-04-05 10:04:19', '2025-04-05 10:04:19'),
(461, 'App\\Models\\Member', 27, 'Carbaba', '046e4f40d7a43a2269bd6ba6f1da27c6b9f54fa05e31bada7560bc4139b35c04', '[\"*\"]', NULL, NULL, '2025-04-05 10:11:48', '2025-04-05 10:11:48'),
(462, 'App\\Models\\Member', 27, 'Carbaba', '0c9ce3dec3ef9d8dbbbe3ea868426d3603fff20972af744b73b488b516e45d20', '[\"*\"]', NULL, NULL, '2025-04-05 10:11:52', '2025-04-05 10:11:52'),
(463, 'App\\Models\\Member', 19, 'Carbaba', '30a65d8db5ce341002c8e702fc72e3e3790fcd5ea82d6767f5c50cf235f1760a', '[\"*\"]', NULL, NULL, '2025-04-05 10:17:48', '2025-04-05 10:17:48'),
(464, 'App\\Models\\Member', 19, 'Carbaba', 'e40b04eda9a964dcd8e9f32c52a7ce37443e8f82b7df97dc6f9830cc6e8cd081', '[\"*\"]', NULL, NULL, '2025-04-05 10:18:38', '2025-04-05 10:18:38'),
(465, 'App\\Models\\Member', 19, 'Carbaba', '1e7fad80a3e4a21ed98e3d95e27d9d31926641756212edc198d11a2b1304b5b3', '[\"*\"]', NULL, NULL, '2025-04-05 10:23:14', '2025-04-05 10:23:14'),
(466, 'App\\Models\\Member', 19, 'Carbaba', '9821a9d40cc25babd4851266a19e93828e68d3249373a99ca0740213151c58aa', '[\"*\"]', NULL, NULL, '2025-04-05 10:24:28', '2025-04-05 10:24:28'),
(467, 'App\\Models\\Member', 19, 'Carbaba', '5195b0d312e6626a2f69cabc28103ce9690be40623bc9a21a302ce40d58a69aa', '[\"*\"]', NULL, NULL, '2025-04-05 10:25:42', '2025-04-05 10:25:42'),
(468, 'App\\Models\\Member', 19, 'Carbaba', '6372057084b4911fce3cb0fc1f82914d041b8a8a146630351aea0adde44d8d0d', '[\"*\"]', NULL, NULL, '2025-04-05 10:26:10', '2025-04-05 10:26:10'),
(469, 'App\\Models\\Member', 19, 'Carbaba', '12464154d97f912d4cf72e56d265b90a7a0cee69b06a7750220043b253558b72', '[\"*\"]', NULL, NULL, '2025-04-05 10:27:36', '2025-04-05 10:27:36'),
(470, 'App\\Models\\Member', 19, 'Carbaba', '3aff059eb9b3e7183bc9d39aa6da50ce8a15913856f15916160a3e0f7e9d3757', '[\"*\"]', NULL, NULL, '2025-04-05 10:30:49', '2025-04-05 10:30:49'),
(471, 'App\\Models\\Member', 19, 'Carbaba', '97fd4db283ef45b89cfc455dcbe2a06aba12b4baa67fb4e865d467fbc153808b', '[\"*\"]', NULL, NULL, '2025-04-05 10:31:38', '2025-04-05 10:31:38'),
(472, 'App\\Models\\Member', 19, 'Carbaba', '50c95c3f75b4f23384f9640fe2aabaed0bccaf65b766dd0dc6b5535e2fe41d45', '[\"*\"]', NULL, NULL, '2025-04-05 10:31:50', '2025-04-05 10:31:50'),
(473, 'App\\Models\\Member', 10, 'Carbaba', 'fc07477888f8d5058d94c182c0e753b0802c0ac5eee2e06abced05ae46c07eff', '[\"*\"]', NULL, NULL, '2025-04-05 10:37:39', '2025-04-05 10:37:39'),
(474, 'App\\Models\\Member', 19, 'Carbaba', 'e4192849a72b777716cfc16279a390b46b337d382ea2ebb24ebf8587508cd5eb', '[\"*\"]', '2025-04-05 12:13:16', NULL, '2025-04-05 10:51:07', '2025-04-05 12:13:16'),
(475, 'App\\Models\\Member', 19, 'Carbaba', '04bb6644a2ae01b61e2623507af5e8106782ed69dd6c4c42d2f4fe0aff108baf', '[\"*\"]', NULL, NULL, '2025-04-05 10:51:55', '2025-04-05 10:51:55'),
(476, 'App\\Models\\Member', 27, 'Carbaba', '3dbd1bbbf16ff5ea46b18638297f95ae6d4cdfbdb7a6c05ce6615f1b68643e72', '[\"*\"]', NULL, NULL, '2025-04-05 11:06:20', '2025-04-05 11:06:20'),
(477, 'App\\Models\\Member', 10, 'Carbaba', 'd7892c6c013e54cfbd2160d70705528f20152e16cdd0693672fe49000f052653', '[\"*\"]', '2025-04-05 11:20:54', NULL, '2025-04-05 11:20:27', '2025-04-05 11:20:54'),
(478, 'App\\Models\\Member', 10, 'Carbaba', '464444a35f5779516c8c59f1c494f541e6f705ea9aaef4250170b6fb3a420d1d', '[\"*\"]', '2025-04-07 12:35:08', NULL, '2025-04-05 11:20:57', '2025-04-07 12:35:08'),
(479, 'App\\Models\\Member', 27, 'Carbaba', 'e893093802337b58f6c8f53b47f09444fa1bfa681a6e92543530c5e1986a05ba', '[\"*\"]', NULL, NULL, '2025-04-05 11:23:16', '2025-04-05 11:23:16'),
(480, 'App\\Models\\Member', 27, 'Carbaba', '5bbbc0b7319a8b1582ff2dd189b7d5c9dbb1bd480622eca0dc367ebf13f4a3c4', '[\"*\"]', '2025-04-05 11:30:13', NULL, '2025-04-05 11:26:35', '2025-04-05 11:30:13'),
(481, 'App\\Models\\Member', 19, 'Carbaba', 'c0dfd7929344b4416e962e4f487c497e473abb43cf2fffb03846b1173f03db60', '[\"*\"]', NULL, NULL, '2025-04-05 11:29:38', '2025-04-05 11:29:38'),
(482, 'App\\Models\\Member', 19, 'Carbaba', '85853919a0f25ff6e36425386b16a38b8824882b172240dcee8b52446d80a2db', '[\"*\"]', NULL, NULL, '2025-04-05 11:29:48', '2025-04-05 11:29:48'),
(483, 'App\\Models\\Member', 19, 'Carbaba', 'cd27d50c61af9ad0b9f759fe05eb30fc26284dbb6d8777cdb1feeb0e3211f04f', '[\"*\"]', '2025-04-05 11:37:58', NULL, '2025-04-05 11:29:55', '2025-04-05 11:37:58'),
(484, 'App\\Models\\Member', 19, 'Carbaba', 'a90dd642cceac0b8bebcadbeab95dcc092953b3e975c895df472eb8a496ffb28', '[\"*\"]', '2025-04-05 11:51:01', NULL, '2025-04-05 11:31:53', '2025-04-05 11:51:01'),
(485, 'App\\Models\\Member', 19, 'Carbaba', 'fcd2a35401358a2018402796947c4465267bd32d56b877693702a4b6024dd8f6', '[\"*\"]', '2025-04-07 12:59:16', NULL, '2025-04-05 13:49:18', '2025-04-07 12:59:16'),
(486, 'App\\Models\\Member', 19, 'Carbaba', 'ceff7ebbefcaef1a915c4565b2105cb928abbadc50b6dcbccb59e43ea63c3c9a', '[\"*\"]', NULL, NULL, '2025-04-05 13:54:18', '2025-04-05 13:54:18'),
(487, 'App\\Models\\Member', 10, 'Carbaba', 'fbcf296886624a4397c49b87592e90bf9c8458fcd2d83e8bda206a92d53f10a7', '[\"*\"]', NULL, NULL, '2025-04-07 03:59:45', '2025-04-07 03:59:45'),
(488, 'App\\Models\\Member', 10, 'Carbaba', '90e167dc98c4b57851fe54aab13922937ae724f0adfc6346d9caebbb361a10a4', '[\"*\"]', NULL, NULL, '2025-04-07 03:59:58', '2025-04-07 03:59:58'),
(489, 'App\\Models\\Member', 19, 'Carbaba', 'b00f7fb8204fdd63a97dab29fe1f1548835770efad3115641d1f088ee1896fe5', '[\"*\"]', NULL, NULL, '2025-04-07 04:18:32', '2025-04-07 04:18:32'),
(490, 'App\\Models\\Member', 10, 'Carbaba', 'cb5bee434cfb85cd10b391ea9d91f4e9b7a4133dd7719d8364434fd0674d9e04', '[\"*\"]', NULL, NULL, '2025-04-07 04:40:20', '2025-04-07 04:40:20'),
(491, 'App\\Models\\Member', 19, 'Carbaba', 'd3dd2d91a7302a73d47c49ad1576c00bb8a7a04b7e680c4aab3387a00111e71c', '[\"*\"]', NULL, NULL, '2025-04-07 05:30:34', '2025-04-07 05:30:34'),
(492, 'App\\Models\\Member', 10, 'Carbaba', '38b4e9455b19a8783d570b6008c4cd5efc6cdaea7dc9b3e6bae63b80ce296835', '[\"*\"]', NULL, NULL, '2025-04-07 05:42:06', '2025-04-07 05:42:06'),
(493, 'App\\Models\\Member', 10, 'Carbaba', 'd2f2d822039f93b2283d42be9d51cb1c606d08c17ab91a7ac8bdd11527fd6727', '[\"*\"]', NULL, NULL, '2025-04-07 05:46:29', '2025-04-07 05:46:29'),
(494, 'App\\Models\\Member', 10, 'Carbaba', '283b300e9e4fa282a02686131f1331f9fbe96be7d8155e8f43c28d1fba645498', '[\"*\"]', NULL, NULL, '2025-04-07 05:58:31', '2025-04-07 05:58:31'),
(495, 'App\\Models\\Member', 19, 'Carbaba', '1a99174d63d2869806abc802ca8a307558ef980938332624fa8e8c90593c1102', '[\"*\"]', NULL, NULL, '2025-04-07 06:03:11', '2025-04-07 06:03:11'),
(496, 'App\\Models\\Member', 19, 'Carbaba', '623220ccddcb4c0e6d7e8472047c09c622063f63e1f91638644a7ae6eb2006d0', '[\"*\"]', NULL, NULL, '2025-04-07 07:58:32', '2025-04-07 07:58:32'),
(497, 'App\\Models\\Member', 10, 'Carbaba', '502c3796a2e14071795e2b9d37056b64707c318022005926a2f2e7085a49a646', '[\"*\"]', NULL, NULL, '2025-04-07 08:58:16', '2025-04-07 08:58:16'),
(498, 'App\\Models\\Member', 28, 'Carbaba', '85b91525e39701a098ac09e15fe66927abf52aa5daf6156a97acc909820ac03b', '[\"*\"]', NULL, NULL, '2025-04-07 09:11:18', '2025-04-07 09:11:18'),
(499, 'App\\Models\\Member', 28, 'Carbaba', '140c49d65080b90e443aa462c2ea4a7fd2501bd196f5853e429abb957ed77ff8', '[\"*\"]', NULL, NULL, '2025-04-07 09:11:22', '2025-04-07 09:11:22'),
(500, 'App\\Models\\Member', 28, 'Carbaba', '20b198034a2fb6f84a30bf3b29a1e9a194aa8666ab378a098ff546df2b99a960', '[\"*\"]', NULL, NULL, '2025-04-07 09:21:06', '2025-04-07 09:21:06'),
(501, 'App\\Models\\Member', 34, 'Carbaba', '350e68679df4682e9d7f48a18ae1aec7c2bd8a36e3d93fc61b3090b884690134', '[\"*\"]', NULL, NULL, '2025-04-07 09:24:18', '2025-04-07 09:24:18'),
(502, 'App\\Models\\Member', 28, 'Carbaba', '32b52241c014a8e11eafd315723f2bc5d00b68a5f49a44ac0dee6effd7a20e60', '[\"*\"]', NULL, NULL, '2025-04-07 09:36:54', '2025-04-07 09:36:54'),
(503, 'App\\Models\\Member', 35, 'Carbaba', '42188371f4d28655d9d78386109ff793546965003fe4ea291262375a4029fc3d', '[\"*\"]', NULL, NULL, '2025-04-07 09:57:24', '2025-04-07 09:57:24'),
(504, 'App\\Models\\Member', 35, 'Carbaba', '303e7f1522a2c4f984e883ba371043f2c06a3e93c78feb9284eaf648a764ba8b', '[\"*\"]', NULL, NULL, '2025-04-07 09:57:28', '2025-04-07 09:57:28'),
(505, 'App\\Models\\Member', 35, 'Carbaba', 'dc8cab072be684fd19880ff657199b1bc29ab3594216dc385221fefd5a69c8ec', '[\"*\"]', NULL, NULL, '2025-04-07 10:08:51', '2025-04-07 10:08:51'),
(506, 'App\\Models\\Member', 35, 'Carbaba', '1c7782ab5002394d32259f70bbf1857f5ba10041bf2a94a9f6e2ce4300b641a9', '[\"*\"]', NULL, NULL, '2025-04-07 10:14:19', '2025-04-07 10:14:19'),
(507, 'App\\Models\\Member', 35, 'Carbaba', '6d955463e4151d56518f6281acae07d69ff611b251ce50ccd2ec5c2d33a91b44', '[\"*\"]', NULL, NULL, '2025-04-07 10:14:40', '2025-04-07 10:14:40'),
(508, 'App\\Models\\Member', 35, 'Carbaba', '70f76f50a8c83d5cfa1ce602c90f97ac15f925aacccf502902aee3de006e2bf0', '[\"*\"]', NULL, NULL, '2025-04-07 10:15:38', '2025-04-07 10:15:38'),
(509, 'App\\Models\\Member', 35, 'Carbaba', '4fb8fd5caa5c53f7bee849c0dcead4a63370b52821a1bb6cac91800d2405b5af', '[\"*\"]', NULL, NULL, '2025-04-07 10:16:34', '2025-04-07 10:16:34'),
(510, 'App\\Models\\Member', 28, 'Carbaba', 'c44567eaf94175fc223fa7c7a6f5cfad6f8d221a8fc45f26ff22fa097c1d8012', '[\"*\"]', NULL, NULL, '2025-04-07 10:19:09', '2025-04-07 10:19:09'),
(511, 'App\\Models\\Member', 35, 'Carbaba', '489f8c71054ec39b7b36581615fc6ca75a6a8a2834601aa3add7569f0a989858', '[\"*\"]', NULL, NULL, '2025-04-07 10:19:37', '2025-04-07 10:19:37'),
(512, 'App\\Models\\Member', 35, 'Carbaba', '4237d93124f5286d309bf29242ebe0c35e07480a93847c8ad72faefa43239b46', '[\"*\"]', NULL, NULL, '2025-04-07 10:48:21', '2025-04-07 10:48:21'),
(513, 'App\\Models\\Member', 28, 'Carbaba', 'aa8a508a5db5781b4046f07c2e90dbe02f1580a283b71890c73f0aa58b7b4b7f', '[\"*\"]', NULL, NULL, '2025-04-07 11:06:20', '2025-04-07 11:06:20'),
(514, 'App\\Models\\Member', 35, 'Carbaba', '60b3073f3593a65bc0b817222b2867eec97a1ed65f3497f7096984182feb01c3', '[\"*\"]', NULL, NULL, '2025-04-07 11:12:41', '2025-04-07 11:12:41'),
(515, 'App\\Models\\Member', 10, 'Carbaba', '35234f4d54256bce8d82af65c21a7a0ee2aac49205b919223227333b40a36048', '[\"*\"]', NULL, NULL, '2025-04-07 11:12:52', '2025-04-07 11:12:52'),
(516, 'App\\Models\\Member', 28, 'Carbaba', 'f103dd5a2d1f846abfec48cd32c0d047a2e471f96fcf4ae24e361d287d0d930c', '[\"*\"]', NULL, NULL, '2025-04-07 11:13:22', '2025-04-07 11:13:22'),
(517, 'App\\Models\\Member', 35, 'Carbaba', 'fbaa14357c1e289593b8b80d6b0ce6bc1fcb8d24605281641500371c4c26959d', '[\"*\"]', NULL, NULL, '2025-04-07 11:13:39', '2025-04-07 11:13:39'),
(518, 'App\\Models\\Member', 28, 'Carbaba', '7821e3a277a06cbb6bbffc0276c08ef2980740f8d064551e8eca0cb9a044ee2f', '[\"*\"]', NULL, NULL, '2025-04-07 11:15:30', '2025-04-07 11:15:30'),
(519, 'App\\Models\\Member', 35, 'Carbaba', '20d732064d1103ce43be1d6945ee6c92d12932d5a642a2c0f9cd8eddf41187d5', '[\"*\"]', NULL, NULL, '2025-04-07 11:18:32', '2025-04-07 11:18:32'),
(520, 'App\\Models\\Member', 35, 'Carbaba', '1cc6e047a2e25e9a9be016e79917a828654d8325a9d4adffe6e22ca836e06e96', '[\"*\"]', NULL, NULL, '2025-04-07 11:20:15', '2025-04-07 11:20:15'),
(521, 'App\\Models\\Member', 35, 'Carbaba', 'd8e3e2187ae8b70b20efc0d62ca75479e291492f1c596fbe4252793b29cae5f6', '[\"*\"]', NULL, NULL, '2025-04-07 11:20:51', '2025-04-07 11:20:51'),
(522, 'App\\Models\\Member', 35, 'Carbaba', '09cb2dd7280c6977e9aea0819135738983fe7f12b2e76360fdcb24807d6d075c', '[\"*\"]', NULL, NULL, '2025-04-07 11:20:51', '2025-04-07 11:20:51'),
(523, 'App\\Models\\Member', 35, 'Carbaba', '76f6d5171eea0486110bf461229c8524cda0d76c6075649ba04ef7cdd7ac0b9c', '[\"*\"]', NULL, NULL, '2025-04-07 11:24:52', '2025-04-07 11:24:52'),
(524, 'App\\Models\\Member', 35, 'Carbaba', '481ed7a77842a4eeac2f9241a25680afdf10b2d490cde64aafa90643c43a5eed', '[\"*\"]', NULL, NULL, '2025-04-07 11:26:58', '2025-04-07 11:26:58'),
(525, 'App\\Models\\Member', 28, 'Carbaba', '1fa6c907d4e7164c8ad826cd1035cf785b087990fd28cafac2f7795871c78f36', '[\"*\"]', NULL, NULL, '2025-04-07 11:27:29', '2025-04-07 11:27:29'),
(526, 'App\\Models\\Member', 35, 'Carbaba', '816255f06f85039dd0c499adb116f616b1bce4ab927f06bc212526dfe75dad96', '[\"*\"]', NULL, NULL, '2025-04-07 11:29:04', '2025-04-07 11:29:04'),
(527, 'App\\Models\\Member', 35, 'Carbaba', '516dc82ef7b74570efbb4ec849b61aca3afb02bbc22cfa1a7070cb6ddec1db58', '[\"*\"]', NULL, NULL, '2025-04-07 11:32:24', '2025-04-07 11:32:24'),
(528, 'App\\Models\\Member', 28, 'Carbaba', '98227155c1b9ff2081ee7627a4721ad9b5ef6175adf1ad87443e381cd941c470', '[\"*\"]', NULL, NULL, '2025-04-07 11:34:17', '2025-04-07 11:34:17'),
(529, 'App\\Models\\Member', 28, 'Carbaba', '71d767363223b4ce5eff3d2f1a80dde87ec6f60a5ef7d53b58290b5d43139def', '[\"*\"]', '2025-04-18 09:51:21', NULL, '2025-04-07 11:51:52', '2025-04-18 09:51:21'),
(530, 'App\\Models\\Member', 35, 'Carbaba', 'befeedbf6d166352952c322b1b5f8de1691c18ae0e41d582b7c610495f950f20', '[\"*\"]', '2025-04-16 08:18:14', NULL, '2025-04-07 11:52:03', '2025-04-16 08:18:14'),
(531, 'App\\Models\\Member', 19, 'Carbaba', 'e7e1c0463ce93e289e9d058ea9838eb42ba4d60889c3488262335e5ae6c430d4', '[\"*\"]', '2025-04-11 07:52:21', NULL, '2025-04-07 14:36:35', '2025-04-11 07:52:21'),
(532, 'App\\Models\\Member', 35, 'Carbaba', '08cf91ae3f05c8915551ec5d63cd6b54a801e8d2276ebd23c0c17d7610fe4bdb', '[\"*\"]', NULL, NULL, '2025-04-09 08:27:17', '2025-04-09 08:27:17'),
(533, 'App\\Models\\Member', 35, 'Carbaba', '29574d090318f0fb9fb651320d79a000162f3914a5e62606b625519822c6febd', '[\"*\"]', NULL, NULL, '2025-04-09 08:27:28', '2025-04-09 08:27:28'),
(534, 'App\\Models\\Member', 19, 'Carbaba', '17fde48edd8f1c8cf64b5b70568b63f09ab0b92996f293808f9f35ba66370076', '[\"*\"]', NULL, NULL, '2025-04-10 06:42:27', '2025-04-10 06:42:27'),
(535, 'App\\Models\\Member', 19, 'Carbaba', 'b5d38625eaf1fdb8e0974e2cfd03bb4b12fbd89e4c512cf973ff7c2eba797fdf', '[\"*\"]', NULL, NULL, '2025-04-11 04:17:11', '2025-04-11 04:17:11');
INSERT INTO `personal_access_tokens` (`id`, `tokenable_type`, `tokenable_id`, `name`, `token`, `abilities`, `last_used_at`, `expires_at`, `created_at`, `updated_at`) VALUES
(536, 'App\\Models\\Member', 19, 'Carbaba', 'a167cbfbda47f3397718af12d91f25babb465c8e53342451de5991cab1f6801f', '[\"*\"]', NULL, NULL, '2025-04-11 05:55:01', '2025-04-11 05:55:01'),
(537, 'App\\Models\\Member', 19, 'Carbaba', 'b538a0e4fcc82f0d8d06956479608524983bda50c916cf0c306ac4d869d0f94c', '[\"*\"]', '2025-04-11 11:21:44', NULL, '2025-04-11 05:57:25', '2025-04-11 11:21:44'),
(538, 'App\\Models\\Member', 19, 'Carbaba', 'bf969f58ab7ba15936c97dafe7adaeadd828aeafc0e56aefa92537766a9c5ec8', '[\"*\"]', NULL, NULL, '2025-04-11 06:00:52', '2025-04-11 06:00:52'),
(539, 'App\\Models\\Member', 19, 'Carbaba', '01a6f93b807446f5442122fc1a40af525f545708222c00f39521d9c74e755f23', '[\"*\"]', '2025-04-17 11:55:17', NULL, '2025-04-11 07:52:46', '2025-04-17 11:55:17'),
(540, 'App\\Models\\Member', 19, 'Carbaba', '7eee7a9d58151081acc1bd3cb88b9508af43c058ba89d67f85caf23705ea4749', '[\"*\"]', NULL, NULL, '2025-04-11 08:11:25', '2025-04-11 08:11:25'),
(541, 'App\\Models\\Member', 19, 'Carbaba', '2b14a4b68170f3b9c5df7580259f4704c67aecd30030d9307c1dc75fe67796c4', '[\"*\"]', NULL, NULL, '2025-04-14 09:50:33', '2025-04-14 09:50:33'),
(542, 'App\\Models\\Member', 19, 'Carbaba', 'cc7770328500e1a65be2996dc3c2b794535b21c05a73d88f70b6abae9f7f66fb', '[\"*\"]', NULL, NULL, '2025-04-14 10:42:46', '2025-04-14 10:42:46'),
(543, 'App\\Models\\Member', 19, 'Carbaba', 'd4d01363d15e38881fb47377373b2b2deb586afcda3f3523a2a89b42cdc45904', '[\"*\"]', NULL, NULL, '2025-04-15 05:01:48', '2025-04-15 05:01:48'),
(544, 'App\\Models\\Member', 19, 'Carbaba', '96cb9b7bd736913bae3f6a9d34eb48f98484b16a1b11911902c5c7c66966ed2e', '[\"*\"]', NULL, NULL, '2025-04-16 05:35:47', '2025-04-16 05:35:47'),
(545, 'App\\Models\\Member', 19, 'Carbaba', '3645daca5bbdc17071f9d61761ad54ae43dbe7cfabec026aa87a7097ec903cf1', '[\"*\"]', NULL, NULL, '2025-04-16 06:09:00', '2025-04-16 06:09:00'),
(546, 'App\\Models\\Member', 19, 'Carbaba', 'aab34fb792d7c1200295df95353b180269c75cfe15e30bd4b7588e6016218103', '[\"*\"]', NULL, NULL, '2025-04-16 06:33:19', '2025-04-16 06:33:19'),
(547, 'App\\Models\\Member', 19, 'Carbaba', 'c6b1dbdffd262b64a46bc73ab89263c197544bc9b0d4640d98c90890ba8cc43d', '[\"*\"]', NULL, NULL, '2025-04-16 07:10:04', '2025-04-16 07:10:04'),
(548, 'App\\Models\\Member', 35, 'Carbaba', 'e9b31a1185770370be68328cb13aef31454d82c90cec1de8a6a59d8556fa0c57', '[\"*\"]', NULL, NULL, '2025-04-16 08:18:05', '2025-04-16 08:18:05'),
(549, 'App\\Models\\Member', 28, 'Carbaba', '465b415b580c39d7e8e35ce0c032da203be38b097120519d5fb789b6c169a537', '[\"*\"]', NULL, NULL, '2025-04-16 08:38:22', '2025-04-16 08:38:22'),
(550, 'App\\Models\\Member', 28, 'Carbaba', 'd82cd095230ec8bcfb0586ea4f50d59cc0e246cd3695669ec6ab5195379a5437', '[\"*\"]', NULL, NULL, '2025-04-16 08:38:34', '2025-04-16 08:38:34'),
(551, 'App\\Models\\Member', 28, 'Carbaba', '03eb188a134ef4515f92c8bf05a402b382fb532ca6a59f10ee434a6ec3d35b33', '[\"*\"]', NULL, NULL, '2025-04-16 09:47:29', '2025-04-16 09:47:29'),
(552, 'App\\Models\\Member', 19, 'Carbaba', '6f48fec17dc7127a7e27fea0be97f5fe981c78740aaddf649f066ea27034178d', '[\"*\"]', NULL, NULL, '2025-04-16 10:47:17', '2025-04-16 10:47:17'),
(553, 'App\\Models\\Member', 19, 'Carbaba', '42190754467e58d9632205c18fdc570ff85dc6ac8a0ae48d9580c3b588a221e3', '[\"*\"]', NULL, NULL, '2025-04-17 04:30:04', '2025-04-17 04:30:04'),
(554, 'App\\Models\\Member', 19, 'Carbaba', '5f7308e55c469c9f8ac8d0867bcb4714bc005d797507579d6ff11a2fc39f9df4', '[\"*\"]', NULL, NULL, '2025-04-17 05:16:44', '2025-04-17 05:16:44'),
(555, 'App\\Models\\Member', 19, 'Carbaba', '65c724ffc69539ded51cef28af6ebdd8779d22750c34d9216d3b566d33fc96e8', '[\"*\"]', '2025-04-18 05:11:41', NULL, '2025-04-17 09:25:08', '2025-04-18 05:11:41'),
(556, 'App\\Models\\Member', 19, 'Carbaba', '5bb42d6f6bda0835fdbf9a4f8efbcad42e0ba5f6613a0126aa04abd57f856101', '[\"*\"]', '2025-04-18 09:48:46', NULL, '2025-04-18 04:17:32', '2025-04-18 09:48:46'),
(557, 'App\\Models\\Member', 19, 'Carbaba', '1ef73b6363109d8d2be535984bb59e83a3ad79d1830065128595c0c7011ba13d', '[\"*\"]', '2025-04-18 07:47:26', NULL, '2025-04-18 06:34:22', '2025-04-18 07:47:26'),
(558, 'App\\Models\\Member', 19, 'Carbaba', 'a33b819ced3ad505b8122933bec2746a7a6c41134d476ddf2ac0dee4fd21f9b3', '[\"*\"]', '2025-04-18 16:16:43', NULL, '2025-04-18 10:34:21', '2025-04-18 16:16:43'),
(559, 'App\\Models\\Member', 19, 'Carbaba', '9c9e4e73dee62e24693a9270f089023634af99c0a38b7a69988857969b8b6112', '[\"*\"]', '2025-04-21 06:18:18', NULL, '2025-04-21 06:16:14', '2025-04-21 06:18:18'),
(560, 'App\\Models\\Member', 19, 'Carbaba', 'ad6cb634f065fa9ded8e681947ec4b11de7bd0b662fda2d4d0ffec393b4a7ab0', '[\"*\"]', '2025-04-21 06:19:28', NULL, '2025-04-21 06:18:26', '2025-04-21 06:19:28'),
(561, 'App\\Models\\Member', 19, 'Carbaba', 'b84f4a8075688ead552f267821267560c33937f318b746017e684dcfef27ecff', '[\"*\"]', '2025-04-21 06:19:58', NULL, '2025-04-21 06:18:36', '2025-04-21 06:19:58'),
(562, 'App\\Models\\Member', 19, 'Carbaba', '4896ee29abb06eb90252dbf5c28f1b7655147a1f9f060e7991773f23eeb44bf0', '[\"*\"]', '2025-04-21 06:22:34', NULL, '2025-04-21 06:19:47', '2025-04-21 06:22:34'),
(563, 'App\\Models\\Member', 19, 'Carbaba', 'fc5d841fd912ef88e3afc25d9005a10d143f7c443c1d1895985c3e49412abf36', '[\"*\"]', NULL, NULL, '2025-04-21 06:20:04', '2025-04-21 06:20:04'),
(564, 'App\\Models\\Member', 19, 'Carbaba', '063f0da519f20ac0426b9c65656b86244ba48227be2e9f7a2be058afcd65026b', '[\"*\"]', '2025-04-21 06:28:50', NULL, '2025-04-21 06:22:44', '2025-04-21 06:28:50'),
(565, 'App\\Models\\Member', 19, 'Carbaba', '3e5ca93359099b496cfe162bace2bb72577a0c6ecf588c46e6d25047aa80a53e', '[\"*\"]', '2025-04-22 08:22:56', NULL, '2025-04-21 06:27:14', '2025-04-22 08:22:56'),
(566, 'App\\Models\\Member', 19, 'Carbaba', '2381b13bd1c4692dc0cf18a7badbd431a084f58d3e45da95f9240450886603a9', '[\"*\"]', '2025-04-21 06:30:36', NULL, '2025-04-21 06:28:58', '2025-04-21 06:30:36'),
(567, 'App\\Models\\Member', 19, 'Carbaba', 'a25322aa2cbb868c470675505b54f0db5cbd407b06a24dab32217faf3ebf4739', '[\"*\"]', '2025-04-21 06:43:00', NULL, '2025-04-21 06:30:18', '2025-04-21 06:43:00'),
(568, 'App\\Models\\Member', 19, 'Carbaba', 'e852e5f95ec98df814ff36984810404f98618efc0cde68cb468e93b51c22c733', '[\"*\"]', '2025-04-21 11:56:01', NULL, '2025-04-21 06:30:48', '2025-04-21 11:56:01'),
(569, 'App\\Models\\Member', 19, 'Carbaba', '8e87c5ea6b6444472fa9960ac2da36a1362e452f780f3fd2e7e5123a251d77d1', '[\"*\"]', '2025-04-21 07:52:21', NULL, '2025-04-21 06:43:30', '2025-04-21 07:52:21'),
(570, 'App\\Models\\Member', 19, 'Carbaba', 'cae5613d9e06dddbc231ef2a13293b6afb9930f404097729ba69e99104e4e751', '[\"*\"]', '2025-04-21 07:52:59', NULL, '2025-04-21 07:52:58', '2025-04-21 07:52:59'),
(571, 'App\\Models\\Member', 19, 'Carbaba', 'dfb61dab5ca0c13f37ddd8f7fc4ad5d1aea1909870c00bd4f3ca781bedf52d9e', '[\"*\"]', '2025-04-21 13:07:13', NULL, '2025-04-21 07:53:47', '2025-04-21 13:07:13'),
(572, 'App\\Models\\Member', 19, 'Carbaba', '57c7e7f637af5ab00605b2f3676f0d0b41bf28d2725b5a1e38a807813eeb2d07', '[\"*\"]', '2025-04-22 13:07:07', NULL, '2025-04-22 06:16:09', '2025-04-22 13:07:07'),
(573, 'App\\Models\\Member', 12, 'Carbaba', 'd81d9c739b4820b7642b89b910301007050c0b0a41e2bb0caa0fcb9585a92495', '[\"*\"]', NULL, NULL, '2025-04-22 08:07:59', '2025-04-22 08:07:59'),
(574, 'App\\Models\\Member', 12, 'Carbaba', '4afe1c3c52808366bc00b2766a11beb22301ff80d6bf2ea6c40521a7f6e0c63b', '[\"*\"]', NULL, NULL, '2025-04-22 08:08:26', '2025-04-22 08:08:26'),
(575, 'App\\Models\\Member', 12, 'Carbaba', 'e60971af57ce11d594df7f010a76d10697547b3cd1b1bbdaf320641a3ed8e39a', '[\"*\"]', '2025-04-22 09:50:14', NULL, '2025-04-22 08:08:35', '2025-04-22 09:50:14'),
(576, 'App\\Models\\Member', 19, 'Carbaba', '19664cde0ff670a6ac4533d0ea15f52e04e2d39c2945e073e354a309873bd629', '[\"*\"]', '2025-04-22 13:06:25', NULL, '2025-04-22 08:55:11', '2025-04-22 13:06:25'),
(577, 'App\\Models\\Member', 12, 'Carbaba', '576b4a872a745f1af3159d033d02146f1d27bf250e27f82070023b419c94e0c2', '[\"*\"]', '2025-04-22 10:07:24', NULL, '2025-04-22 10:00:26', '2025-04-22 10:07:24'),
(578, 'App\\Models\\Member', 12, 'Carbaba', '25fad0aa9d5dc5cb176ef118c14538f8ad040e358a9f734dc50a525eac34b0b1', '[\"*\"]', '2025-04-22 10:22:13', NULL, '2025-04-22 10:10:00', '2025-04-22 10:22:13'),
(579, 'App\\Models\\Member', 12, 'Carbaba', 'bef7c91f65e0f238b9cee63560486a989a372ad99f32ba75dcb07631ce56a216', '[\"*\"]', '2025-04-22 12:02:31', NULL, '2025-04-22 11:14:45', '2025-04-22 12:02:31'),
(580, 'App\\Models\\Member', 19, 'Carbaba', '2d4f776e4122e590b98fc283007063353a3a41bd671b4d9bbc4e61c58b92e533', '[\"*\"]', '2025-04-22 13:24:18', NULL, '2025-04-22 13:20:43', '2025-04-22 13:24:18'),
(581, 'App\\Models\\Member', 19, 'Carbaba', 'a0b9bb5d525dba434c7b6e1db7519f122e90081b8a7c70ee239ec7dce6f59922', '[\"*\"]', '2025-04-23 09:05:34', NULL, '2025-04-22 13:24:38', '2025-04-23 09:05:34'),
(582, 'App\\Models\\Member', 19, 'Carbaba', '03d633ad7a64c4b82032a74ea609f714db07aadb0b404e9984ae8b20567215ed', '[\"*\"]', '2025-04-23 11:38:02', NULL, '2025-04-23 05:22:56', '2025-04-23 11:38:02'),
(583, 'App\\Models\\Member', 19, 'Carbaba', '22fd1ab871db03cf97e76628ac2c3ed430e294121ad82ea4e214d0b8f56a28c9', '[\"*\"]', '2025-04-23 11:16:29', NULL, '2025-04-23 11:09:28', '2025-04-23 11:16:29'),
(584, 'App\\Models\\Member', 19, 'Carbaba', '98b0039b1b41171a027cf63d0ad02f5ea4b5ffdd064b1e3fed518ae4f1a852f3', '[\"*\"]', '2025-04-23 11:45:04', NULL, '2025-04-23 11:35:34', '2025-04-23 11:45:04'),
(585, 'App\\Models\\Member', 19, 'Carbaba', 'c84a0b80c2c29002c3bf2152138e8d55f63e9a3b007a68e1f625af4146247789', '[\"*\"]', '2025-04-23 15:28:51', NULL, '2025-04-23 12:52:20', '2025-04-23 15:28:51'),
(586, 'App\\Models\\Member', 19, 'Carbaba', '71a5f789b0ce2c5ad3ba92a271563f62cdaee56376c45caf3e94b78f234db018', '[\"*\"]', '2025-04-24 09:14:46', NULL, '2025-04-24 06:06:36', '2025-04-24 09:14:46'),
(587, 'App\\Models\\Member', 19, 'Carbaba', '323a0c8776c49f5a6a41d5de0bf941d4200742ff2c44f274c0535f9e2d4354ab', '[\"*\"]', '2025-04-24 09:24:00', NULL, '2025-04-24 09:14:49', '2025-04-24 09:24:00'),
(588, 'App\\Models\\Member', 19, 'Carbaba', '0a40343c4523d2ff20f1d4f0127f74c9d6cf5ed0bd3d5cd07bed3fce8eb02e4b', '[\"*\"]', '2025-04-25 12:43:16', NULL, '2025-04-25 05:22:12', '2025-04-25 12:43:16'),
(589, 'App\\Models\\Member', 19, 'Carbaba', '6f3ed4a0b5a2f82cfa5fe3c0baff0a2c5b2ca50bf326ec189272f64bfc11ef52', '[\"*\"]', '2025-04-25 12:50:03', NULL, '2025-04-25 05:50:54', '2025-04-25 12:50:03'),
(590, 'App\\Models\\Member', 19, 'Carbaba', '5fc8e199f744af0e9c92fa0613a519b82dc7e9555f4084dfe01305472fe03f6a', '[\"*\"]', '2025-04-25 06:07:08', NULL, '2025-04-25 05:57:04', '2025-04-25 06:07:08'),
(591, 'App\\Models\\Member', 19, 'Carbaba', '7730781ab44fbd5f7a077cba2adc6e87c006c222b631dda7deaa1ecf47deb270', '[\"*\"]', '2025-04-25 12:25:54', NULL, '2025-04-25 12:16:56', '2025-04-25 12:25:54'),
(592, 'App\\Models\\Member', 19, 'Carbaba', '5a40be63a6bfc03d47a6c9208ef7b4c1120ddb8b3158dd99731c1045e78fdcfd', '[\"*\"]', '2025-04-26 11:07:52', NULL, '2025-04-26 10:51:57', '2025-04-26 11:07:52'),
(593, 'App\\Models\\Member', 19, 'Carbaba', '6c797898ac8a619489cd5d5ccca73771ebf99a89da2af7232a18e0a8001a8a2e', '[\"*\"]', '2025-04-28 13:14:37', NULL, '2025-04-28 05:06:00', '2025-04-28 13:14:37'),
(594, 'App\\Models\\Member', 19, 'Carbaba', '88a45d1ed6ca0c8db7c72f2ff41b43e1b0f363e1c37c68af039b14e3f00714d2', '[\"*\"]', '2025-04-28 12:58:17', NULL, '2025-04-28 05:41:41', '2025-04-28 12:58:17'),
(595, 'App\\Models\\Member', 19, 'Carbaba', '8f49d216309de3c86ebf109a9cf1d1f67fc7f0ba6b6c722dd2ad1810db329ea1', '[\"*\"]', '2025-04-28 06:00:56', NULL, '2025-04-28 06:00:55', '2025-04-28 06:00:56'),
(596, 'App\\Models\\Member', 19, 'Carbaba', 'c5b0773c70f8e4b040ebe98f71d22fafd5e55d4aea4b7892e6156f137810abe5', '[\"*\"]', '2025-05-01 09:59:57', NULL, '2025-04-28 08:01:01', '2025-05-01 09:59:57'),
(597, 'App\\Models\\Member', 19, 'Carbaba', '4f7fea2da55374ac62860731bda76b447e4d7e402ffcd5ec14da580565af125c', '[\"*\"]', '2025-04-28 08:35:35', NULL, '2025-04-28 08:25:37', '2025-04-28 08:35:35'),
(598, 'App\\Models\\Member', 19, 'Carbaba', '7966b50b440f6e665e55f83c7599e060c42a7ff0ed979aa25b3796f0a69d8b57', '[\"*\"]', '2025-04-29 05:11:03', NULL, '2025-04-28 08:53:57', '2025-04-29 05:11:03'),
(599, 'App\\Models\\Member', 19, 'Carbaba', '4e73df7260243b50772dd2463224004b08e005506d764506fc0ed759cf4158a0', '[\"*\"]', '2025-04-28 09:38:31', NULL, '2025-04-28 09:37:37', '2025-04-28 09:38:31'),
(600, 'App\\Models\\Member', 19, 'Carbaba', '6ef385cf7d11f8cd96270f984978a35d17bac60750507d7eb8d7aaaf0d73a8da', '[\"*\"]', '2025-04-28 12:53:46', NULL, '2025-04-28 12:52:50', '2025-04-28 12:53:46'),
(601, 'App\\Models\\Member', 19, 'Carbaba', 'b345c8aecdcab2070ef5da71d72784cdb247c5c4204f5e71908b073c43d3910f', '[\"*\"]', '2025-04-29 07:36:58', NULL, '2025-04-29 03:49:50', '2025-04-29 07:36:58'),
(602, 'App\\Models\\Member', 19, 'Carbaba', '9b0fd993635f6ae5c2507ffa23c2bf3bd13b555d5e9510d93c7f7d8512921e08', '[\"*\"]', '2025-04-29 04:52:55', NULL, '2025-04-29 04:46:13', '2025-04-29 04:52:55'),
(603, 'App\\Models\\Member', 19, 'Carbaba', 'c409c2de172133206c5df1919882b3a1bbdf031f3cd91015c8805e65f44ce8ec', '[\"*\"]', '2025-04-29 07:16:01', NULL, '2025-04-29 05:25:54', '2025-04-29 07:16:01'),
(604, 'App\\Models\\Member', 19, 'Carbaba', '08f9aac58211509bd2c3549b9db8a66a53b4ea972f9c4ad527053cd804d1d834', '[\"*\"]', '2025-04-29 07:52:32', NULL, '2025-04-29 06:10:29', '2025-04-29 07:52:32'),
(605, 'App\\Models\\Member', 19, 'Carbaba', 'faa80688d5482e8e175c0dd38a692e0a997c7f453152678f6f3c1141188a3dd2', '[\"*\"]', '2025-04-30 09:03:50', NULL, '2025-04-29 06:26:23', '2025-04-30 09:03:50'),
(606, 'App\\Models\\Member', 19, 'Carbaba', '522c8f1ddcfe14908567204e8ae63d97ac8ef19c300a077de51b9ae9b4437fe5', '[\"*\"]', '2025-04-29 08:39:25', NULL, '2025-04-29 07:16:09', '2025-04-29 08:39:25'),
(607, 'App\\Models\\Member', 19, 'Carbaba', '69ab6d8a5adc52cd0e6110a8bfbafa77c1958a1c2b48e9a4a4c133f39d69670a', '[\"*\"]', '2025-04-29 08:33:53', NULL, '2025-04-29 08:25:18', '2025-04-29 08:33:53'),
(608, 'App\\Models\\Member', 19, 'Carbaba', '923370b0447ef2dafdf48b3d74ba0c58db5437ec66989dd863e8388446618103', '[\"*\"]', '2025-04-29 09:47:29', NULL, '2025-04-29 09:18:38', '2025-04-29 09:47:29'),
(609, 'App\\Models\\Member', 19, 'Carbaba', '22a854146f13ea49af42350e224d16afae5b1d728c8d35a995187d4aed77b8eb', '[\"*\"]', '2025-05-01 06:37:12', NULL, '2025-04-29 09:49:24', '2025-05-01 06:37:12'),
(610, 'App\\Models\\Member', 19, 'Carbaba', '95e85a5960a05ffb22d508f4709146e6958502a481767686ef8ac9b19c89a8f4', '[\"*\"]', '2025-04-29 11:14:02', NULL, '2025-04-29 11:10:30', '2025-04-29 11:14:02'),
(611, 'App\\Models\\Member', 19, 'Carbaba', '3e47038fc1e48a436e6dc021d11010880b9443965df0368bf1cde00e4e2ad381', '[\"*\"]', '2025-04-29 12:25:15', NULL, '2025-04-29 12:25:11', '2025-04-29 12:25:15'),
(612, 'App\\Models\\Member', 19, 'Carbaba', '26cdda4ac910bc9205ef30ccb4995bc14f8e581b00b1c834f45068a3271fca75', '[\"*\"]', '2025-04-30 10:11:18', NULL, '2025-04-30 06:11:36', '2025-04-30 10:11:18'),
(613, 'App\\Models\\Member', 19, 'Carbaba', '611167044fb8ee31262b8713899497a20a478773130e7e3c67e5baa85999b599', '[\"*\"]', '2025-04-30 12:39:56', NULL, '2025-04-30 12:34:57', '2025-04-30 12:39:56'),
(614, 'App\\Models\\Member', 19, 'Carbaba', '4c45ae257b5a287467b23a3dbde274dccf3c079e2038b8df6b3a44feb4cd4d87', '[\"*\"]', '2025-04-30 12:59:24', NULL, '2025-04-30 12:59:24', '2025-04-30 12:59:24'),
(615, 'App\\Models\\Member', 19, 'Carbaba', '20977a6a1a7136f2bfa91c51c62bc3babb29440e08ba89fd86be4f7290ec2733', '[\"*\"]', '2025-04-30 14:17:37', NULL, '2025-04-30 14:17:13', '2025-04-30 14:17:37'),
(616, 'App\\Models\\Member', 19, 'Carbaba', '856723de4c2ac6a8626ae20ab0788666d82b5a6ae3ea94502fa9d76027e0cbc8', '[\"*\"]', '2025-05-01 08:42:54', NULL, '2025-05-01 07:30:26', '2025-05-01 08:42:54'),
(617, 'App\\Models\\Member', 19, 'Carbaba', '1cc4bf805e7c3397f4c7067d0f6313535a7ea8265dd2d608f89e2873eea92305', '[\"*\"]', '2025-05-12 02:16:33', NULL, '2025-05-12 02:02:10', '2025-05-12 02:16:33'),
(618, 'App\\Models\\Member', 19, 'Carbaba', 'c7256dae31e078a5d5779990742d86a5b51baa941194d4f4cca7cc8d4fa7dbc2', '[\"*\"]', '2025-05-12 02:16:51', NULL, '2025-05-12 02:16:47', '2025-05-12 02:16:51'),
(619, 'App\\Models\\Member', 19, 'Carbaba', '64da3848248d51c30e8150bf86f29c00615369da6d9b89901a3558a60590a457', '[\"*\"]', '2025-05-12 03:24:28', NULL, '2025-05-12 03:21:15', '2025-05-12 03:24:28'),
(620, 'App\\Models\\Member', 19, 'Carbaba', '72754d8360155b00a25b60b5fab5bad7e964dc605ab482bac690ad0f12935330', '[\"*\"]', '2025-05-12 03:24:35', NULL, '2025-05-12 03:24:31', '2025-05-12 03:24:35'),
(621, 'App\\Models\\Member', 19, 'Carbaba', 'c997e0ce60e362e3f4c8211a01f08c6a996aefcf25e2c538e00d1a461a14df22', '[\"*\"]', '2025-05-12 03:27:13', NULL, '2025-05-12 03:25:11', '2025-05-12 03:27:13'),
(622, 'App\\Models\\Member', 19, 'Carbaba', '7c4c73f0281e88cfc5ed825b5abd769389b89d8a642a8a54e506abc368d711b5', '[\"*\"]', '2025-05-12 03:27:38', NULL, '2025-05-12 03:27:34', '2025-05-12 03:27:38'),
(623, 'App\\Models\\Member', 19, 'Carbaba', '9006be562df926268a7eae4a552eebe57c4d77a5f45ec04b170ae30e8c75ea85', '[\"*\"]', '2025-05-12 03:27:48', NULL, '2025-05-12 03:27:45', '2025-05-12 03:27:48'),
(627, 'App\\Models\\Member', 19, 'Carbaba', '34aef1890bbcbbfb8379a08de1b93850307d4d9b9498e16a394a8240234a1eb6', '[\"*\"]', '2025-05-15 08:25:22', NULL, '2025-05-13 00:08:00', '2025-05-15 08:25:22'),
(628, 'App\\Models\\Member', 19, 'Carbaba', 'f28eefe5a0e33e20e26b9c32265bc24bc6c88e2c015e72cc8fba7bb41eee3dbf', '[\"*\"]', '2025-05-19 01:56:36', NULL, '2025-05-15 08:25:26', '2025-05-19 01:56:36'),
(629, 'App\\Models\\Member', 19, 'Carbaba', '1c2d18322eb7637ded8d022ab671c7dfb45ada49e0c8aa65d7c3afd5b29eafae', '[\"*\"]', '2025-05-16 00:46:44', NULL, '2025-05-16 00:09:19', '2025-05-16 00:46:44'),
(630, 'App\\Models\\Member', 19, 'Carbaba', 'b57ccbc827fe1f0839cd4f5517d0255f42337af231c2341df3dd92c36c2e2beb', '[\"*\"]', '2025-05-19 04:25:00', NULL, '2025-05-19 01:56:38', '2025-05-19 04:25:00'),
(631, 'App\\Models\\Member', 19, 'Carbaba', '7d2bdd21f45548b7542f306d5924c55b4287781d04ebca38449a29b131b69863', '[\"*\"]', '2025-05-19 04:45:35', NULL, '2025-05-19 04:42:43', '2025-05-19 04:45:35'),
(632, 'App\\Models\\Member', 19, 'Carbaba', '4efec3c8d7bf9a5aa9df321b2110c09b50e9cc4463a0b36736471e16de91c088', '[\"*\"]', '2025-05-19 04:46:18', NULL, '2025-05-19 04:45:37', '2025-05-19 04:46:18'),
(633, 'App\\Models\\Member', 19, 'Carbaba', 'ac6ff4443586a1810ed19207cf5aa0a4b35b7ff34808dff0a0725197e42a5159', '[\"*\"]', '2025-05-19 04:47:18', NULL, '2025-05-19 04:46:19', '2025-05-19 04:47:18'),
(634, 'App\\Models\\Member', 19, 'Carbaba', '656d22eed13cd6717e0c0f2cac3466dc6696a90575dc838b3bf75b100d0b07de', '[\"*\"]', '2025-05-19 04:48:13', NULL, '2025-05-19 04:47:19', '2025-05-19 04:48:13'),
(635, 'App\\Models\\Member', 19, 'Carbaba', 'a82ce00ef323a33d42a6902c580bd1d10aab4fbbb1aee3f8568f9f7fc5115a50', '[\"*\"]', '2025-05-19 04:49:16', NULL, '2025-05-19 04:48:14', '2025-05-19 04:49:16'),
(636, 'App\\Models\\Member', 19, 'Carbaba', 'bfcf0b1a92086942a39acde024be71694eb93e0c1bcfdc941d5b941f1e1ad6cb', '[\"*\"]', '2025-05-19 04:50:25', NULL, '2025-05-19 04:49:16', '2025-05-19 04:50:25'),
(637, 'App\\Models\\Member', 19, 'Carbaba', '8eeb4e6884a774e1bec1be5b5c4a154e0e0f4f144ce1047c2c40f90db379bc7a', '[\"*\"]', '2025-05-19 04:51:31', NULL, '2025-05-19 04:50:33', '2025-05-19 04:51:31'),
(638, 'App\\Models\\Member', 19, 'Carbaba', '47fa3714d271458193d316383caa3ce0b1438d42b890b2673ee90b20d90d6408', '[\"*\"]', '2025-05-19 04:53:05', NULL, '2025-05-19 04:51:32', '2025-05-19 04:53:05'),
(639, 'App\\Models\\Member', 19, 'Carbaba', '5298cadc887c8d2af85d2d8cf50f19524506bef33c6d6401c7c159bff41325e7', '[\"*\"]', '2025-05-19 04:53:26', NULL, '2025-05-19 04:53:06', '2025-05-19 04:53:26'),
(640, 'App\\Models\\Member', 19, 'Carbaba', '17f2c53a09995cbefe9f89fe010519606c874ce2d8fdbb74a8cda2d75ae5d6c7', '[\"*\"]', '2025-05-19 04:54:04', NULL, '2025-05-19 04:53:28', '2025-05-19 04:54:04'),
(641, 'App\\Models\\Member', 19, 'Carbaba', 'bd47d5af1b65e0460e36c2013f8af5be43eec2f27b26d5a44530fd8cb450c87b', '[\"*\"]', '2025-05-20 03:44:33', NULL, '2025-05-19 04:54:09', '2025-05-20 03:44:33'),
(642, 'App\\Models\\Member', 19, 'Carbaba', 'ad2e702e23b3e8af0445c87365becea0bf3bcda391025d07c9cc1809186c1834', '[\"*\"]', '2025-05-20 04:31:14', NULL, '2025-05-20 03:44:35', '2025-05-20 04:31:14'),
(643, 'App\\Models\\Member', 19, 'Carbaba', '163035d8fa100ddb757d8e34854ac2e4fe9a2cc940657eed9914125f92de5cb9', '[\"*\"]', '2025-05-20 04:32:07', NULL, '2025-05-20 04:31:15', '2025-05-20 04:32:07'),
(644, 'App\\Models\\Member', 19, 'Carbaba', '653adfc72d5319c6ec8c3a2ee5ef24a383a0f8ab937e565b11c0c2f0824a2aa4', '[\"*\"]', '2025-05-20 06:24:10', NULL, '2025-05-20 04:42:12', '2025-05-20 06:24:10'),
(645, 'App\\Models\\Member', 19, 'Carbaba', '504cd17a9df1618e137a5b728cdff442b72adb544222a82efd337b33084e343d', '[\"*\"]', '2025-05-20 06:53:36', NULL, '2025-05-20 06:34:49', '2025-05-20 06:53:36'),
(646, 'App\\Models\\Member', 19, 'Carbaba', '9ea6639d4313e562e79d3f3ee3b97e2189902b89c1eb046dba9a814050ab6082', '[\"*\"]', '2025-05-21 07:33:11', NULL, '2025-05-20 07:19:48', '2025-05-21 07:33:11'),
(647, 'App\\Models\\Member', 19, 'Carbaba', 'eb4edaed43411aac0cf52b5c5f23320faf1a9cddbce5acc8d16dcb3c821bf013', '[\"*\"]', '2025-05-20 15:58:56', NULL, '2025-05-20 15:56:15', '2025-05-20 15:58:56'),
(648, 'App\\Models\\Member', 19, 'Carbaba', 'fa6586a4e55f7cf9919814082de3f2c26a7793e314d70744493b91e08dd9ce6e', '[\"*\"]', '2025-05-21 06:10:58', NULL, '2025-05-21 06:08:48', '2025-05-21 06:10:58'),
(649, 'App\\Models\\Member', 19, 'Carbaba', '710597b91db91939b3c3fa1650917d8012e45c39ffd864c8f4a915dc574c62c7', '[\"*\"]', '2025-05-21 07:38:55', NULL, '2025-05-21 07:27:49', '2025-05-21 07:38:55'),
(650, 'App\\Models\\Member', 19, 'Carbaba', 'ffa7724b69c482ef356646b37985dabb74f9ebb41398d27d65452b075a5f63fe', '[\"*\"]', '2025-05-21 09:30:20', NULL, '2025-05-21 07:39:09', '2025-05-21 09:30:20'),
(651, 'App\\Models\\Member', 19, 'Carbaba', 'ddd922d49e514976e06fc5de802526ab8fe5c131edee21b8bd0bccd80fbed5d9', '[\"*\"]', '2025-05-21 07:49:17', NULL, '2025-05-21 07:49:16', '2025-05-21 07:49:17'),
(652, 'App\\Models\\Member', 19, 'Carbaba', '8fcfc10b9f575e86c057d5c28dbd4c56750350896dbace6c6c4897313b9cbb48', '[\"*\"]', '2025-05-21 07:50:54', NULL, '2025-05-21 07:50:52', '2025-05-21 07:50:54'),
(653, 'App\\Models\\Member', 19, 'Carbaba', '65ff3f5c4ec76e24b187d4c6c6b5a2453e4b74e86b46c429c37ceee97cfaec04', '[\"*\"]', '2025-05-21 07:51:34', NULL, '2025-05-21 07:51:02', '2025-05-21 07:51:34'),
(654, 'App\\Models\\Member', 19, 'Carbaba', 'a093c773873ae8382e2c586f6ca6c61346f804a3e09108dcf9715e14a2f5703b', '[\"*\"]', '2025-05-21 07:58:09', NULL, '2025-05-21 07:53:31', '2025-05-21 07:58:09'),
(655, 'App\\Models\\Member', 19, 'Carbaba', '60e278eb4c159f566aa73d0641d41c381a040f2fce98e4cfdf56b2ea8dde3af3', '[\"*\"]', '2025-05-21 09:27:19', NULL, '2025-05-21 07:59:32', '2025-05-21 09:27:19'),
(656, 'App\\Models\\Member', 19, 'Carbaba', '5c87cd9bb6796c4b3ddfc3e4495cce274169ca54da3248e525ee8ab1e9e7594b', '[\"*\"]', '2025-05-21 09:27:21', NULL, '2025-05-21 09:27:20', '2025-05-21 09:27:21'),
(657, 'App\\Models\\Member', 19, 'Carbaba', 'c724adc2bef7bac3c62145d8aaa50e59322545ea39ed5532dcf2aee97fc43a0f', '[\"*\"]', '2025-05-21 10:35:02', NULL, '2025-05-21 10:10:32', '2025-05-21 10:35:02'),
(658, 'App\\Models\\Member', 19, 'Carbaba', '5ddcd96be4e1fb3afb965c452bc26830fc4d37713d2d02df5b7d147c26995555', '[\"*\"]', '2025-05-22 11:40:30', NULL, '2025-05-21 11:04:28', '2025-05-22 11:40:30'),
(659, 'App\\Models\\Member', 19, 'Carbaba', '3261d43409625cb1287d38c67b5db83cd0ca63b7c7f530c995d33938277cd842', '[\"*\"]', '2025-05-21 16:11:01', NULL, '2025-05-21 12:31:25', '2025-05-21 16:11:01'),
(660, 'App\\Models\\Member', 19, 'Carbaba', 'df58e2bf391901fc889a9955216ad950282a81fa27b3891618d89eff115133e4', '[\"*\"]', '2025-05-22 11:07:00', NULL, '2025-05-22 06:49:02', '2025-05-22 11:07:00'),
(661, 'App\\Models\\Member', 19, 'Carbaba', '366b6dd373bdc8efab97a2ec5fdfcd645b87b7508ecb7aece2a22f14c6b48118', '[\"*\"]', '2025-05-23 10:47:25', NULL, '2025-05-22 08:58:54', '2025-05-23 10:47:25'),
(662, 'App\\Models\\Member', 19, 'Carbaba', 'ae94e3b859bc08d5589e614065bec19736d9ca7fffdadfed167d7325395d6f4f', '[\"*\"]', '2025-05-22 12:02:01', NULL, '2025-05-22 11:21:31', '2025-05-22 12:02:01'),
(663, 'App\\Models\\Member', 19, 'Carbaba', 'b6f2b6b46d3f7356e26757511c1c3f36cd7836512ba44003f00ed56d457f952e', '[\"*\"]', '2025-05-22 15:34:55', NULL, '2025-05-22 12:33:20', '2025-05-22 15:34:55'),
(664, 'App\\Models\\Member', 19, 'Carbaba', 'aaf48afa569532b03c25fe8701cf896a7f4d4dcfdf18e7bef7aa517854db3518', '[\"*\"]', '2025-05-22 15:36:29', NULL, '2025-05-22 15:36:27', '2025-05-22 15:36:29'),
(665, 'App\\Models\\Member', 19, 'Carbaba', '7f624bb3f5ed40664c288bd0cc0cc33c2b6cd03c1d343a971ec4afd45be2d810', '[\"*\"]', '2025-05-23 06:22:00', NULL, '2025-05-23 06:03:09', '2025-05-23 06:22:00'),
(666, 'App\\Models\\Member', 19, 'Carbaba', '95bb6039fcbf4d8d5e47246d5d82fcc89c80dc71bbf07831fcd96059c3fc62ca', '[\"*\"]', '2025-05-24 04:42:16', NULL, '2025-05-24 04:42:05', '2025-05-24 04:42:16'),
(667, 'App\\Models\\Member', 19, 'Carbaba', '18471d22950a9a79c89957624c9d01709714db48247114a2205b5e1992750699', '[\"*\"]', '2025-05-26 07:14:32', NULL, '2025-05-26 04:37:39', '2025-05-26 07:14:32'),
(668, 'App\\Models\\Member', 19, 'Carbaba', 'b9b81d0af8b8cd7d5d3cbaea053751da2eca87aaea1e723ddfdf46b8bbf675f1', '[\"*\"]', '2025-05-26 09:10:13', NULL, '2025-05-26 08:21:46', '2025-05-26 09:10:13'),
(669, 'App\\Models\\Member', 19, 'Carbaba', 'ce6cb2beaa60c4444ee9bc91063997bbc2a2d2865176883affd25f8396e5be2f', '[\"*\"]', '2025-05-26 12:00:32', NULL, '2025-05-26 10:08:36', '2025-05-26 12:00:32'),
(670, 'App\\Models\\Member', 19, 'Carbaba', '83bc99dbad9ef40ab715b50a7f2d4e269bf8f378d6513050778d6307e7f2f167', '[\"*\"]', '2025-05-26 13:12:10', NULL, '2025-05-26 12:19:52', '2025-05-26 13:12:10'),
(672, 'App\\Models\\Member', 19, 'Carbaba', 'd56c8b39fc652a3736bbce85fe913c44517a20b50072485e0162900ecb531194', '[\"*\"]', '2025-05-27 14:30:39', NULL, '2025-05-27 07:06:13', '2025-05-27 14:30:39'),
(673, 'App\\Models\\Member', 19, 'Carbaba', '59f6e147ff9ee250671a7bc82abea643d6376af724e19a9699f18d8a38d95752', '[\"*\"]', '2025-06-04 09:01:41', NULL, '2025-05-27 09:04:28', '2025-06-04 09:01:41'),
(674, 'App\\Models\\Member', 19, 'Carbaba', '6484737fe10970fe0c4ccb087e908ea2050193ead2850fd8525d9f4d65f58e43', '[\"*\"]', '2025-05-28 08:01:21', NULL, '2025-05-28 06:50:57', '2025-05-28 08:01:21'),
(676, 'App\\Models\\Member', 19, 'Carbaba', 'b8faa9ba9d523bcf81bdb70aa081b2a6e6e982d65cd1caf825579bdc7f1b7d7d', '[\"*\"]', '2025-05-28 10:53:17', NULL, '2025-05-28 09:52:05', '2025-05-28 10:53:17'),
(677, 'App\\Models\\Member', 19, 'Carbaba', '0757644b8a0aafcfb8a207da2bbb2ed9d670749bfa7625d41c507f7f95bd5c93', '[\"*\"]', '2025-05-28 12:29:06', NULL, '2025-05-28 12:28:15', '2025-05-28 12:29:06'),
(678, 'App\\Models\\Member', 19, 'Carbaba', 'd4e546479ef64edb9a9123a2e22b8b0c1d319f7dbd0939cd299fec5d1ddcaf99', '[\"*\"]', '2025-05-28 12:29:45', NULL, '2025-05-28 12:29:12', '2025-05-28 12:29:45'),
(680, 'App\\Models\\Member', 19, 'Carbaba', '7daf55a1e63bcacca41267f3e9bfdcd2b56b6378a63b120e73553228a6efc293', '[\"*\"]', '2025-05-29 15:05:51', NULL, '2025-05-28 12:39:06', '2025-05-29 15:05:51'),
(681, 'App\\Models\\Member', 19, 'Carbaba', '89e75cd9cc2959de958995ab1104f7475bccc5a1b361fb5baf2f1fbba254b249', '[\"*\"]', '2025-05-28 13:19:07', NULL, '2025-05-28 13:19:04', '2025-05-28 13:19:07'),
(682, 'App\\Models\\Member', 19, 'Carbaba', '781abdc8d08cebcf9bb3d60072329962aabd99adb0b66ceb1cca09f9fa6344e0', '[\"*\"]', NULL, NULL, '2025-05-28 13:47:22', '2025-05-28 13:47:22'),
(683, 'App\\Models\\Member', 19, 'Carbaba', '45b8528feb7ca5e6e49bc9d7ddca525aff28615ab26726207292558d018bc388', '[\"*\"]', NULL, NULL, '2025-05-28 13:49:59', '2025-05-28 13:49:59'),
(684, 'App\\Models\\Member', 19, 'Carbaba', '54a4ae85a8aeaf4dc4a68cfa8c21c14866f015aee78141211340d33191d0f8fd', '[\"*\"]', '2025-05-28 13:59:02', NULL, '2025-05-28 13:51:05', '2025-05-28 13:59:02'),
(685, 'App\\Models\\Member', 19, 'Carbaba', 'a295cd11cfa0456f99c706ba77d38f734fc51d321db641662aaa1f58e46973a8', '[\"*\"]', '2025-05-28 14:39:06', NULL, '2025-05-28 14:29:06', '2025-05-28 14:39:06'),
(686, 'App\\Models\\Member', 19, 'Carbaba', '183133cbe912654184749491babcd8cc7eae1c0cba50a2d0e191be7d43f9a7dc', '[\"*\"]', '2025-05-29 06:23:21', NULL, '2025-05-29 06:23:12', '2025-05-29 06:23:21'),
(687, 'App\\Models\\Member', 19, 'Carbaba', '82f809c3699c72381751066e715b1abad143f6076cf0090205a3da2bd406919e', '[\"*\"]', '2025-05-29 06:42:45', NULL, '2025-05-29 06:41:46', '2025-05-29 06:42:45'),
(688, 'App\\Models\\Member', 35, 'Carbaba', 'b270460690fb97c45026f77ed8779e8744af532e78cac55ba1cd022b21e28b11', '[\"*\"]', '2025-05-29 14:07:03', NULL, '2025-05-29 08:20:12', '2025-05-29 14:07:03'),
(689, 'App\\Models\\Member', 19, 'Carbaba', 'f43757e4eb6c4d71da6fc68def68662febb3da95aa9ab6475cb40ee5438735f8', '[\"*\"]', '2025-05-29 10:03:20', NULL, '2025-05-29 09:54:51', '2025-05-29 10:03:20'),
(690, 'App\\Models\\Member', 19, 'Carbaba', '3e7b76cfad19b10858531d642e83fb2a68258ab93eaca6a2f2dd9cb5917e73de', '[\"*\"]', '2025-05-29 10:54:54', NULL, '2025-05-29 10:52:03', '2025-05-29 10:54:54'),
(691, 'App\\Models\\Member', 19, 'Carbaba', '912bbedb667026ade4e17ccc8905be0f71ef8a1ccf4f508d0330281b7065f93a', '[\"*\"]', '2025-05-29 12:38:11', NULL, '2025-05-29 12:15:06', '2025-05-29 12:38:11'),
(692, 'App\\Models\\Member', 19, 'Carbaba', '414d599ae3efe543bde699817127505971e45536122035a70fd7b58eb3ffed16', '[\"*\"]', '2025-05-29 14:07:42', NULL, '2025-05-29 14:07:15', '2025-05-29 14:07:42'),
(693, 'App\\Models\\Member', 19, 'Carbaba', 'a7b683a05c976817a846ea4096efb7cab5f0b1c41c5054fce3e4f5da921701da', '[\"*\"]', '2025-05-29 14:10:48', NULL, '2025-05-29 14:07:49', '2025-05-29 14:10:48'),
(694, 'App\\Models\\Member', 35, 'Carbaba', '26ea1c54f491e671eedef5106272256192782f692e2186fbc732550007e7bf39', '[\"*\"]', '2025-05-29 14:11:09', NULL, '2025-05-29 14:10:54', '2025-05-29 14:11:09'),
(695, 'App\\Models\\Member', 19, 'Carbaba', '62311dbc64310c4682152360e76d7c6beafbfd11f3862af8b5cf146f2766b864', '[\"*\"]', '2025-05-29 14:18:06', NULL, '2025-05-29 14:11:14', '2025-05-29 14:18:06'),
(696, 'App\\Models\\Member', 35, 'Carbaba', '154d7bff739636d21fb5243ba12e54756eb61ec8bfb334cd70540950e1b04b67', '[\"*\"]', '2025-06-05 07:52:48', NULL, '2025-05-29 14:13:29', '2025-06-05 07:52:48'),
(697, 'App\\Models\\Member', 19, 'Carbaba', '6974579ac52a758736de4122e2a95127a31227947df4573d4623df3a53146ced', '[\"*\"]', NULL, NULL, '2025-05-29 14:18:21', '2025-05-29 14:18:21'),
(698, 'App\\Models\\Member', 19, 'Carbaba', '0213a6d69d03290fab4553b510550cb33c80f232f4a421d5af3d4cf727fa9925', '[\"*\"]', NULL, NULL, '2025-05-29 15:14:05', '2025-05-29 15:14:05'),
(700, 'App\\Models\\Member', 19, 'Carbaba', 'a9ec18799d779dcab6579fee2dd14b187d52f991dfa19f4f6fe4aed1edc4d232', '[\"*\"]', '2025-05-29 15:53:14', NULL, '2025-05-29 15:49:07', '2025-05-29 15:53:14'),
(701, 'App\\Models\\Member', 19, 'Carbaba', '07d4905928a2e1f4e2d5e82f84795a793903065dd4b368b7120dea7922e4e3b1', '[\"*\"]', '2025-05-30 07:55:35', NULL, '2025-05-30 06:15:13', '2025-05-30 07:55:35'),
(702, 'App\\Models\\Member', 19, 'Carbaba', '79518585938be3d230af5de317bdd1c2951d9c1a63198df5b191af3e2603f5f8', '[\"*\"]', '2025-05-30 08:25:48', NULL, '2025-05-30 08:12:29', '2025-05-30 08:25:48'),
(703, 'App\\Models\\Member', 19, 'Carbaba', '3666cb30bfe6c45e44875fc5ffa58ea7db43475a6c826da718b562067119527e', '[\"*\"]', '2025-06-01 07:18:34', NULL, '2025-06-01 06:45:38', '2025-06-01 07:18:34'),
(704, 'App\\Models\\Member', 19, 'Carbaba', 'ac5e80ef51722656803b07fa20d381caefb732159240ed064e62f60f9c7fc47e', '[\"*\"]', '2025-06-02 09:44:22', NULL, '2025-06-02 05:04:26', '2025-06-02 09:44:22'),
(705, 'App\\Models\\Member', 19, 'Carbaba', '00ba0c7eaecd8719aca77f3459636d336859f000ae425b206bbe2f87073cadcd', '[\"*\"]', '2025-06-02 12:03:11', NULL, '2025-06-02 12:00:52', '2025-06-02 12:03:11'),
(706, 'App\\Models\\Member', 19, 'Carbaba', '4f027b77f6849f2a682480099df7452e9464a45a89c801c626a98f369fd39aeb', '[\"*\"]', NULL, NULL, '2025-06-02 14:08:59', '2025-06-02 14:08:59'),
(707, 'App\\Models\\Member', 19, 'Carbaba', 'a98eee04f28a255a8ceb81d3ff979577f42e40ba75219d95710f9562287fc8b8', '[\"*\"]', NULL, NULL, '2025-06-02 15:07:37', '2025-06-02 15:07:37'),
(708, 'App\\Models\\Member', 19, 'Carbaba', 'f0856512ba0f1e48982c320362d58939371c6aa5ce6c34c94247cbc984a4d501', '[\"*\"]', NULL, NULL, '2025-06-03 06:10:31', '2025-06-03 06:10:31'),
(709, 'App\\Models\\Member', 19, 'Carbaba', 'e9434b9d7c01d7d502d72dcaadcefaf4d3554e3749ba7be6fc3d172f3489ed85', '[\"*\"]', NULL, NULL, '2025-06-03 06:28:00', '2025-06-03 06:28:00'),
(710, 'App\\Models\\Member', 19, 'Carbaba', '4f8c7eb188a62f2304398c324d874f46252b89333dd46a0243b510302505e9c5', '[\"*\"]', NULL, NULL, '2025-06-03 06:28:38', '2025-06-03 06:28:38'),
(711, 'App\\Models\\Member', 19, 'Carbaba', 'bb02a20214444207393e67cb8973a3f148659203cfc2086a555839769a781438', '[\"*\"]', NULL, NULL, '2025-06-03 06:28:43', '2025-06-03 06:28:43'),
(712, 'App\\Models\\Member', 19, 'Carbaba', '5e2da3e36947220828fd7eecc6a8436989f106a524abab7d209acd6a686210dc', '[\"*\"]', NULL, NULL, '2025-06-03 06:30:48', '2025-06-03 06:30:48'),
(713, 'App\\Models\\Member', 19, 'Carbaba', '10e33ed2d58ce03d892b8bf861d9fb9b2a09cae7f9fe3159dcfe77bc0b6065a9', '[\"*\"]', NULL, NULL, '2025-06-03 06:38:50', '2025-06-03 06:38:50'),
(714, 'App\\Models\\Member', 19, 'Carbaba', 'a95d838cc8a8101ddace735282bed83a33268ca034ae256d1532ae0e720ab4e6', '[\"*\"]', NULL, NULL, '2025-06-03 06:41:08', '2025-06-03 06:41:08'),
(715, 'App\\Models\\Member', 19, 'Carbaba', '6ac6bf9aebbf470bcd65471d9cddc51543a9a28f9e0904c7d0368f65a522be83', '[\"*\"]', NULL, NULL, '2025-06-03 08:35:04', '2025-06-03 08:35:04'),
(716, 'App\\Models\\Member', 19, 'Carbaba', 'eb2988031f3cff65a2bfdf8a5ae239d12ef83cd104f377a21dad7bdf0191f107', '[\"*\"]', NULL, NULL, '2025-06-03 08:35:15', '2025-06-03 08:35:15'),
(717, 'App\\Models\\Member', 19, 'Carbaba', 'bfb9bfad78b9edfdfa3cb4243dc98a10ebad6405c9a58e988d18430ee77c72c1', '[\"*\"]', NULL, NULL, '2025-06-03 10:56:25', '2025-06-03 10:56:25'),
(718, 'App\\Models\\Member', 19, 'Carbaba', '9b8cd68114742573fa9ae5ee3620be4a349439c1efaa1967efcf1da0bd7f119f', '[\"*\"]', NULL, NULL, '2025-06-03 10:56:30', '2025-06-03 10:56:30'),
(719, 'App\\Models\\Member', 19, 'Carbaba', '808054dcd0d9d2161439b6a3c53aceb5651e140312cf079e357661e70d03d3e5', '[\"*\"]', NULL, NULL, '2025-06-03 13:28:28', '2025-06-03 13:28:28'),
(720, 'App\\Models\\Member', 19, 'Carbaba', 'd0f7bc281917adb662a36bbb88c81a7af0026315dab246fe8858c2fd968213e9', '[\"*\"]', NULL, NULL, '2025-06-03 13:28:43', '2025-06-03 13:28:43'),
(721, 'App\\Models\\Member', 19, 'Carbaba', '4a3c415236c739f44c1340330ed78e91a9f3fe584a44044366f759efe2e80b55', '[\"*\"]', NULL, NULL, '2025-06-03 14:13:05', '2025-06-03 14:13:05'),
(722, 'App\\Models\\Member', 19, 'Carbaba', 'c1d7102fdbcda181e171fe1dd979970684bc487faf70d7be50d1c2ed92a8fa36', '[\"*\"]', NULL, NULL, '2025-06-03 15:09:02', '2025-06-03 15:09:02'),
(723, 'App\\Models\\Member', 19, 'Carbaba', 'fb013795ca23019dca8d625ef1e9b1a5e5c90c3c72fdbff9fd7dc2ea4d0ae245', '[\"*\"]', NULL, NULL, '2025-06-04 09:56:09', '2025-06-04 09:56:09'),
(724, 'App\\Models\\Member', 19, 'Carbaba', 'ee724932e2b69dbef159aaa056ec2423f9cae05c1d65bbe4562591329f24e7aa', '[\"*\"]', NULL, NULL, '2025-06-05 08:23:49', '2025-06-05 08:23:49'),
(725, 'App\\Models\\Member', 19, 'Carbaba', '7b2d755b7970732bc8dc41bcccb093399bd9cc18c6d731703bee5bd11cb0b39a', '[\"*\"]', NULL, NULL, '2025-06-05 15:04:00', '2025-06-05 15:04:00'),
(726, 'App\\Models\\Member', 19, 'Carbaba', 'a7e8e153e447b43efece693ac48b89186c3eef7b36f9e081747c510d9d2da535', '[\"*\"]', NULL, NULL, '2025-06-06 05:07:33', '2025-06-06 05:07:33'),
(727, 'App\\Models\\Member', 19, 'Carbaba', '7b1755e2567444b2914292a1a105669b8716571621593eee4a26e3950ba0f4a9', '[\"*\"]', NULL, NULL, '2025-06-06 11:15:29', '2025-06-06 11:15:29'),
(729, 'App\\Models\\Member', 19, 'Carbaba', 'f9e90868b4e46bdacb7eb61daa523994367a1781e4fcc41f57ac65cbc399fad2', '[\"*\"]', '2025-06-07 06:29:24', NULL, '2025-06-06 11:17:53', '2025-06-07 06:29:24'),
(730, 'App\\Models\\Member', 19, 'Carbaba', '2b9dd30f4f5530e77758b05fee462994aeae9e5b1632256bdc94b7f2679b08e3', '[\"*\"]', '2025-06-07 10:00:33', NULL, '2025-06-07 09:52:42', '2025-06-07 10:00:33'),
(731, 'App\\Models\\Member', 19, 'Carbaba', 'c114e287ccff7ce69658786a1bc6a157387f493a52cb98aa318c80f320b1d271', '[\"*\"]', '2025-06-07 12:02:14', NULL, '2025-06-07 10:35:02', '2025-06-07 12:02:14'),
(732, 'App\\Models\\Member', 19, 'Carbaba', '3e16658e9cdac5107069288d803738298ff5e51107a5bb3707bec45108023985', '[\"*\"]', '2025-06-10 13:39:19', NULL, '2025-06-10 13:38:38', '2025-06-10 13:39:19'),
(733, 'App\\Models\\Member', 19, 'Carbaba', 'c5d56d9f82e3654d91799d27cf4c1fbf0ff34b05fe979c03228554567c45f89e', '[\"*\"]', '2025-06-11 11:08:08', NULL, '2025-06-11 04:32:02', '2025-06-11 11:08:08'),
(735, 'App\\Models\\Member', 19, 'Carbaba', '7ebde555d88e666157a7d449f69ebaed9817622744de15137c182a96c9daebf8', '[\"*\"]', '2025-06-11 06:01:01', NULL, '2025-06-11 05:59:05', '2025-06-11 06:01:01'),
(736, 'App\\Models\\Member', 19, 'Carbaba', 'cb9795cabcb825e4eb0fb3638210a3fad7ec1ce7f2a727d4795b0dcbcc07766f', '[\"*\"]', '2025-06-12 05:55:54', NULL, '2025-06-11 06:20:45', '2025-06-12 05:55:54'),
(737, 'App\\Models\\Member', 19, 'Carbaba', 'cc1e9c23ac150ff95da838776ecc7f7b081416942b11282c28a860ee083df3a2', '[\"*\"]', '2025-06-11 06:44:22', NULL, '2025-06-11 06:22:31', '2025-06-11 06:44:22'),
(738, 'App\\Models\\Member', 19, 'Carbaba', '5a5ac945f97838b1728f6a6fd6c33873896bb55d9b2d09bf84d370c1516f039a', '[\"*\"]', '2025-06-12 04:14:30', NULL, '2025-06-11 11:17:43', '2025-06-12 04:14:30'),
(739, 'App\\Models\\Member', 19, 'Carbaba', 'c547af12d758514fc9a74b27cd39a01ecbd74fbcfcedf35a134bb5b6baa6c8d7', '[\"*\"]', '2025-06-11 13:54:15', NULL, '2025-06-11 13:41:27', '2025-06-11 13:54:15'),
(740, 'App\\Models\\Member', 19, 'Carbaba', 'f89063b3c43b89013a65d4b25d4dbd06b82cc186ca108827393a2bdb3d3709cd', '[\"*\"]', '2025-06-11 14:19:10', NULL, '2025-06-11 14:19:08', '2025-06-11 14:19:10'),
(741, 'App\\Models\\Member', 19, 'Carbaba', 'ba10861e11bcf7f7a1b42faefb997276bff0bb358199b182ba34f0dcb841eecf', '[\"*\"]', '2025-06-12 07:57:53', NULL, '2025-06-12 04:14:57', '2025-06-12 07:57:53'),
(742, 'App\\Models\\Member', 19, 'Carbaba', '5404004761912a2d9fe58407194a11e213448c2baa742ae32006e4fe390ff4c8', '[\"*\"]', '2025-06-12 10:15:41', NULL, '2025-06-12 05:24:46', '2025-06-12 10:15:41'),
(743, 'App\\Models\\Member', 19, 'Carbaba', '8c77c3884b68c6ea3c54f1184cde3d88f52365bb2b5e3a8984b95e1106fbcd75', '[\"*\"]', '2025-06-12 05:39:06', NULL, '2025-06-12 05:39:02', '2025-06-12 05:39:06'),
(745, 'App\\Models\\Member', 19, 'Carbaba', 'f6576e7b3e0a8e8617ba446e1487626d5ac01902c995d1fca1b66e22ad7c84db', '[\"*\"]', '2025-06-12 06:44:25', NULL, '2025-06-12 05:54:59', '2025-06-12 06:44:25'),
(746, 'App\\Models\\Member', 19, 'Carbaba', '842bdc42a4b4e5e13feddaa0a6933497a40a0dbe33af9d16631a841af0f46f84', '[\"*\"]', '2025-06-12 09:08:27', NULL, '2025-06-12 08:42:52', '2025-06-12 09:08:27'),
(747, 'App\\Models\\Member', 19, 'Carbaba', '42f2ba14a03be9d1f85346374238c029731743c16af3c3d207f3de348b9cb771', '[\"*\"]', '2025-06-12 11:36:53', NULL, '2025-06-12 08:59:13', '2025-06-12 11:36:53'),
(748, 'App\\Models\\Member', 19, 'Carbaba', 'ffaa7f9918ff7a33f9231de89db36e9187628804abdd549ba3914579af29a89b', '[\"*\"]', '2025-06-12 09:13:25', NULL, '2025-06-12 09:13:12', '2025-06-12 09:13:25'),
(749, 'App\\Models\\Member', 19, 'Carbaba', '47b361026c689678a73fae4f623e7722764ec9ec49b69edd901971ec314c5569', '[\"*\"]', '2025-06-12 14:30:36', NULL, '2025-06-12 11:17:58', '2025-06-12 14:30:36'),
(750, 'App\\Models\\Member', 19, 'Carbaba', 'c135a19a326480969994b7afe4ca7918c88bded12b57231125367881f3cdddbf', '[\"*\"]', '2025-06-12 15:14:58', NULL, '2025-06-12 15:13:27', '2025-06-12 15:14:58'),
(751, 'App\\Models\\Member', 19, 'Carbaba', 'c30e1c351bc8ec31338f97a0d9efff00afd73c528b6742ecb1aebe960efe6789', '[\"*\"]', '2025-06-12 15:15:22', NULL, '2025-06-12 15:15:17', '2025-06-12 15:15:22'),
(752, 'App\\Models\\Member', 19, 'Carbaba', 'ecca758778cadb78a3fae40e7294154750313ec115c968fe93299cf859437a2c', '[\"*\"]', '2025-06-12 15:17:53', NULL, '2025-06-12 15:16:30', '2025-06-12 15:17:53'),
(753, 'App\\Models\\Member', 19, 'Carbaba', '78cf9205ca9693361d78cb83328502f3340a86c9624d0012949fbd7701f30311', '[\"*\"]', '2025-06-13 12:18:55', NULL, '2025-06-13 04:04:10', '2025-06-13 12:18:55'),
(754, 'App\\Models\\Member', 19, 'Carbaba', '19197cc01ec151b393b8c2044642b939bb9e651e6d78c0c1304a254696377c86', '[\"*\"]', '2025-06-17 05:28:28', NULL, '2025-06-13 12:21:21', '2025-06-17 05:28:28'),
(755, 'App\\Models\\Member', 19, 'Carbaba', '1759217df4421e6720937138ad62a480af0adc018509e7404d8e55583d0c35fc', '[\"*\"]', '2025-06-13 13:33:14', NULL, '2025-06-13 13:32:58', '2025-06-13 13:33:14'),
(756, 'App\\Models\\Member', 19, 'Carbaba', '3cae43ea3930d780b4734ddc63f5fca14d9396c103ddb08f3985309f1d90854b', '[\"*\"]', '2025-06-14 15:01:26', NULL, '2025-06-14 15:00:47', '2025-06-14 15:01:26'),
(757, 'App\\Models\\Member', 19, 'Carbaba', '750e050a9c671093197306e05d2939ae96daaa1a901af60c9d3f78762d776852', '[\"*\"]', '2025-06-18 10:58:00', NULL, '2025-06-16 04:50:44', '2025-06-18 10:58:00'),
(758, 'App\\Models\\Member', 19, 'Carbaba', '014f10f373ca85ef95fc96fb02453e15e4fd3009f8d8a1eec9f5ba6844ebfba3', '[\"*\"]', '2025-06-16 05:11:30', NULL, '2025-06-16 05:06:15', '2025-06-16 05:11:30'),
(759, 'App\\Models\\Member', 19, 'Carbaba', '1ec3b92af811e6feddd158db63756f3ed4b53011f4274d127f4ea9780154a7b2', '[\"*\"]', '2025-06-16 15:20:03', NULL, '2025-06-16 07:24:09', '2025-06-16 15:20:03'),
(760, 'App\\Models\\Member', 19, 'Carbaba', '99041f4962f8e0a49452706c3b6bca4f9671cce7b7f3af1fbd87a81a3e28998a', '[\"*\"]', '2025-06-17 06:28:40', NULL, '2025-06-17 06:19:57', '2025-06-17 06:28:40'),
(761, 'App\\Models\\Member', 19, 'Carbaba', 'd1c70a9d1a52552a3dc221925fcac237e4b7f4c76a9030876868fc34f436be05', '[\"*\"]', '2025-06-17 08:49:32', NULL, '2025-06-17 06:35:17', '2025-06-17 08:49:32'),
(762, 'App\\Models\\Member', 19, 'Carbaba', '17e0deeb704895035eb9752141478675714196240871acb816b01bfb006080c4', '[\"*\"]', '2025-06-19 04:24:00', NULL, '2025-06-17 09:08:15', '2025-06-19 04:24:00'),
(765, 'App\\Models\\Member', 19, 'Carbaba', '43f5e15f82e9b3682a026ad952b33659dd7bca0cbbd0b642e6b102bd73a849ae', '[\"*\"]', NULL, NULL, '2025-06-18 10:02:53', '2025-06-18 10:02:53'),
(766, 'App\\Models\\Member', 19, 'Carbaba', 'ce51badf32c91887d792d69fbb2c031d62680e319c877241f6309db84707d8f2', '[\"*\"]', NULL, NULL, '2025-06-18 10:04:18', '2025-06-18 10:04:18'),
(767, 'App\\Models\\Member', 19, 'Carbaba', '1ea206f60bf1dc9d2f0a11e977fc2062aff85b959b0b1f00e5b5b0ef690bd0a7', '[\"*\"]', NULL, NULL, '2025-06-18 10:06:13', '2025-06-18 10:06:13'),
(768, 'App\\Models\\Member', 19, 'Carbaba', '1f1ec36bf50e97f93efd17dd2662a46026ada4377681d054907825e442a9d219', '[\"*\"]', '2025-06-19 12:23:19', NULL, '2025-06-18 10:08:59', '2025-06-19 12:23:19'),
(769, 'App\\Models\\Member', 19, 'Carbaba', 'eb84abd8748903858c6ca82dab9a2c6b6aada303099f10ecac46eebc57fd5e05', '[\"*\"]', '2025-06-18 10:21:55', NULL, '2025-06-18 10:13:31', '2025-06-18 10:21:55'),
(770, 'App\\Models\\Member', 19, 'Carbaba', '26f340247aa5080f93b3ab9341bae90e8a7f39e931b568b01e6b43b84b048cee', '[\"*\"]', '2025-06-18 14:37:28', NULL, '2025-06-18 14:37:13', '2025-06-18 14:37:28'),
(771, 'App\\Models\\Member', 19, 'Carbaba', 'b3552fe958e77c6c7ffac0b04f8b83f86840d4d3937dc731f65fd656e0358836', '[\"*\"]', '2025-06-20 14:29:27', NULL, '2025-06-20 06:39:46', '2025-06-20 14:29:27'),
(772, 'App\\Models\\Member', 19, 'Carbaba', 'fd2bc4790c508851f0b82c5ab3759bd5a42feb8faf3618d62ea974744ff046b9', '[\"*\"]', '2025-06-27 10:26:29', NULL, '2025-06-24 06:30:43', '2025-06-27 10:26:29'),
(773, 'App\\Models\\Member', 19, 'Carbaba', '7ef4d8a585241e6379872ee47479c9941b370068458613101f6ba130de0b2368', '[\"*\"]', '2025-06-24 13:18:25', NULL, '2025-06-24 11:57:35', '2025-06-24 13:18:25'),
(774, 'App\\Models\\Member', 19, 'Carbaba', '6046a79f67abc064b526cab1a6768d943635652431c46d748fed261bdcdb1fc0', '[\"*\"]', '2025-06-24 13:22:29', NULL, '2025-06-24 13:18:45', '2025-06-24 13:22:29'),
(775, 'App\\Models\\Member', 19, 'Carbaba', '0ca9ecf861b03f1735f8b09af44fe78673523e2677792b3135b5ea296eab26b6', '[\"*\"]', '2025-06-25 07:46:31', NULL, '2025-06-25 05:51:04', '2025-06-25 07:46:31'),
(776, 'App\\Models\\Member', 19, 'Carbaba', 'd893799fa5e88e82ec7969d979ea7747f38207b0b0db512767299e5636676796', '[\"*\"]', '2025-06-25 12:38:19', NULL, '2025-06-25 12:38:16', '2025-06-25 12:38:19'),
(777, 'App\\Models\\Member', 19, 'Carbaba', '6d5737dc41538a9191329419ead292fd2a04ec0113feee557b103064f828ded5', '[\"*\"]', '2025-07-10 09:33:37', NULL, '2025-06-26 06:28:10', '2025-07-10 09:33:37'),
(778, 'App\\Models\\Member', 19, 'Carbaba', '3a457721ad59710c86bb326b2bdf840a60ece7f5a9e6102115023fcad1ef3df8', '[\"*\"]', '2025-06-26 07:26:35', NULL, '2025-06-26 06:54:50', '2025-06-26 07:26:35'),
(779, 'App\\Models\\Member', 19, 'Carbaba', 'fdd2cbdb49eb7627d8fa60267ca0ccdf743b83a0c43ea6012300028f8a160482', '[\"*\"]', '2025-06-26 11:53:58', NULL, '2025-06-26 07:59:44', '2025-06-26 11:53:58'),
(780, 'App\\Models\\Member', 19, 'Carbaba', '73a5b3f0341b3d403d3d1c6b7caf31f1464619958a86e4a70ef1f526906bf886', '[\"*\"]', '2025-06-27 10:12:22', NULL, '2025-06-27 05:00:49', '2025-06-27 10:12:22'),
(781, 'App\\Models\\Member', 19, 'Carbaba', '3766e8d9a0ce7c150c48250010f6f32775d116c735251d11746006c206c410d5', '[\"*\"]', '2025-06-30 13:06:01', NULL, '2025-06-30 12:54:21', '2025-06-30 13:06:01'),
(782, 'App\\Models\\Member', 19, 'Carbaba', '413c4cbebda35810233739a3936c541ca234bc96fa57a9d30b370afcb5edfa0b', '[\"*\"]', '2025-07-01 07:11:07', NULL, '2025-07-01 06:59:40', '2025-07-01 07:11:07'),
(783, 'App\\Models\\Member', 19, 'Carbaba', 'edc206ee11d484f454bba00da4cf70b5c23101d2a0ad8438c0d9b0b3c25ccb1d', '[\"*\"]', '2025-07-02 08:57:19', NULL, '2025-07-02 05:47:24', '2025-07-02 08:57:19'),
(784, 'App\\Models\\Member', 19, 'Carbaba', 'a953dcd4f324afc8d8be464e6bf5852aa2fcea9869512b53588d79f6468e9e8e', '[\"*\"]', '2025-07-03 12:25:58', NULL, '2025-07-03 12:09:45', '2025-07-03 12:25:58'),
(785, 'App\\Models\\Member', 19, 'Carbaba', 'e88840d873d7837cf1c448a62c4a6c8b660b7b44c0650bab88d8cde65513488b', '[\"*\"]', '2025-07-04 05:59:46', NULL, '2025-07-04 05:52:26', '2025-07-04 05:59:46'),
(786, 'App\\Models\\Member', 19, 'Carbaba', 'bd327c4e337de429e437c690fc928bc8a210b5255ea18e245a5eebe61c4d7f47', '[\"*\"]', '2025-07-04 08:26:53', NULL, '2025-07-04 08:26:42', '2025-07-04 08:26:53'),
(787, 'App\\Models\\Member', 19, 'Carbaba', '8621c471604c417c38b33961252d45624e821f11ae05d6cf87542466283e84f8', '[\"*\"]', '2025-07-04 12:20:07', NULL, '2025-07-04 10:18:35', '2025-07-04 12:20:07'),
(788, 'App\\Models\\Member', 19, 'Carbaba', '17a30666552caeebc4aeea88a61a4ea126362c51799c85fa6a05dafb89315733', '[\"*\"]', '2025-07-04 14:04:46', NULL, '2025-07-04 12:37:10', '2025-07-04 14:04:46'),
(789, 'App\\Models\\Member', 19, 'Carbaba', 'e0ca0faaabe36c5722a230468e90e8b1ac8470e48c5c6dd7d9ea5a93933f4bb5', '[\"*\"]', '2025-07-07 06:18:40', NULL, '2025-07-04 12:45:38', '2025-07-07 06:18:40'),
(790, 'App\\Models\\Member', 19, 'Carbaba', '299a3cb1afe9bc75ca85bc136406ca9d8d2a39747abdfec3cd7d497ee38ed3f4', '[\"*\"]', '2025-07-04 16:01:58', NULL, '2025-07-04 14:51:25', '2025-07-04 16:01:58'),
(791, 'App\\Models\\Member', 19, 'Carbaba', 'b17ea0f44de246c61b178119f9f38740fe464dcd00d59330873c3e503cd9874c', '[\"*\"]', '2025-07-08 04:41:53', NULL, '2025-07-07 07:58:55', '2025-07-08 04:41:53'),
(792, 'App\\Models\\Member', 35, 'Carbaba', '4c5ff9917f280ed006b3f7a54a1b9e8634ecd1de6f475c31ecbceca0f030834a', '[\"*\"]', NULL, NULL, '2025-07-07 07:59:22', '2025-07-07 07:59:22'),
(794, 'App\\Models\\Member', 19, 'Carbaba', 'b0692ea28e15a72b7ab7f5d17a4614b7433f1b708ec4c8cc0e66f078237e23c2', '[\"*\"]', '2025-07-07 08:50:09', NULL, '2025-07-07 08:00:20', '2025-07-07 08:50:09'),
(795, 'App\\Models\\Member', 19, 'Carbaba', '322ef4bbc7262ae8156d52f7d2a3b5971a9d9d1e72383abbbb3554c43c175188', '[\"*\"]', '2025-07-07 13:46:49', NULL, '2025-07-07 09:56:42', '2025-07-07 13:46:49'),
(797, 'App\\Models\\Member', 19, 'Carbaba', '82dbf37384e0679d2dc03dcf3308574a05c77357fa6883b5a23f953116a23d60', '[\"*\"]', '2025-07-08 04:40:25', NULL, '2025-07-08 04:37:51', '2025-07-08 04:40:25'),
(798, 'App\\Models\\Member', 19, 'Carbaba', '4f201e034528569921951ca2b4faab32935a657313550bbd681e071d9f50d2ce', '[\"*\"]', '2025-07-10 09:32:32', NULL, '2025-07-08 06:22:31', '2025-07-10 09:32:32'),
(799, 'App\\Models\\Member', 19, 'Carbaba', 'dd313bd446db5f78099789e5a68e777c7b2e1996f8135062b0455f10cd03a89c', '[\"*\"]', '2025-07-08 11:05:31', NULL, '2025-07-08 07:17:06', '2025-07-08 11:05:31'),
(800, 'App\\Models\\Member', 19, 'Carbaba', '7822054b3c5ba0cb3d5e32a067019c4212241c0ef18be1a5135e903153a51c1a', '[\"*\"]', '2025-07-18 07:55:25', NULL, '2025-07-08 08:59:48', '2025-07-18 07:55:25'),
(801, 'App\\Models\\Member', 19, 'Carbaba', '022e12d0a3b206f4b99b99313c7f18c73db1334b645eaac7c0910f66e43bf234', '[\"*\"]', '2025-07-08 15:05:54', NULL, '2025-07-08 15:04:10', '2025-07-08 15:05:54'),
(802, 'App\\Models\\Member', 19, 'Carbaba', '6b6b772668e866a702856446810c772f49c54fac87d81f14f36a7b0c43d29be3', '[\"*\"]', '2025-07-09 11:02:31', NULL, '2025-07-09 08:45:25', '2025-07-09 11:02:31'),
(803, 'App\\Models\\Member', 19, 'Carbaba', '5c3a0655861cfb0bad008faa71afa530242056198c6768e7aebfb94c760bfef9', '[\"*\"]', '2025-07-09 11:46:06', NULL, '2025-07-09 11:13:40', '2025-07-09 11:46:06'),
(804, 'App\\Models\\Member', 19, 'Carbaba', 'a5dfad592447962422d236762a228d6182feafb1643ae49a20ec37304b945c43', '[\"*\"]', '2025-07-10 04:24:31', NULL, '2025-07-10 04:24:21', '2025-07-10 04:24:31'),
(805, 'App\\Models\\Member', 19, 'Carbaba', '2f19e858d15aacc23a1a87daa06bbaba23f2d0652e3fe0e76c345237e864222b', '[\"*\"]', '2025-07-10 08:10:53', NULL, '2025-07-10 07:24:20', '2025-07-10 08:10:53'),
(806, 'App\\Models\\Member', 19, 'Carbaba', '20d6b1d9830d0548457a85b8ec3c4d5b468d4f650f3a0025cae91b61d51b711d', '[\"*\"]', '2025-07-10 09:40:31', NULL, '2025-07-10 09:09:46', '2025-07-10 09:40:31');
INSERT INTO `personal_access_tokens` (`id`, `tokenable_type`, `tokenable_id`, `name`, `token`, `abilities`, `last_used_at`, `expires_at`, `created_at`, `updated_at`) VALUES
(807, 'App\\Models\\Member', 19, 'Carbaba', '82ceb5f794a9c53206093061420ace3d9ca54402e0230e4e26a472ee958e204b', '[\"*\"]', '2025-07-10 13:30:11', NULL, '2025-07-10 12:19:57', '2025-07-10 13:30:11'),
(808, 'App\\Models\\Member', 19, 'Carbaba', '89301533f0f3d6987403c7c83a30be688f2eebf2bf47228e57d2970be8e6c61c', '[\"*\"]', '2025-07-10 17:19:08', NULL, '2025-07-10 17:17:23', '2025-07-10 17:19:08'),
(810, 'App\\Models\\Member', 19, 'Carbaba', '0686b12ab16f243c60a55b59d5914b0f6ac85a44fa4fcb4a585b051531c9277a', '[\"*\"]', '2025-07-11 08:38:39', NULL, '2025-07-11 08:06:51', '2025-07-11 08:38:39'),
(811, 'App\\Models\\Member', 19, 'Carbaba', 'e54f6ff2cf78c339f4b0c5e912562143a6b2f5055d93eead42b7c38cc6eec3bb', '[\"*\"]', '2025-07-11 13:34:07', NULL, '2025-07-11 08:48:40', '2025-07-11 13:34:07'),
(812, 'App\\Models\\Member', 19, 'Carbaba', '3c1c9ce7e6bc9f279402f2d92210f83c1d085c152f6638b5d2890ee8efcc87c0', '[\"*\"]', '2025-07-14 12:29:07', NULL, '2025-07-14 04:53:30', '2025-07-14 12:29:07'),
(813, 'App\\Models\\Member', 19, 'Carbaba', '30587d5928dadd6e2796adf4467653354506224b2ab69722a5fb6e3f9f6e1ed3', '[\"*\"]', '2025-07-16 13:04:29', NULL, '2025-07-14 12:11:59', '2025-07-16 13:04:29'),
(814, 'App\\Models\\Member', 19, 'Carbaba', '26d9ae595cb2cf72444997555184e7e9a964fe29e20412c5dd87094a8eca45a1', '[\"*\"]', '2025-07-14 12:55:57', NULL, '2025-07-14 12:42:24', '2025-07-14 12:55:57'),
(815, 'App\\Models\\Member', 19, 'Carbaba', '05b1846c5a152a82aab6f05b21ef5621bc6e396609fcca43479eac2e4449a914', '[\"*\"]', '2025-07-14 13:44:22', NULL, '2025-07-14 12:56:10', '2025-07-14 13:44:22'),
(816, 'App\\Models\\Member', 19, 'Carbaba', '3cf5891bc69ab03d1113be09f621fe6966305ed92f3be2255d8bc631ba1c1abf', '[\"*\"]', '2025-07-14 15:53:33', NULL, '2025-07-14 15:50:53', '2025-07-14 15:53:33'),
(817, 'App\\Models\\Member', 19, 'Carbaba', 'a4ce1b5d6d77d247f3ca8f434e72394553360885054fc8f1947f241e5e6e2f29', '[\"*\"]', '2025-07-15 11:31:25', NULL, '2025-07-15 05:11:16', '2025-07-15 11:31:25'),
(818, 'App\\Models\\Member', 19, 'Carbaba', '37d2d91349dd99f024df4eecfc89de2b5d743f72d2d90b3c802335c83a657098', '[\"*\"]', '2025-07-17 09:50:30', NULL, '2025-07-15 11:35:53', '2025-07-17 09:50:30'),
(819, 'App\\Models\\Member', 19, 'Carbaba', 'a3d17b11830b6f1b9b996ec6dbfd999ecd84ee8a49c32b5e0a3693a7e6744b1c', '[\"*\"]', '2025-07-15 13:18:53', NULL, '2025-07-15 13:08:32', '2025-07-15 13:18:53'),
(820, 'App\\Models\\Member', 19, 'Carbaba', '9e818b6edcf893aac3341cbf2d316ed29791c5d8682a7c7f1872388d7258a770', '[\"*\"]', '2025-07-16 06:29:52', NULL, '2025-07-16 06:29:09', '2025-07-16 06:29:52'),
(821, 'App\\Models\\Member', 19, 'Carbaba', '5a2acaed7377ce9d34f438ee99605aecc5ce4cade9bd4b70eeea11d1d90f59e5', '[\"*\"]', '2025-07-16 08:30:33', NULL, '2025-07-16 06:31:51', '2025-07-16 08:30:33'),
(822, 'App\\Models\\Member', 19, 'Carbaba', 'ea7a9b0d079de9700336aa58879bf3d525d9e6c84316b0377229fe56a0aa5a3f', '[\"*\"]', '2025-07-16 08:52:05', NULL, '2025-07-16 08:51:50', '2025-07-16 08:52:05'),
(823, 'App\\Models\\Member', 19, 'Carbaba', 'f4fee0c516d2e688076e1dfa14bac141303e61ce77c55d6d692a76d058448c4e', '[\"*\"]', '2025-07-16 10:19:37', NULL, '2025-07-16 08:54:56', '2025-07-16 10:19:37'),
(824, 'App\\Models\\Member', 19, 'Carbaba', '9dff1971b519c436caaaacc803eb9b98df52b5f5887b2b59c466528d2773bc3b', '[\"*\"]', '2025-07-16 11:42:21', NULL, '2025-07-16 11:31:20', '2025-07-16 11:42:21'),
(825, 'App\\Models\\Member', 19, 'Carbaba', 'a87a137520dfff94dbd33b831edf505efccfcf4034424e8b2139d6c0506b01eb', '[\"*\"]', '2025-07-16 15:26:24', NULL, '2025-07-16 13:59:38', '2025-07-16 15:26:24'),
(826, 'App\\Models\\Member', 19, 'Carbaba', '56129bec7da8df9a0c0250f3da2149b157f162eb3cb7ca5bfeb306867bdc7004', '[\"*\"]', '2025-07-17 09:14:33', NULL, '2025-07-17 06:03:38', '2025-07-17 09:14:33'),
(827, 'App\\Models\\Member', 19, 'Carbaba', '923c1c2190c6e4e2e70368a60d66b2106f65e4e8116d1684f02b6da8975aea71', '[\"*\"]', '2025-07-17 08:01:27', NULL, '2025-07-17 06:29:17', '2025-07-17 08:01:27'),
(828, 'App\\Models\\Member', 19, 'Carbaba', 'e1df58cc6adcbd33d467c705dba473a593fd64205afa21d74d5606bbfce5cafc', '[\"*\"]', '2025-07-17 14:39:58', NULL, '2025-07-17 09:14:41', '2025-07-17 14:39:58'),
(829, 'App\\Models\\Member', 19, 'Carbaba', 'e8cd1125fbdd83d0a59bbc156d503dc9853bf33504deed6e9a22c12cdd805f41', '[\"*\"]', '2025-07-17 15:48:17', NULL, '2025-07-17 14:40:59', '2025-07-17 15:48:17'),
(830, 'App\\Models\\Member', 19, 'Carbaba', 'fa3028bee7db51b2d31a00ea7ca73a08b6568564587081ac7a59754b005adf2d', '[\"*\"]', '2025-07-18 08:37:21', NULL, '2025-07-18 04:37:51', '2025-07-18 08:37:21'),
(831, 'App\\Models\\Member', 19, 'Carbaba', 'ee92e820eb3b593b1f4647d1bdabbfb176aeaf6de64042e719e975c2491082c1', '[\"*\"]', '2025-07-18 10:03:34', NULL, '2025-07-18 04:46:01', '2025-07-18 10:03:34'),
(832, 'App\\Models\\Member', 19, 'Carbaba', 'ee23ee91ea1f54dccfa7cba3f63c89441b844dfdc7c4a1718a9cb7484300656b', '[\"*\"]', '2025-07-21 05:43:39', NULL, '2025-07-21 05:43:26', '2025-07-21 05:43:39'),
(833, 'App\\Models\\Member', 19, 'Carbaba', 'd981e9e30f6a9c6074f9eaece885975d261a093486e787bd3b04078bd0717ebe', '[\"*\"]', '2025-07-21 15:11:50', NULL, '2025-07-21 12:54:45', '2025-07-21 15:11:50'),
(834, 'App\\Models\\Member', 19, 'Carbaba', 'f9a44abe9be97f2e49889c551fad105fb2c6d00309a6e9a08481bdfc50b0f19c', '[\"*\"]', '2025-07-22 08:18:56', NULL, '2025-07-22 08:18:36', '2025-07-22 08:18:56'),
(835, 'App\\Models\\Member', 19, 'Carbaba', '54cac3fb103ef08f76a1569471030c52e78020e847afca3bee95d25cb04c151f', '[\"*\"]', '2025-07-22 09:07:22', NULL, '2025-07-22 08:43:29', '2025-07-22 09:07:22'),
(836, 'App\\Models\\Member', 19, 'Carbaba', '01a1570037481b167ba6f9f18d3ead478407c01a2723e14e89f0aa7e0bc24977', '[\"*\"]', '2025-07-22 11:32:19', NULL, '2025-07-22 11:31:53', '2025-07-22 11:32:19'),
(837, 'App\\Models\\Member', 19, 'Carbaba', 'a328acd1114ae59219c29eef178e8e5fa3fc87d306d2f53de27487c9f9e5784d', '[\"*\"]', '2025-07-23 12:13:49', NULL, '2025-07-22 11:32:42', '2025-07-23 12:13:49'),
(838, 'App\\Models\\Member', 19, 'Carbaba', 'af73df9faa5a35311cad7af5c88902f9945c3c44c3cc1b8b5310f63716b1c284', '[\"*\"]', '2025-07-23 05:56:11', NULL, '2025-07-23 05:55:20', '2025-07-23 05:56:11'),
(839, 'App\\Models\\Member', 19, 'Carbaba', '4bfa616eed4fa24c9592695d13ab9db9407f8ca62582d33950bac7bcaa96a6ab', '[\"*\"]', '2025-07-23 12:16:06', NULL, '2025-07-23 08:08:04', '2025-07-23 12:16:06'),
(840, 'App\\Models\\Member', 19, 'Carbaba', 'd80b874c7d1f0e2bcfb4ec4e0d1684b8f3e06689e95d4833fa53919714106248', '[\"*\"]', '2025-07-24 06:07:26', NULL, '2025-07-24 06:07:16', '2025-07-24 06:07:26'),
(841, 'App\\Models\\Member', 19, 'Carbaba', 'd5153f5c97bc997a1e3de1f2fdc2e3d9ff2f637511c5075455238e7537407b82', '[\"*\"]', '2025-07-24 10:40:25', NULL, '2025-07-24 06:07:25', '2025-07-24 10:40:25');

-- --------------------------------------------------------

--
